000
CXUS53 KGRB 010640
CF6OSH
PRELIMINARY LOCAL CLIMATOLOGICAL DATA (WS FORM: F-6)

                                          STATION:   OSHKOSH WI
                                          MONTH:     FEBRUARY
                                          YEAR:      2015
                                          LATITUDE:   44  0 N
                                          LONGITUDE:  88 34 W

  TEMPERATURE IN F:       :PCPN:    SNOW:  WIND      :SUNSHINE: SKY     :PK WND
================================================================================
1   2   3   4   5  6A  6B    7    8   9   10  11  12  13   14  15   16   17  18
                                     12Z  AVG MX 2MIN
DY MAX MIN AVG DEP HDD CDD  WTR  SNW DPTH SPD SPD DIR MIN PSBL S-S WX    SPD DR
================================================================================

 1  20   8  14  -6  51   0 0.08  3.0    5 21.7 32  30   M    M  10 1289   45  40
 2  15   0   8 -12  57   0    T    T    5  8.3 20  20   M    M   3 8      23  30
 3  17   1   9 -11  56   0 0.04  1.4    6  4.6  9 220   M    M   5 18     13 210
 4  17   2  10 -10  55   0    T    T    6  9.1 20 320   M    M   2 18     25 320
 5  14  -6   4 -16  61   0 0.00  0.0    6 10.0 21 210   M    M   0        29 210
 6  27  11  19  -1  46   0 0.00  0.0    6  5.1 13 250   M    M   4        17 250
 7  34  16  25   5  40   0 0.00  0.0    6  3.7 12 130   M    M   3 18     16 130
 8  33  19  26   5  39   0    T    T    4 15.3 25  20   M    M  10 128    30  20
 9  23   9  16  -5  49   0    T    T    4  6.9 18  10   M    M   3 8      21  10
10  27   5  16  -5  49   0 0.09  1.5    5  5.4 16 130   M    M   7 18     21 130
11  30  13  22   1  43   0    T    T    5 14.1 25 290   M    M   9 18     33 290
12  13   1   7 -15  58   0    T    T    5 10.5 22 340   M    M   2 8      29 330
13  23  -3  10 -12  55   0    T    T    5  8.1 20 310   M    M   8 8      25 250
14  22  -4   9 -13  56   0 0.01  0.2    5 17.9 37 340   M    M   4 89     45 360
15   9  -6   2 -20  63   0 0.00  0.0    5  6.3 13  40   M    M   3        16 330
16  17   9  13  -9  52   0    T    T    4  4.8 12 210   M    M  10 8      14 200
17  15   4  10 -13  55   0    T    T    4 10.5 18 290   M    M   8 8      23 290
18   4  -9  -2 -25  67   0 0.00  0.0    4 13.2 22 290   M    M   6 8      30 300
19   4 -12  -4 -27  69   0 0.00  0.0    4  7.4 16 310   M    M   0        21 300
20  17 -11   3 -21  62   0    M    M    M 13.2 26 180   M    M   8 8      33 180
21  26  17  22  -2  43   0    M    M    M  5.8 16 340   M    M   8 8      21 330
22  18  -4   7 -17  58   0    M    M    M 11.1 20 290   M    M   3        24 290
23  10 -11   0 -24  65   0 0.00  0.0    M  9.7 18 220   M    M   0        26 200
24  33   9  21  -4  44   0    M    M    M 15.9 29 290   M    M   5        36 290
25  14   1   8 -17  57   0    M    M    M  3.2 14 330   M    M   5 8      17 330
26  13  -1   6 -19  59   0 0.00  0.0    M  9.3 20  30   M    M   3        25  30
27  18  -3   8 -18  57   0 0.00  0.0    M  7.1 14 210   M    M   0        18 250
28  18  -5   7 -19  58   0 0.00  0.0    M  7.6 17 200   M    M   2        22 210
================================================================================
SM  531   50      1524   0  0.22     6.1 265.8          M      131
================================================================================
AV 19.0  1.8                               9.5 FASTST   M    M   5    MAX(MPH)
                                 MISC ---->  # 37 340               # 45   40
================================================================================
NOTES:
# LAST OF SEVERAL OCCURRENCES

COLUMN 17 PEAK WIND IN M.P.H.

PRELIMINARY LOCAL CLIMATOLOGICAL DATA (WS FORM: F-6) , PAGE 2

                                          STATION:  OSHKOSH WI
                                          MONTH:    FEBRUARY
                                          YEAR:     2015
                                          LATITUDE:   44  0 N
                                          LONGITUDE:  88 34 W

[TEMPERATURE DATA]      [PRECIPITATION DATA]       SYMBOLS USED IN COLUMN 16

AVERAGE MONTHLY: 10.4   TOTAL FOR MONTH:   0.22    1 = FOG OR MIST
DPTR FM NORMAL: -11.9   DPTR FM NORMAL:   -0.62    2 = FOG REDUCING VISIBILITY
HIGHEST:    34 ON  7    GRTST 24HR  0.09 ON 10-10      TO 1/4 MILE OR LESS
LOWEST:    -12 ON 19                               3 = THUNDER
                        SNOW, ICE PELLETS, HAIL    4 = ICE PELLETS
                        TOTAL MONTH:   6.1 INCHES  5 = HAIL
                        GRTST 24HR   3.0 ON  1- 1  6 = FREEZING RAIN OR DRIZZLE
                        GRTST DEPTH:   6 ON  7, 6  7 = DUSTSTORM OR SANDSTORM:
                                                       VSBY 1/2 MILE OR LESS
                                                   8 = SMOKE OR HAZE
[NO. OF DAYS WITH]      [WEATHER - DAYS WITH]      9 = BLOWING SNOW
                                                   X = TORNADO
MAX 32 OR BELOW:  25    0.01 INCH OR MORE:   4
MAX 90 OR ABOVE:   0    0.10 INCH OR MORE:   0
MIN 32 OR BELOW:  28    0.50 INCH OR MORE:   0
MIN  0 OR BELOW:  13    1.00 INCH OR MORE:   0

[HDD (BASE 65) ]
TOTAL THIS MO.  1524    CLEAR  (SCALE 0-3)  12
DPTR FM NORMAL   330    PTCLDY (SCALE 4-7)  11
TOTAL FM JUL 1  5927    CLOUDY (SCALE 8-10)  5
DPTR FM NORMAL   393

[CDD (BASE 65) ]
TOTAL THIS MO.     0
DPTR FM NORMAL     0    [PRESSURE DATA]
TOTAL FM JAN 1     0    HIGHEST SLP M ON M
DPTR FM NORMAL     0    LOWEST  SLP 29.51 ON 24

[REMARKS]
#FINAL-02-15#
