000
CXUS56 KMFR 271000
CF6OTH
PRELIMINARY LOCAL CLIMATOLOGICAL DATA (WS FORM: F-6)

                                          STATION:   NORTH BEND OR
                                          MONTH:     JANUARY
                                          YEAR:      2015
                                          LATITUDE:   43 25 N
                                          LONGITUDE: 124 15 W

  TEMPERATURE IN F:       :PCPN:    SNOW:  WIND      :SUNSHINE: SKY     :PK WND
================================================================================
1   2   3   4   5  6A  6B    7    8   9   10  11  12  13   14  15   16   17  18
                                     12Z  AVG MX 2MIN
DY MAX MIN AVG DEP HDD CDD  WTR  SNW DPTH SPD SPD DIR MIN PSBL S-S WX    SPD DR
================================================================================

 1  54  30  42  -3  23   0 0.00    M    M  4.1 12  80   M    M   M        16  80
 2  52  32  42  -4  23   0 0.00    M    M  5.3 14 360   M    M   M         M  M
 3  54  37  46   0  19   0 0.00    M    M  5.4  9 160   M    M   M         M  M
 4  54  45  50   4  15   0 0.01    M    M  8.1 12 200   M    M  10        21 200
 5  57  46  52   6  13   0 0.00    M    M  4.4 12 180   M    M   M         M  M
 6  63  41  52   6  13   0 0.00    M    M  4.4  8 130   M    M   M         M  M
 7  64  41  53   7  12   0 0.00    M    M  5.0 10 130   M    M   0         M  M
 8  61  45  53   7  12   0 0.00    M    M  5.8  8 130   0    0   0         M  M
 9  63  46  55   9  10   0 0.00    M    M  4.3 12 280   M    M   5         M  M
10  54  43  49   3  16   0 0.06    M    M  4.6 10 330   0    0   0         M  M
11  52  41  47   1  18   0 0.04    M    M  4.0  7 140   0    0   0         M  M
12  55  48  52   6  13   0 0.17    M    M  2.0  7 230   M    M   0         M  M
13  61  43  52   6  13   0 0.00    M    M  4.7 13  90   0    0   0         M  M
14  59  43  51   5  14   0 0.00    M    M  6.1 10 160   0    0   0         M  M
15  59  45  52   6  13   0 0.59    M    M  9.4 24 210   M    M   9        31 210
16  57  48  53   7  12   0 0.05    M    M  4.4 13 270   M    M   5        22 250
17  63  50  57  11   8   0 0.80    M    M 14.4 25 210   M    M  10        38 210
18  59  48  54   8  11   0 0.13    M    M  8.1 18 230   M    M   8        30 230
19  55  45  50   4  15   0 0.04    M    M  5.6 13 360   M    M   M         M  M
20  54  36  45  -1  20   0 0.00    M    M  3.9 12 360   M    M   M         M  M
21  54  34  44  -2  21   0 0.00    M    M  1.8  6 300   M    M   M         M  M
22  61  45  53   7  12   0 0.00    M    M  4.3  9 130   M    M   0         M  M
23  61  46  54   8  11   0 0.00    M    M  4.7  9 130   M    M   M         M  M
24  63  45  54   8  11   0 0.00    M    M  4.0  9 340   0    0   0         M  M
25  70  43  57  11   8   0 0.00    M    M  4.7 12 140   0    0   0         M  M
26  59  45  52   6  13   0 0.00    M    M  3.7  8 120   0    0   0         M  M
================================================================================
SM 1518 1111       369   0  1.89    M    137.2            0     47
================================================================================
AV 58.4 42.7                               5.3 FASTST    0   0   3    MAX(MPH)
                                 MISC ---->    25   M               # 38  210
================================================================================
NOTES:
# LAST OF SEVERAL OCCURRENCES

COLUMN 17 PEAK WIND IN M.P.H.

PRELIMINARY LOCAL CLIMATOLOGICAL DATA (WS FORM: F-6) , PAGE 2

                                          STATION:  NORTH BEND OR
                                          MONTH:    JANUARY
                                          YEAR:     2015
                                          LATITUDE:   43 25 N
                                          LONGITUDE: 124 15 W

[TEMPERATURE DATA]      [PRECIPITATION DATA]       SYMBOLS USED IN COLUMN 16

AVERAGE MONTHLY: 50.6   TOTAL FOR MONTH:   1.89    1 = FOG OR MIST
DPTR FM NORMAL:   4.6   DPTR FM NORMAL:   -6.86    2 = FOG REDUCING VISIBILITY
HIGHEST:    70 ON 25    GRTST 24HR  0.80 ON 17-17      TO 1/4 MILE OR LESS
LOWEST:     30 ON  1                               3 = THUNDER
                        SNOW, ICE PELLETS, HAIL    4 = ICE PELLETS
                        TOTAL MONTH:    M          5 = HAIL
                        GRTST 24HR    M  ON   M    6 = FREEZING RAIN OR DRIZZLE
                        GRTST DEPTH:  M  ON   M    7 = DUSTSTORM OR SANDSTORM:
                                                       VSBY 1/2 MILE OR LESS
                                                   8 = SMOKE OR HAZE
[NO. OF DAYS WITH]      [WEATHER - DAYS WITH]      9 = BLOWING SNOW
                                                   X = TORNADO
MAX 32 OR BELOW:   0    0.01 INCH OR MORE:   9
MAX 90 OR ABOVE:   0    0.10 INCH OR MORE:   4
MIN 32 OR BELOW:   2    0.50 INCH OR MORE:   2
MIN  0 OR BELOW:   0    1.00 INCH OR MORE:   0

[HDD (BASE 65) ]
TOTAL THIS MO.   369    CLEAR  (SCALE 0-3)  11
DPTR FM NORMAL  -127    PTCLDY (SCALE 4-7)   3
TOTAL FM JUL 1  1674    CLOUDY (SCALE 8-10)  3
DPTR FM NORMAL  -883

[CDD (BASE 65) ]
TOTAL THIS MO.     0
DPTR FM NORMAL     0    [PRESSURE DATA]
TOTAL FM JAN 1     0    HIGHEST SLP M ON M
DPTR FM NORMAL     0    LOWEST  SLP  0.00 ON 10

[REMARKS]
