000
CXUS53 KDMX 270920
CF6OTM
PRELIMINARY LOCAL CLIMATOLOGICAL DATA (WS FORM: F-6)

                                          STATION:   OTTUMWA IA
                                          MONTH:     FEBRUARY
                                          YEAR:      2017
                                          LATITUDE:   41  6 N
                                          LONGITUDE:  92 27 W

  TEMPERATURE IN F:       :PCPN:    SNOW:  WIND      :SUNSHINE: SKY     :PK WND
================================================================================
1   2   3   4   5  6A  6B    7    8   9   10  11  12  13   14  15   16   17  18
                                     12Z  AVG MX 2MIN
DY MAX MIN AVG DEP HDD CDD  WTR  SNW DPTH SPD SPD DIR MIN PSBL S-S WX    SPD DR
================================================================================

 1  39  24  32   9  33   0 0.00  0.0    M 14.3 24 320   M    M   6        28 320
 2  24  15  20  -4  45   0 0.00  0.0    M 11.3 23 320   M    M   2        27 320
 3  31  14  23  -1  42   0 0.00  0.0    0  7.6 15 340   M    M   3        18 310
 4  41  16  29   5  36   0 0.00  0.0    0 13.8 28 190   M    M   3        36 180
 5  39  25  32   8  33   0 0.00  0.0    0  8.4 18 320   M    M   3        23 330
 6  59  23  41  17  24   0 0.02  0.0    0  7.5 13 180   M    M   3 128    15 180
 7  46  24  35  11  30   0 0.01    M    0 14.0 28 310   M    M   9 123    36 310
 8  25  11  18  -7  47   0 0.03    M    M 14.6 24 340   M    M   7 128    27 340
 9  22   7  15 -10  50   0 0.00  0.0    M  8.5 15 160   M    M   2        18 160
10  58  19  39  14  26   0 0.00  0.0    M 12.9 23 220   M    M   0        31 220
11  57  33  45  19  20   0 0.00  0.0    0  7.8 16  30   M    M   0        20  40
12  49  25  37  11  28   0 0.00  0.0    0 15.6 33 320   M    M   2        40 320
13  52  22  37  11  28   0 0.00  0.0    0  8.9 17 230   M    M   2        21 240
14  54  30  42  16  23   0 0.00  0.0    0 14.3 25 320   M    M   0        30 330
15  43  24  34   7  31   0 0.00  0.0    0 10.6 22 330   M    M   0        27 320
16  65  25  45  18  20   0 0.00  0.0    0  7.8 17 260   M    M   0        22 250
17  74  41  58  30   7   0 0.00  0.0    0 12.2 23 210   M    M   0        29 220
18  67  32  50  22  15   0 0.00  0.0    0  5.5 12 240   M    M   0        13 350
19  74  32  53  25  12   0 0.00  0.0    0  9.5 20 170   M    M   0        24 150
20  65  56  61  32   4   0 0.07  0.0    0 12.1 24 170   M    M   6 13     30 170
21  70  36  53  24  12   0 0.00  0.0    M  5.9 12 330   M    M   0 12     30 320
22  79  43  61  31   4   0 0.00  0.0    0 14.3 26 240   M    M   0        37 230
23  51  38  45  15  20   0 0.01    M    M 14.1 24  70   M    M   6 13     32  70
24  40  24  32   2  33   0 0.02    M    M 16.5 28 320   M    M  10 1      36 330
25  33  17  25  -6  40   0 0.00  0.0    M 12.7 22 320   M    M   2        28 310
26  51  29  40   9  25   0    T  0.0    M 11.6 26 230   M    M   6        34 230
================================================================================
SM 1308  685       688   0  0.16     0.0 292.3          M       72
================================================================================
AV 50.3 26.4                              11.2 FASTST   M    M   3    MAX(MPH)
                                 MISC ---->  # 33 320               # 40  320
================================================================================
NOTES:
# LAST OF SEVERAL OCCURRENCES

COLUMN 17 PEAK WIND IN M.P.H.

PRELIMINARY LOCAL CLIMATOLOGICAL DATA (WS FORM: F-6) , PAGE 2

                                          STATION:  OTTUMWA IA
                                          MONTH:    FEBRUARY
                                          YEAR:     2017
                                          LATITUDE:   41  6 N
                                          LONGITUDE:  92 27 W

[TEMPERATURE DATA]      [PRECIPITATION DATA]       SYMBOLS USED IN COLUMN 16

AVERAGE MONTHLY: 38.3   TOTAL FOR MONTH:   0.16    1 = FOG OR MIST
DPTR FM NORMAL:  11.6   DPTR FM NORMAL:   -0.99    2 = FOG REDUCING VISIBILITY
HIGHEST:    79 ON 22    GRTST 24HR  0.07 ON 20-20      TO 1/4 MILE OR LESS
LOWEST:      7 ON  9                               3 = THUNDER
                        SNOW, ICE PELLETS, HAIL    4 = ICE PELLETS
                        TOTAL MONTH:   0.0 INCH    5 = HAIL
                        GRTST 24HR     0.0         6 = FREEZING RAIN OR DRIZZLE
                        GRTST DEPTH:   0           7 = DUSTSTORM OR SANDSTORM:
                                                       VSBY 1/2 MILE OR LESS
                                                   8 = SMOKE OR HAZE
[NO. OF DAYS WITH]      [WEATHER - DAYS WITH]      9 = BLOWING SNOW
                                                   X = TORNADO
MAX 32 OR BELOW:   4    0.01 INCH OR MORE:   6
MAX 90 OR ABOVE:   0    0.10 INCH OR MORE:   0
MIN 32 OR BELOW:  20    0.50 INCH OR MORE:   0
MIN  0 OR BELOW:   0    1.00 INCH OR MORE:   0

[HDD (BASE 65) ]
TOTAL THIS MO.   688    CLEAR  (SCALE 0-3)  17
DPTR FM NORMAL  -307    PTCLDY (SCALE 4-7)   7
TOTAL FM JUL 1  3776    CLOUDY (SCALE 8-10)  2
DPTR FM NORMAL -1041

[CDD (BASE 65) ]
TOTAL THIS MO.     0
DPTR FM NORMAL     0    [PRESSURE DATA]
TOTAL FM JAN 1     0    HIGHEST SLP M ON M
DPTR FM NORMAL     0    LOWEST  SLP 29.43 ON  7

[REMARKS]
