000
CXUS56 KOTX 290900
CF6OTX
PRELIMINARY LOCAL CLIMATOLOGICAL DATA (WS FORM: F-6)

                                          STATION:   SPOKANE  WA WFO
                                          MONTH:     MARCH
                                          YEAR:      2017
                                          LATITUDE:   47 40 N
                                          LONGITUDE: 117 38 W

  TEMPERATURE IN F:       :PCPN:    SNOW:  WIND      :SUNSHINE: SKY     :PK WND
================================================================================
1   2   3   4   5  6A  6B    7    8   9   10  11  12  13   14  15   16   17  18
                                     12Z  AVG MX 2MIN
DY MAX MIN AVG DEP HDD CDD  WTR  SNW DPTH SPD SPD DIR MIN PSBL S-S WX    SPD DR
================================================================================

 1  41  28  35   1  30   0 0.00  0.0    7   M   M   M   M    M   M         M  M
 2  42  32  37   2  28   0 0.11    T    5   M   M   M   M    M   M         M  M
 3  43  32  38   3  27   0 0.16  0.0    4   M   M   M   M    M   M         M  M
 4  39  26  33  -2  32   0 0.00  0.0    4   M   M   M   M    M   M         M  M
 5  37  23  30  -6  35   0 0.06  1.1    4   M   M   M   M    M   M         M  M
 6  36  24  30  -6  35   0 0.03  0.1    4   M   M   M   M    M   M         M  M
 7  35  17  26 -10  39   0 0.52  3.5    4   M   M   M   M    M   M         M  M
 8  37  31  34  -2  31   0 0.02    T    8   M   M   M   M    M   M         M  M
 9  37  31  34  -3  31   0 0.31  0.3    7   M   M   M   M    M   M         M  M
10  51  33  42   5  23   0 0.00  0.0    1   M   M   M   M    M   M         M  M
11  49  33  41   3  24   0 0.14  0.0    1   M   M   M   M    M   M         M  M
12  50  37  44   6  21   0 0.00  0.0    0   M   M   M   M    M   M         M  M
13   M   M   M   M   M   M    M    M    M   M   M   M   M    M   M         M  M
14  60  39  50  12  15   0 0.37  0.0    0   M   M   M   M    M   M 12      M  M
15  56  45  51  12  14   0 0.04  0.0    0   M   M   M   M    M   M         M  M
16  47  30  39   0  26   0    T  0.0    0   M   M   M   M    M   M         M  M
17  48  28  38  -1  27   0 0.14  0.0    0   M   M   M   M    M   M         M  M
18  56  33  45   5  20   0 0.22  0.0    0   M   M   M   M    M   M         M  M
19  46  29  38  -2  27   0 0.00  0.0    0   M   M   M   M    M   M         M  M
20  50  27  39  -1  26   0    T  0.0    0   M   M   M   M    M   M         M  M
21  49  39  44   4  21   0 0.33  0.0    0   M   M   M   M    M   M 1       M  M
22  51  39  45   4  20   0    T  0.0    0   M   M   M   M    M   M         M  M
23  47  33  40  -1  25   0 0.00  0.0    0   M   M   M   M    M   M         M  M
24  44  35  40  -1  25   0 0.61  0.0    0   M   M   M   M    M   M         M  M
25  50  32  41  -1  24   0 0.00  0.0    0   M   M   M   M    M   M         M  M
26  48  29  39  -3  26   0 0.11  0.0    0   M   M   M   M    M   M         M  M
27  52  35  44   2  21   0 0.17  0.0    0   M   M   M   M    M   M         M  M
28  46  35  41  -1  24   0 0.03  0.0    0   M   M   M   M    M   M         M  M
================================================================================
SM 1247  855       697   0  3.37     5.0     M          M        M
================================================================================
AV 46.2 31.7                                 M FASTST   M    M -nan   MAX(MPH)
                                 MISC ---->     M   M                  M    M
================================================================================
NOTES:
# LAST OF SEVERAL OCCURRENCES

COLUMN 17 PEAK WIND IN M.P.H.

PRELIMINARY LOCAL CLIMATOLOGICAL DATA (WS FORM: F-6) , PAGE 2

                                          STATION:  SPOKANE  WA WFO
                                          MONTH:    MARCH
                                          YEAR:     2017
                                          LATITUDE:   47 40 N
                                          LONGITUDE: 117 38 W

[TEMPERATURE DATA]      [PRECIPITATION DATA]       SYMBOLS USED IN COLUMN 16

AVERAGE MONTHLY: 38.9   TOTAL FOR MONTH:   3.37    1 = FOG OR MIST
DPTR FM NORMAL:   0.5   DPTR FM NORMAL:    1.83    2 = FOG REDUCING VISIBILITY
HIGHEST:    60 ON 14    GRTST 24HR  0.61 ON 24-24      TO 1/4 MILE OR LESS
LOWEST:     17 ON  7                               3 = THUNDER
                        SNOW, ICE PELLETS, HAIL    4 = ICE PELLETS
                        TOTAL MONTH:   5.0 INCHES  5 = HAIL
                        GRTST 24HR   3.5 ON  7- 7  6 = FREEZING RAIN OR DRIZZLE
                        GRTST DEPTH:   8 ON  8     7 = DUSTSTORM OR SANDSTORM:
                                                       VSBY 1/2 MILE OR LESS
                                                   8 = SMOKE OR HAZE
[NO. OF DAYS WITH]      [WEATHER - DAYS WITH]      9 = BLOWING SNOW
                                                   X = TORNADO
MAX 32 OR BELOW:   0    0.01 INCH OR MORE:  17
MAX 90 OR ABOVE:   0    0.10 INCH OR MORE:  12
MIN 32 OR BELOW:  15    0.50 INCH OR MORE:   2
MIN  0 OR BELOW:   0    1.00 INCH OR MORE:   0

[HDD (BASE 65) ]
TOTAL THIS MO.   697    CLEAR  (SCALE 0-3)   0
DPTR FM NORMAL   -45    PTCLDY (SCALE 4-7)   0
TOTAL FM JUL 1  6066    CLOUDY (SCALE 8-10)  0
DPTR FM NORMAL   125

[CDD (BASE 65) ]
TOTAL THIS MO.     0
DPTR FM NORMAL     0    [PRESSURE DATA]
TOTAL FM JAN 1     0    HIGHEST SLP M ON M
DPTR FM NORMAL     0    LOWEST  SLP M ON M

[REMARKS]
