000
CXUS53 KARX 290930
CF6OVS
PRELIMINARY LOCAL CLIMATOLOGICAL DATA (WS FORM: F-6)

                                          STATION:   BOSCOBEL_(ASOS) WI
                                          MONTH:     JULY
                                          YEAR:      2015
                                          LATITUDE:   43  9 N
                                          LONGITUDE:  90 41 W

  TEMPERATURE IN F:       :PCPN:    SNOW:  WIND      :SUNSHINE: SKY     :PK WND
================================================================================
1   2   3   4   5  6A  6B    7    8   9   10  11  12  13   14  15   16   17  18
                                     12Z  AVG MX 2MIN
DY MAX MIN AVG DEP HDD CDD  WTR  SNW DPTH SPD SPD DIR MIN PSBL S-S WX    SPD DR
================================================================================

 1  72  49  61 -10   4   0 0.00  0.0    0  2.4  8  10   M    M   1 12     12  60
 2  76  49  63  -8   2   0 0.00  0.0    0  2.6  9  60   M    M   4 12     16  90
 3  78  52  65  -7   0   0 0.00  0.0    0  1.7  8 260   M    M   3 12     10 270
 4  84  54  69  -3   0   4 0.00  0.0    0  2.2 13 260   M    M   2 12     16 290
 5  86  57  72   0   0   7 0.00  0.0    0  4.1 13 200   M    M   4 128    20 180
 6  81  63  72   0   0   7 0.51  0.0    0  6.2 16 330   M    M   5 18     22 330
 7  72  53  63  -9   2   0 0.00  0.0    0  4.9 14 360   M    M   5 18     18  10
 8  75  50  63  -9   2   0 0.00  0.0    0  1.9  8 110   M    M   2 12     13 120
 9  80  51  66  -6   0   1 0.00  0.0    0  2.4  9 230   M    M   3 128    13 270
10  84  56  70  -2   0   5 0.00  0.0    0  1.5  9 210   M    M   5 128    12 220
11  80  60  70  -2   0   5 0.66  0.0    0  2.0 10 120   M    M   5 12     16 120
12  87  65  76   4   0  11 0.00  0.0    0  2.7  9 200   M    M   8 1      14 220
13  93  66  80   8   0  15 0.76  0.0    0  4.4 26 350   M    M   3 13     36 350
14  85  63  74   2   0   9 0.00  0.0    0  5.2 15  10   M    M   3 1      22  10
15  79  62  71  -1   0   6 0.00  0.0    0  2.2  8 120   M    M   3 1      11  70
16  73  60  67  -5   0   2 0.07  0.0    0  1.8  8  40   M    M   7 1      13 160
17  94  71  83  11   0  18 0.00  0.0    0  3.7 10 260   M    M   4 1      15 270
18  92  72  82  10   0  17    T  0.0    0  4.4 24 330   M    M   1 1      33 330
19  84  62  73   1   0   8 0.00  0.0    0  3.9 13 270   M    M   0 18     18 260
20  85  59  72   0   0   7 0.37  0.0    0  3.9 28 330   M    M   1 13     35 330
21  83  54  69  -3   0   4 0.00  0.0    0  2.8 13 310   M    M   1 12     18 320
22  84  55  70  -2   0   5 0.00  0.0    0  1.3  9 290   M    M   2 12     10 230
23  86  57  72   0   0   7 0.00  0.0    0  1.8  9 210   M    M   4 12     12 210
24  83  59  71  -1   0   6 0.16  0.0    0  3.5 29 190   M    M   5 123    42 200
25  91  65  78   6   0  13 0.00  0.0    0  3.0 12 340   M    M   1 1      16 340
26  84  65  75   3   0  10 0.01  0.0    0  1.9  9 100   M    M   3 1      15 110
27  90  63  77   5   0  12 0.00  0.0    0  2.7 10 120   M    M   3 12     14  80
28  84  67  76   4   0  11 0.17  0.0    0  2.7 12 220   M    M   2 1      16 220
================================================================================
SM 2325 1659        10 190  2.71     0.0  83.8          M       90
================================================================================
AV 83.0 59.2                               3.0 FASTST   M    M   3    MAX(MPH)
                                 MISC ---->  # 29 190               # 42  200
================================================================================
NOTES:
# LAST OF SEVERAL OCCURRENCES

COLUMN 17 PEAK WIND IN M.P.H.

PRELIMINARY LOCAL CLIMATOLOGICAL DATA (WS FORM: F-6) , PAGE 2

                                          STATION:  BOSCOBEL_(ASOS) WI
                                          MONTH:    JULY
                                          YEAR:     2015
                                          LATITUDE:   43  9 N
                                          LONGITUDE:  90 41 W

[TEMPERATURE DATA]      [PRECIPITATION DATA]       SYMBOLS USED IN COLUMN 16

AVERAGE MONTHLY: 71.1   TOTAL FOR MONTH:   2.71    1 = FOG OR MIST
DPTR FM NORMAL:  -0.8   DPTR FM NORMAL:   -1.26    2 = FOG REDUCING VISIBILITY
HIGHEST:    94 ON 17    GRTST 24HR  0.76 ON 13-13      TO 1/4 MILE OR LESS
LOWEST:     49 ON  2, 1                            3 = THUNDER
                        SNOW, ICE PELLETS, HAIL    4 = ICE PELLETS
                        TOTAL MONTH:   0.0 INCH    5 = HAIL
                        GRTST 24HR     0.0         6 = FREEZING RAIN OR DRIZZLE
                        GRTST DEPTH:   0           7 = DUSTSTORM OR SANDSTORM:
                                                       VSBY 1/2 MILE OR LESS
                                                   8 = SMOKE OR HAZE
[NO. OF DAYS WITH]      [WEATHER - DAYS WITH]      9 = BLOWING SNOW
                                                   X = TORNADO
MAX 32 OR BELOW:   0    0.01 INCH OR MORE:   8
MAX 90 OR ABOVE:   5    0.10 INCH OR MORE:   6
MIN 32 OR BELOW:   0    0.50 INCH OR MORE:   3
MIN  0 OR BELOW:   0    1.00 INCH OR MORE:   0

[HDD (BASE 65) ]
TOTAL THIS MO.    10    CLEAR  (SCALE 0-3)  15
DPTR FM NORMAL    10    PTCLDY (SCALE 4-7)  12
TOTAL FM JUL 1    10    CLOUDY (SCALE 8-10)  1
DPTR FM NORMAL    10

[CDD (BASE 65) ]
TOTAL THIS MO.   190
DPTR FM NORMAL   -16    [PRESSURE DATA]
TOTAL FM JAN 1   371    HIGHEST SLP M ON M
DPTR FM NORMAL     5    LOWEST  SLP 29.56 ON 13

[REMARKS]
