000
CXUS55 KRIW 010945
CF6P60
PRELIMINARY LOCAL CLIMATOLOGICAL DATA (WS FORM: F-6)

                                          STATION:   LAKE YELLOWSTONE WY
                                          MONTH:     JUNE
                                          YEAR:      2015
                                          LATITUDE:   44 32 N
                                          LONGITUDE: 110 25 W

  TEMPERATURE IN F:       :PCPN:    SNOW:  WIND      :SUNSHINE: SKY     :PK WND
================================================================================
1   2   3   4   5  6A  6B    7    8   9   10  11  12  13   14  15   16   17  18
                                     12Z  AVG MX 2MIN
DY MAX MIN AVG DEP HDD CDD  WTR  SNW DPTH SPD SPD DIR MIN PSBL S-S WX    SPD DR
================================================================================

 1  66  36  51   7  14   0 0.06    M    M  2.3 25 270   M    M   0        42 250
 2  60  30  45   1  20   0 0.00  0.0    M  3.2 17 290   M    M   0        28 290
 3  62  30  46   1  19   0 0.00  0.0    M  3.0  8 270   M    M   0        14 270
 4  63  32  48   3  17   0 0.00  0.0    M  2.2 13 270   M    M   0        22 250
 5  65  35  50   5  15   0 0.00  0.0    M  2.3 12 290   M    M   0        19 280
 6  64  35  50   4  15   0 0.04    M    M  2.1  8  60   M    M   0        16 320
 7  66  41  54   8  11   0 0.00  0.0    M  2.1  8  60   M    M   0        14 180
 8  73  41  57  11   8   0 0.00  0.0    0  3.1 12 240   M    M   0        16 210
 9  70  40  55   9  10   0 0.00  0.0    M  2.0 10 300   M    M   0        17 340
10  64  38  51   4  14   0 0.13    M    M  2.3 15 330   M    M   0        25 340
11  69  36  53   6  12   0 0.00  0.0    M  1.4  8 130   M    M   0        12  70
12  72  39  56   9   9   0 0.00  0.0    M  3.9 15 260   M    M   0        26 270
13  66  35  51   3  14   0 0.00  0.0    M  3.0 12 250   M    M   0        22 210
14  69  32  51   3  14   0 0.00  0.0    M  2.7 13 290   M    M   0        20 280
15  67  33  50   2  15   0 0.22    M    M  2.9 10  70   M    M   0        18 320
16  61  38  50   1  15   0 0.44    M    M  2.9 12 300   M    M   0        18 320
17  69  40  55   6  10   0 0.01    M    M  2.6 16 270   M    M   0        25 270
18  74  36  55   6  10   0 0.00  0.0    M  2.5 10 280   M    M   0        19 290
19  71  39  55   5  10   0 0.00  0.0    M  4.9 17 260   M    M   0        36 270
20  68  37  53   3  12   0 0.00  0.0    0  3.6 14 280   M    M   0        25 220
21  70  37  54   4  11   0 0.00  0.0    0  3.8 14 270   M    M   0        28 190
22  67  34  51   1  14   0 0.00  0.0    0  3.2 13 260   M    M   0        24 280
23  72  33  53   2  12   0 0.00  0.0    0  3.6 15 280   M    M   0        22 270
24  76  36  56   5   9   0 0.00  0.0    0  3.2 12 280   M    M   0        22 260
25  75  45  60   8   5   0 0.00  0.0    0  3.7 14 280   M    M   0        24 290
26  80  38  59   7   6   0 0.00  0.0    0  2.5 12 270   M    M   0        21 260
27  81  42  62  10   3   0 0.00  0.0    0  2.5 17 280   M    M   0        27 290
28  82  45  64  12   1   0 0.01  0.0    0  1.7 12 310   M    M   0        20 300
29  83  44  64  11   1   0 0.00  0.0    0  2.5 20 320   M    M   0        37 340
30  80  52  66  13   0   1 0.00  0.0    0  3.7 18 280   M    M   0        29 280
================================================================================
SM 2105 1129       326   1  0.91     0.0  85.4          M        0
================================================================================
AV 70.2 37.6                               2.8 FASTST   M    M   0    MAX(MPH)
                                 MISC ---->  # 25 270               # 42  250
================================================================================
NOTES:
# LAST OF SEVERAL OCCURRENCES

COLUMN 17 PEAK WIND IN M.P.H.

PRELIMINARY LOCAL CLIMATOLOGICAL DATA (WS FORM: F-6) , PAGE 2

                                          STATION:  LAKE YELLOWSTONE WY
                                          MONTH:    JUNE
                                          YEAR:     2015
                                          LATITUDE:   44 32 N
                                          LONGITUDE: 110 25 W

[TEMPERATURE DATA]      [PRECIPITATION DATA]       SYMBOLS USED IN COLUMN 16

AVERAGE MONTHLY: 53.9   TOTAL FOR MONTH:   0.91    1 = FOG OR MIST
DPTR FM NORMAL:   5.3   DPTR FM NORMAL:   -1.09    2 = FOG REDUCING VISIBILITY
HIGHEST:    83 ON 29    GRTST 24HR  0.56 ON 15-16      TO 1/4 MILE OR LESS
LOWEST:     30 ON  3, 2                            3 = THUNDER
                        SNOW, ICE PELLETS, HAIL    4 = ICE PELLETS
                        TOTAL MONTH:   0.0 INCH    5 = HAIL
                        GRTST 24HR     0.0         6 = FREEZING RAIN OR DRIZZLE
                        GRTST DEPTH:   0           7 = DUSTSTORM OR SANDSTORM:
                                                       VSBY 1/2 MILE OR LESS
                                                   8 = SMOKE OR HAZE
[NO. OF DAYS WITH]      [WEATHER - DAYS WITH]      9 = BLOWING SNOW
                                                   X = TORNADO
MAX 32 OR BELOW:   0    0.01 INCH OR MORE:   7
MAX 90 OR ABOVE:   0    0.10 INCH OR MORE:   3
MIN 32 OR BELOW:   4    0.50 INCH OR MORE:   0
MIN  0 OR BELOW:   0    1.00 INCH OR MORE:   0

[HDD (BASE 65) ]
TOTAL THIS MO.   326    CLEAR  (SCALE 0-3)  30
DPTR FM NORMAL  -167    PTCLDY (SCALE 4-7)   0
TOTAL FM JUL 1 10762    CLOUDY (SCALE 8-10)  0
DPTR FM NORMAL  -759

[CDD (BASE 65) ]
TOTAL THIS MO.     1
DPTR FM NORMAL     1    [PRESSURE DATA]
TOTAL FM JAN 1     1    HIGHEST SLP 30.31 ON 26
DPTR FM NORMAL     1    LOWEST  SLP 29.79 ON 12

[REMARKS]
#FINAL-06-15#
