000
CXUS55 KRIW 230945
CF6P60
PRELIMINARY LOCAL CLIMATOLOGICAL DATA (WS FORM: F-6)

                                          STATION:   LAKE YELLOWSTONE WY
                                          MONTH:     NOVEMBER
                                          YEAR:      2017
                                          LATITUDE:   44 32 N
                                          LONGITUDE: 110 25 W

  TEMPERATURE IN F:       :PCPN:    SNOW:  WIND      :SUNSHINE: SKY     :PK WND
================================================================================
1   2   3   4   5  6A  6B    7    8   9   10  11  12  13   14  15   16   17  18
                                     12Z  AVG MX 2MIN
DY MAX MIN AVG DEP HDD CDD  WTR  SNW DPTH SPD SPD DIR MIN PSBL S-S WX    SPD DR
================================================================================

 1  32  17  25  -4  40   0 0.37    M    M  7.8 20 270   M    M   0        34 280
 2  32  18  25  -4  40   0 0.24    M    M  2.3 12 280   M    M   0        21 250
 3  34  28  31   3  34   0 0.65    M    M  3.6  9 240   M    M   0        19 200
 4  32  19  26  -2  39   0 0.48    M    M  3.7 14 270   M    M   0        27 280
 5  23  17  20  -8  45   0 0.12    M    M  4.6 14 270   M    M   0        25 280
 6  23  -3  10 -17  55   0 0.46    M    M  4.0 12 270   M    M   0        22 280
 7  25  -5  10 -16  55   0 0.00    M    M  1.2  6 320   M    M   0        10 120
 8  25   0  13 -13  52   0 0.00  0.0    M  1.0  6 120   M    M   0         8 180
 9  37  19  28   2  37   0 0.01    M    M  1.3  7 250   M    M   0        12 280
10  34  23  29   4  36   0 0.09    M    M  3.3 12 270   M    M   0        20 280
11  31  10  21  -4  44   0 0.24    M    M  3.5 12 280   M    M   0        17 270
12  35   4  20  -4  45   0 0.00  0.0    M  0.8  6 320   M    M   0         9 140
13  41  13  27   3  38   0 0.00  0.0    M  2.1  7 270   M    M   0        13 230
14  31  14  23   0  42   0 0.23    M    M  4.9 18 300   M    M   0        31 270
15  35   4  20  -3  45   0 0.06    M    M  1.2  5 220   M    M   0         8 140
16  34  29  32  10  33   0 0.98    M    M  3.9 13 240   M    M   0        24 220
17  29   0  15  -7  50   0 0.28    M    M  4.5 15 280   M    M   0        25 290
18  21  -2  10 -11  55   0 0.00  0.0    M  1.7  7 270   M    M   0        12 210
19  28  10  19  -2  46   0 0.00    M    M  1.2  8 250   M    M   0        14 250
20  30  12  21   1  44   0 0.20    M    M  3.8 12 270   M    M   0        23 270
21  37  20  29   9  36   0 0.06    M    M  1.9  8 270   M    M   0        14 250
22  41  34  38  18  27   0 0.02    M    M  3.3 13 270   M    M   0        23 280
================================================================================
SM  690  281       938   0  4.49     0.0  65.6          M        0
================================================================================
AV 31.4 12.8                               3.0 FASTST   M    M   0    MAX(MPH)
                                 MISC ---->  # 20 270               # 34  280
================================================================================
NOTES:
# LAST OF SEVERAL OCCURRENCES

COLUMN 17 PEAK WIND IN M.P.H.

PRELIMINARY LOCAL CLIMATOLOGICAL DATA (WS FORM: F-6) , PAGE 2

                                          STATION:  LAKE YELLOWSTONE WY
                                          MONTH:    NOVEMBER
                                          YEAR:     2017
                                          LATITUDE:   44 32 N
                                          LONGITUDE: 110 25 W

[TEMPERATURE DATA]      [PRECIPITATION DATA]       SYMBOLS USED IN COLUMN 16

AVERAGE MONTHLY: 22.1   TOTAL FOR MONTH:   4.49    1 = FOG OR MIST
DPTR FM NORMAL:  -2.3   DPTR FM NORMAL:    2.96    2 = FOG REDUCING VISIBILITY
HIGHEST:    41 ON 22,13 GRTST 24HR  0.98 ON 16-16      TO 1/4 MILE OR LESS
LOWEST:     -5 ON  7                               3 = THUNDER
                        SNOW, ICE PELLETS, HAIL    4 = ICE PELLETS
                        TOTAL MONTH:   0.0 INCH    5 = HAIL
                        GRTST 24HR     0.0         6 = FREEZING RAIN OR DRIZZLE
                        GRTST DEPTH:  M  ON   M    7 = DUSTSTORM OR SANDSTORM:
                                                       VSBY 1/2 MILE OR LESS
                                                   8 = SMOKE OR HAZE
[NO. OF DAYS WITH]      [WEATHER - DAYS WITH]      9 = BLOWING SNOW
                                                   X = TORNADO
MAX 32 OR BELOW:  13    0.01 INCH OR MORE:  16
MAX 90 OR ABOVE:   0    0.10 INCH OR MORE:  11
MIN 32 OR BELOW:  21    0.50 INCH OR MORE:   2
MIN  0 OR BELOW:   5    1.00 INCH OR MORE:   0

[HDD (BASE 65) ]
TOTAL THIS MO.   938    CLEAR  (SCALE 0-3)  22
DPTR FM NORMAL    45    PTCLDY (SCALE 4-7)   0
TOTAL FM JUL 1  3064    CLOUDY (SCALE 8-10)  0
DPTR FM NORMAL   123

[CDD (BASE 65) ]
TOTAL THIS MO.     0
DPTR FM NORMAL     0    [PRESSURE DATA]
TOTAL FM JAN 1     0    HIGHEST SLP M ON M
DPTR FM NORMAL     0    LOWEST  SLP 29.53 ON  1

[REMARKS]
