000
CXUS56 KLKN 221009
CF6P68
PRELIMINARY LOCAL CLIMATOLOGICAL DATA (WS FORM: F-6)

                                          STATION:   EUREKA AIRPORT NV
                                          MONTH:     JUNE
                                          YEAR:      2017
                                          LATITUDE:   39 30 N
                                          LONGITUDE: 115 58 W

  TEMPERATURE IN F:       :PCPN:    SNOW:  WIND      :SUNSHINE: SKY     :PK WND
================================================================================
1   2   3   4   5  6A  6B    7    8   9   10  11  12  13   14  15   16   17  18
                                     12Z  AVG MX 2MIN
DY MAX MIN AVG DEP HDD CDD  WTR  SNW DPTH SPD SPD DIR MIN PSBL S-S WX    SPD DR
================================================================================

 1  80  39  60   4   5   0 0.00    M    M  9.1 24 200   M    M   M        32 200
 2  82  37  60   4   5   0 0.00    M    M  5.6 15 350   M    M   M        18  20
 3  89  46  68  12   0   3 0.00    M    M  8.2 25 170   M    M   M        32 150
 4  89  44  67  10   0   2 0.00    M    M  9.4 28 200   M    M   M        36 200
 5  84  40  62   5   3   0 0.00    M    M  6.2 15  10   M    M   M        20  10
 6  89  39  64   7   1   0 0.00    M    M  8.3 24 180   M    M   M        29 180
 7  91  48  70  12   0   5 0.00    M    M 12.9 29 190   M    M   M        38 210
 8  86  45  66   8   0   1 0.00    M    M 12.7 28 190   M    M   M        41 220
 9  79  40  60   2   5   0 0.00    M    M  5.8 23  40   M    M   M        28  30
10  79  36  58  -1   7   0 0.00    M    M  7.3 22 280   M    M   M        29 310
11  74  35  55  -4  10   0 0.00    M    M  8.7 29 170   M    M   M        41 170
12  52  33  43 -16  22   0 0.08    M    M 11.4 28 250   M    M   M        35 250
13  72  40  56  -4   9   0 0.00    M    M  7.6 17  30   M    M   M        23 280
14  82  35  59  -1   6   0 0.00    M    M  6.5 16 320   M    M   M        21 320
15  87  42  65   5   0   0 0.00    M    M  8.2 21 280   M    M   M        26 290
16  91  45  68   7   0   3 0.00    M    M  6.8 20 280   M    M   M        31 290
17  91  52  72  11   0   7 0.00    M    M  8.1 22 310   M    M   M        27 330
18  89  48  69   8   0   4 0.00    M    M  5.4 16 360   M    M   M        19 360
19  95  51  73  11   0   8 0.22    M    M  9.2 40 280   M    M   M        52 290
20  93  53  73  11   0   8 0.00    M    M  6.7 24  20   M    M   M        36 190
21  96  49  73  11   0   8 0.00    M    M  7.7 24 310   M    M   M        33 310
================================================================================
SM 1770  897        73  49  0.30    M    171.8          M        M
================================================================================
AV 84.3 42.7                               8.2 FASTST   M    M   0    MAX(MPH)
                                 MISC ---->  # 40 280               # 52  290
================================================================================
NOTES:
# LAST OF SEVERAL OCCURRENCES

COLUMN 17 PEAK WIND IN M.P.H.

PRELIMINARY LOCAL CLIMATOLOGICAL DATA (WS FORM: F-6) , PAGE 2

                                          STATION:  EUREKA AIRPORT NV
                                          MONTH:    JUNE
                                          YEAR:     2017
                                          LATITUDE:   39 30 N
                                          LONGITUDE: 115 58 W

[TEMPERATURE DATA]      [PRECIPITATION DATA]       SYMBOLS USED IN COLUMN 16

AVERAGE MONTHLY: 63.5   TOTAL FOR MONTH:   0.30    1 = FOG OR MIST
DPTR FM NORMAL:   4.5   DPTR FM NORMAL:   -0.39    2 = FOG REDUCING VISIBILITY
HIGHEST:    96 ON 21    GRTST 24HR  0.22 ON 19-19      TO 1/4 MILE OR LESS
LOWEST:     33 ON 12                               3 = THUNDER
                        SNOW, ICE PELLETS, HAIL    4 = ICE PELLETS
                        TOTAL MONTH:    M          5 = HAIL
                        GRTST 24HR    M  ON   M    6 = FREEZING RAIN OR DRIZZLE
                        GRTST DEPTH:  M  ON   M    7 = DUSTSTORM OR SANDSTORM:
                                                       VSBY 1/2 MILE OR LESS
                                                   8 = SMOKE OR HAZE
[NO. OF DAYS WITH]      [WEATHER - DAYS WITH]      9 = BLOWING SNOW
                                                   X = TORNADO
MAX 32 OR BELOW:   0    0.01 INCH OR MORE:   2
MAX 90 OR ABOVE:   6    0.10 INCH OR MORE:   1
MIN 32 OR BELOW:   0    0.50 INCH OR MORE:   0
MIN  0 OR BELOW:   0    1.00 INCH OR MORE:   0

[HDD (BASE 65) ]
TOTAL THIS MO.    73    CLEAR  (SCALE 0-3)   0
DPTR FM NORMAL   -65    PTCLDY (SCALE 4-7)   0
TOTAL FM JUL 1  6622    CLOUDY (SCALE 8-10)  0
DPTR FM NORMAL  -732

[CDD (BASE 65) ]
TOTAL THIS MO.    49
DPTR FM NORMAL    35    [PRESSURE DATA]
TOTAL FM JAN 1    49    HIGHEST SLP M ON M
DPTR FM NORMAL    32    LOWEST  SLP 29.45 ON 11

[REMARKS]
