000
CXUS53 KPAH 280637
CF6PAH
PRELIMINARY LOCAL CLIMATOLOGICAL DATA (WS FORM: F-6)

                                          STATION:   PADUCAH KY
                                          MONTH:     MARCH
                                          YEAR:      2015
                                          LATITUDE:   37  4 N
                                          LONGITUDE:  88 46 W

  TEMPERATURE IN F:       :PCPN:    SNOW:  WIND      :SUNSHINE: SKY     :PK WND
================================================================================
1   2   3   4   5  6A  6B    7    8   9   10  11  12  13   14  15   16   17  18
                                     12Z  AVG MX 2MIN
DY MAX MIN AVG DEP HDD CDD  WTR  SNW DPTH SPD SPD DIR MIN PSBL S-S WX    SPD DR
================================================================================

 1  40  32  36  -8  29   0 0.07  0.0    3  6.7 16 360   M    M  10 168    19 350
 2  40  26  33 -11  32   0 0.00  0.0    2  9.5 16  50   M    M   3        25 220
 3  54  35  45   1  20   0 1.28  0.0    1  8.0 20 230   M    M  10 128    26 240
 4  47  19  33 -12  32   0 2.31  8.1    0 14.8 24  20   M    M  10 1246   34  40
 5  27   4  16 -29  49   0 0.05  4.0   10 11.6 21  20   M    M   4 1      30  20
 6  30  -6  12 -33  53   0 0.00  0.0    9  3.9 13 210   M    M   0        18 230
 7  48  20  34 -12  31   0 0.00  0.0    5  8.2 16 220   M    M   0        21 230
 8  50  26  38  -8  27   0 0.00  0.0    3  4.7 14 220   M    M   3        24 210
 9  51  40  46   0  19   0 0.13  0.0    0  3.4  9 140   M    M  10 1      11 140
10  56  47  52   6  13   0 1.61  0.0    0  4.7 12 100   M    M  10 12     24 320
11  66  42  54   7  11   0 0.00  0.0    0  4.2 14  40   M    M   5 1      17  60
12  70  36  53   6  12   0 0.01  0.0    0  7.8 21 110   M    M   4 18     24 110
13  60  54  57  10   8   0 2.11  0.0    0  8.2 14 170   M    M  10 1      20 170
14  58  49  54   6  11   0 0.38  0.0    0  4.7 13 350   M    M   7 1      16  10
15  70  37  54   6  11   0 0.00  0.0    0  2.8 10 260   M    M   0 12     13 280
16  74  38  56   8   9   0 0.00  0.0    0  8.5 21 240   M    M   0        25 240
17  62  44  53   4  12   0 0.00  0.0    0 15.1 25  30   M    M   0        30  20
18  49  40  45  -4  20   0    T    T    0 11.3 20  70   M    M   5 4      24  60
19  50  40  45  -4  20   0 0.10    M    0  5.4 12  60   M    M  10 1      15  80
20  52  38  45  -5  20   0 0.03  0.0    0  2.4 13 350   M    M   9 18     15 350
21  68  36  52   2  13   0 0.00  0.0    0  3.5 12 230   M    M   1 128    13 240
22  64  44  54   4  11   0 0.00  0.0    0  4.5 13  70   M    M   0        16 100
23  72  36  54   4  11   0 0.00  0.0    0  4.0 14 240   M    M   0        19 270
24  67  41  54   3  11   0 0.00  0.0    0  9.0 16 110   M    M   1        23 210
25  78  53  66  15   0   1 0.30  0.0    0  8.8 20  30   M    M   4 13     26 310
26  53  32  43  -9  22   0 0.35  0.0    0  9.1 20  10   M    M   6 13     24  20
27  43  28  36 -16  29   0    T    T    0  8.3 20 350   M    M   7        24 330
================================================================================
SM 1499  931       536   1  8.73    12.1 193.1          M      129
================================================================================
AV 55.5 34.5                               7.2 FASTST   M    M   5    MAX(MPH)
                                 MISC ---->  # 25  30               # 34   40
================================================================================
NOTES:
# LAST OF SEVERAL OCCURRENCES

COLUMN 17 PEAK WIND IN M.P.H.

PRELIMINARY LOCAL CLIMATOLOGICAL DATA (WS FORM: F-6) , PAGE 2

                                          STATION:  PADUCAH KY
                                          MONTH:    MARCH
                                          YEAR:     2015
                                          LATITUDE:   37  4 N
                                          LONGITUDE:  88 46 W

[TEMPERATURE DATA]      [PRECIPITATION DATA]       SYMBOLS USED IN COLUMN 16

AVERAGE MONTHLY: 45.0   TOTAL FOR MONTH:   8.73    1 = FOG OR MIST
DPTR FM NORMAL:  -2.7   DPTR FM NORMAL:    5.38    2 = FOG REDUCING VISIBILITY
HIGHEST:    78 ON 25    GRTST 24HR  2.31 ON  4- 4      TO 1/4 MILE OR LESS
LOWEST:     -6 ON  6                               3 = THUNDER
                        SNOW, ICE PELLETS, HAIL    4 = ICE PELLETS
                        TOTAL MONTH:  12.1 INCHES  5 = HAIL
                        GRTST 24HR   8.1 ON   M    6 = FREEZING RAIN OR DRIZZLE
                        GRTST DEPTH:  10 ON  5     7 = DUSTSTORM OR SANDSTORM:
                                                       VSBY 1/2 MILE OR LESS
                                                   8 = SMOKE OR HAZE
[NO. OF DAYS WITH]      [WEATHER - DAYS WITH]      9 = BLOWING SNOW
                                                   X = TORNADO
MAX 32 OR BELOW:   2    0.01 INCH OR MORE:  13
MAX 90 OR ABOVE:   0    0.10 INCH OR MORE:   9
MIN 32 OR BELOW:   9    0.50 INCH OR MORE:   4
MIN  0 OR BELOW:   1    1.00 INCH OR MORE:   4

[HDD (BASE 65) ]
TOTAL THIS MO.   536    CLEAR  (SCALE 0-3)  11
DPTR FM NORMAL    64    PTCLDY (SCALE 4-7)   8
TOTAL FM JUL 1  4205    CLOUDY (SCALE 8-10)  8
DPTR FM NORMAL   437

[CDD (BASE 65) ]
TOTAL THIS MO.     1
DPTR FM NORMAL     1    [PRESSURE DATA]
TOTAL FM JAN 1     1    HIGHEST SLP M ON M
DPTR FM NORMAL     1    LOWEST  SLP 29.82 ON  3

[REMARKS]
