000
CXUS54 KLZK 291130
CF6PBF
PRELIMINARY LOCAL CLIMATOLOGICAL DATA (WS FORM: F-6)

                                          STATION:   Pine Bluff
                                          MONTH:     MAY
                                          YEAR:      2017
                                          LATITUDE:   34 10 N
                                          LONGITUDE:  91 56 W

  TEMPERATURE IN F:       :PCPN:    SNOW:  WIND      :SUNSHINE: SKY     :PK WND
================================================================================
1   2   3   4   5  6A  6B    7    8   9   10  11  12  13   14  15   16   17  18
                                     12Z  AVG MX 2MIN
DY MAX MIN AVG DEP HDD CDD  WTR  SNW DPTH SPD SPD DIR MIN PSBL S-S WX    SPD DR
================================================================================

 1  73  48  61  -6   4   0 0.00  0.0    0 12.2 24 220   M    M   0        32 280
 2  76  48  62  -6   3   0 0.00  0.0    0  4.9 12 210   M    M   0        14 180
 3  76  56  66  -2   0   1 1.88  0.0    0  7.5 30 110   M    M   4 13     36 120
 4  61  50  56 -12   9   0 0.19  0.0    0 11.8 25 320   M    M   9 13     35 320
 5  74  49  62  -6   3   0 0.00  0.0    0 10.6 24 340   M    M   0        30 340
 6  80  48  64  -5   1   0 0.00  0.0    0  6.6 16 300   M    M   0        20 270
 7  81  55  68  -1   0   3 0.00  0.0    0  4.6 16 100   M    M   0        19 110
 8  85  57  71   2   0   6 0.00  0.0    0  4.3 13 190   M    M   0        15 190
 9  84  60  72   2   0   7 0.00  0.0    0  6.6 18 200   M    M   0 1      22 200
10  84  65  75   5   0  10    T  0.0    0  7.3 16 200   M    M   0        22 210
11  83  64  74   4   0   9 1.26  0.0    0  8.1 30 330   M    M   3 13     41 330
12  72  62  67  -3   0   2 1.58  0.0    0  8.8 22 360   M    M   8 13     29  10
13  76  58  67  -4   0   2 0.00  0.0    0  8.4 18  10   M    M   1        23  20
14  82  55  69  -2   0   4 0.00  0.0    0  1.6 10 100   M    M   0 1      15 100
15  84  59  72   1   0   7 0.00  0.0    0  4.3 13 180   M    M   1 1      19 220
16  86  62  74   2   0   9 0.00  0.0    0  9.1 21 190   M    M   1        27 170
17  84  67  76   4   0  11    T  0.0    0 12.9 28 180   M    M   4        36 170
18  87  71  79   7   0  14 0.00  0.0    0 11.0 18 190   M    M   5        22 190
19  89  71  80   8   0  15    T  0.0    0  9.1 17 140   M    M   4 3      22 170
20  78  65  72  -1   0   7 0.52  0.0    0  7.5 25  20   M    M   5 13     32  20
21  78  59  69  -4   0   4 0.54  0.0    0  6.7 16 340   M    M   5 13     21 340
22  68  58  63 -10   2   0    T  0.0    0  2.9 13  70   M    M   5        16  60
23  78  60  69  -5   0   4 0.25  0.0    0  5.6 17 300   M    M   6 13     23 300
24  70  55  63 -11   2   0 0.20  0.0    0  9.2 21 270   M    M   6 13     27 300
25  80  50  65  -9   0   0 0.00  0.0    0  6.9 16 180   M    M   0        20 170
26  83  66  75   1   0  10 0.00  0.0    0 12.9 23 190   M    M   6        32 200
27  89  74  82   7   0  17 0.00  0.0    0 10.8 18 200   M    M   6        24 200
28  82  65  74  -1   0   9 1.96  0.0    0  5.1 32  50   M    M   6 13     45  50
================================================================================
SM 2223 1657        24 151  8.38     0.0 217.3          M       85
================================================================================
AV 79.4 59.2                               7.8 FASTST   M    M   3    MAX(MPH)
                                 MISC ---->  # 32  50               # 45   50
================================================================================
NOTES:
# LAST OF SEVERAL OCCURRENCES

COLUMN 17 PEAK WIND IN M.P.H.

PRELIMINARY LOCAL CLIMATOLOGICAL DATA (WS FORM: F-6) , PAGE 2

                                          STATION:  Pine Bluff
                                          MONTH:    MAY
                                          YEAR:     2017
                                          LATITUDE:   34 10 N
                                          LONGITUDE:  91 56 W

[TEMPERATURE DATA]      [PRECIPITATION DATA]       SYMBOLS USED IN COLUMN 16

AVERAGE MONTHLY: 69.3   TOTAL FOR MONTH:   8.38    1 = FOG OR MIST
DPTR FM NORMAL:  -1.9   DPTR FM NORMAL:    3.81    2 = FOG REDUCING VISIBILITY
HIGHEST:    89 ON 27,19 GRTST 24HR  1.96 ON 28-28      TO 1/4 MILE OR LESS
LOWEST:     48 ON  6, 2                            3 = THUNDER
                        SNOW, ICE PELLETS, HAIL    4 = ICE PELLETS
                        TOTAL MONTH:   0.0 INCH    5 = HAIL
                        GRTST 24HR     0.0         6 = FREEZING RAIN OR DRIZZLE
                        GRTST DEPTH:   0           7 = DUSTSTORM OR SANDSTORM:
                                                       VSBY 1/2 MILE OR LESS
                                                   8 = SMOKE OR HAZE
[NO. OF DAYS WITH]      [WEATHER - DAYS WITH]      9 = BLOWING SNOW
                                                   X = TORNADO
MAX 32 OR BELOW:   0    0.01 INCH OR MORE:   9
MAX 90 OR ABOVE:   0    0.10 INCH OR MORE:   9
MIN 32 OR BELOW:   0    0.50 INCH OR MORE:   6
MIN  0 OR BELOW:   0    1.00 INCH OR MORE:   4

[HDD (BASE 65) ]
TOTAL THIS MO.    24    CLEAR  (SCALE 0-3)  14
DPTR FM NORMAL     9    PTCLDY (SCALE 4-7)  13
TOTAL FM JUL 1  2034    CLOUDY (SCALE 8-10)  1
DPTR FM NORMAL  -845

[CDD (BASE 65) ]
TOTAL THIS MO.   151
DPTR FM NORMAL   -39    [PRESSURE DATA]
TOTAL FM JAN 1   310    HIGHEST SLP M ON M
DPTR FM NORMAL    33    LOWEST  SLP 29.59 ON  1

[REMARKS]
ALL SNOWFALL DATA IS FROM THE PINE BLUFF WATER PLANT SITE
