000
CXUS52 KFFC 271110
CF6PDK
PRELIMINARY LOCAL CLIMATOLOGICAL DATA (WS FORM: F-6)

                                          STATION:   DEKALB PEACHTREE AIRPORT
                                          MONTH:     MAY
                                          YEAR:      2017
                                          LATITUDE:   33 52 N
                                          LONGITUDE:  84 18 W

  TEMPERATURE IN F:       :PCPN:    SNOW:  WIND      :SUNSHINE: SKY     :PK WND
================================================================================
1   2   3   4   5  6A  6B    7    8   9   10  11  12  13   14  15   16   17  18
                                     12Z  AVG MX 2MIN
DY MAX MIN AVG DEP HDD CDD  WTR  SNW DPTH SPD SPD DIR MIN PSBL S-S WX    SPD DR
================================================================================

 1  75  60  68   3   0   3 0.17  0.0    0 10.3 28 180   M    M   4 18     37 200
 2  79  51  65  -1   0   0 0.00  0.0    0  7.5 21 270   M    M   0        26 280
 3  83  49  66   0   0   1 0.00  0.0    0  3.2 13 180   M    M   0        18 150
 4  72  55  64  -2   1   0 0.89  0.0    0  6.8 22 280   M    M   9 13     33 100
 5  55  48  52 -14  13   0 0.14  0.0    0 11.2 22 310   M    M   9 18     32 310
 6  73  46  60  -7   5   0 0.01  0.0    0 11.5 25 240   M    M   4        34 270
 7  69  48  59  -8   6   0 0.00  0.0    0  7.0 17 320   M    M   1        24 310
 8  78  45  62  -5   3   0 0.00  0.0    0  5.1 17 330   M    M   0 8      23 280
 9  85  53  69   1   0   4 0.00  0.0    0  6.4 16 240   M    M   0        22 300
10  87  60  74   6   0   9 0.00  0.0    0  6.9 15 310   M    M   0 8      20 350
11  86  63  75   7   0  10 0.00  0.0    0  8.3 17 250   M    M   0        24 300
12  82  63  73   5   0   8    T  0.0    0  5.8 24 310   M    M   3 138    30 310
13  77  60  69   0   0   4 0.15  0.0    0  5.0 15 320   M    M   6 13     19 320
14  84  53  69   0   0   4 0.00  0.0    0  2.8  9 290   M    M   0 1      12 290
15  89  56  73   4   0   8 0.00  0.0    0  2.8 10 340   M    M   0        16 270
16  91  60  76   7   0  11 0.00  0.0    0  3.1 14 200   M    M   0 18     17 210
17  89  65  77   7   0  12 0.00  0.0    0  5.9 15 190   M    M   1        21 160
18  89  71  80  10   0  15 0.00  0.0    0  4.1 12 180   M    M   6        20 150
19  90  68  79   9   0  14 0.00  0.0    0  4.4 12 160   M    M   3        17 150
20  88  67  78   8   0  13 0.17  0.0    0  5.4 30 160   M    M   2 13     41 160
21  82  67  75   4   0  10 0.86  0.0    0  4.1 13 280   M    M   6 13     16 260
22  80  66  73   2   0   8 0.30  0.0    0  2.4 12 260   M    M   5 13     14 140
23  75  62  69  -2   0   4 0.75  0.0    0  5.1 18 290   M    M   8 13     24 290
24  79  60  70  -2   0   5 0.05  0.0    0  8.6 23 250   M    M   7        29 250
25  73  56  65  -7   0   0 0.01  0.0    0 10.1 22 260   M    M   6        29 270
26  84  52  68  -4   0   3 0.00  0.0    0  5.6 15 280   M    M   0        24 210
================================================================================
SM 2094 1504        28 146  3.50     0.0 159.4          M       80
================================================================================
AV 80.5 57.9                               6.1 FASTST   M    M   3    MAX(MPH)
                                 MISC ---->  # 30 160               # 41  160
================================================================================
NOTES:
# LAST OF SEVERAL OCCURRENCES

COLUMN 17 PEAK WIND IN M.P.H.

PRELIMINARY LOCAL CLIMATOLOGICAL DATA (WS FORM: F-6) , PAGE 2

                                          STATION:  DEKALB PEACHTREE AIRPORT
                                          MONTH:    MAY
                                          YEAR:     2017
                                          LATITUDE:   33 52 N
                                          LONGITUDE:  84 18 W

[TEMPERATURE DATA]      [PRECIPITATION DATA]       SYMBOLS USED IN COLUMN 16

AVERAGE MONTHLY: 69.2   TOTAL FOR MONTH:   3.50    1 = FOG OR MIST
DPTR FM NORMAL:   0.5   DPTR FM NORMAL:    0.10    2 = FOG REDUCING VISIBILITY
HIGHEST:    91 ON 16    GRTST 24HR  0.89 ON  4- 4      TO 1/4 MILE OR LESS
LOWEST:     45 ON  8                               3 = THUNDER
                        SNOW, ICE PELLETS, HAIL    4 = ICE PELLETS
                        TOTAL MONTH:   0.0 INCH    5 = HAIL
                        GRTST 24HR     0.0         6 = FREEZING RAIN OR DRIZZLE
                        GRTST DEPTH:   0           7 = DUSTSTORM OR SANDSTORM:
                                                       VSBY 1/2 MILE OR LESS
                                                   8 = SMOKE OR HAZE
[NO. OF DAYS WITH]      [WEATHER - DAYS WITH]      9 = BLOWING SNOW
                                                   X = TORNADO
MAX 32 OR BELOW:   0    0.01 INCH OR MORE:  11
MAX 90 OR ABOVE:   2    0.10 INCH OR MORE:   8
MIN 32 OR BELOW:   0    0.50 INCH OR MORE:   3
MIN  0 OR BELOW:   0    1.00 INCH OR MORE:   0

[HDD (BASE 65) ]
TOTAL THIS MO.    28    CLEAR  (SCALE 0-3)  15
DPTR FM NORMAL     1    PTCLDY (SCALE 4-7)   8
TOTAL FM JUL 1  2057    CLOUDY (SCALE 8-10)  3
DPTR FM NORMAL  -885

[CDD (BASE 65) ]
TOTAL THIS MO.   146
DPTR FM NORMAL    24    [PRESSURE DATA]
TOTAL FM JAN 1   272    HIGHEST SLP M ON M
DPTR FM NORMAL   101    LOWEST  SLP 29.43 ON 24

[REMARKS]
