391
CXUS52 KFFC 291110
CF6PDK
PRELIMINARY LOCAL CLIMATOLOGICAL DATA (WS FORM: F-6)

                                          STATION:   DEKALB PEACHTREE AIRPORT
                                          MONTH:     JULY
                                          YEAR:      2016
                                          LATITUDE:   33 52 N
                                          LONGITUDE:  84 18 W

  TEMPERATURE IN F:       :PCPN:    SNOW:  WIND      :SUNSHINE: SKY     :PK WND
================================================================================
1   2   3   4   5  6A  6B    7    8   9   10  11  12  13   14  15   16   17  18
                                     12Z  AVG MX 2MIN
DY MAX MIN AVG DEP HDD CDD  WTR  SNW DPTH SPD SPD DIR MIN PSBL S-S WX    SPD DR
================================================================================

 1  96  73  85   6   0  20 0.00    M    M  6.4 14 280   M    M   4        20 270
 2  99  70  85   6   0  20 0.00    M    M  3.8 16 230   M    M   1        21 250
 3  99  71  85   6   0  20 0.40    M    M  4.1 28 250   M    M   2 3      36 240
 4  96  75  86   7   0  21    T    M    M  9.3 22 220   M    M   1        26 220
 5  89  75  82   2   0  17 0.09    M    M  7.8 24 320   M    M   3 3      29 320
 6  90  70  80   0   0  15 0.40    M    M  6.3 37 320   M    M   4 3      50 320
 7  94  71  83   3   0  18 0.00  0.0    M  9.2 20 270   M    M   3        25 250
 8  97  78  88   8   0  23 0.00  0.0    M  8.3 18 290   M    M   2        24 290
 9  95  76  86   6   0  21 0.00    M    M  7.7 16 320   M    M   1        22 320
10  95  72  84   4   0  19 0.00    M    M  5.4 16 230   M    M   1 3      20 220
11  93  72  83   3   0  18 0.25  0.0    M  5.7 23 260   M    M   2 3      28 280
12  94  70  82   2   0  17 0.00  0.0    M  4.9 23 220   M    M   1        30 210
13  94  73  84   4   0  19 0.00    M    M  5.0 15 290   M    M   0        18 280
14  96  72  84   4   0  19 0.03    M    M  6.5 18 290   M    M   1 3      23 300
15  93  71  82   2   0  17 0.00    M    M  5.6 15 250   M    M   2        19 220
16  91  70  81   1   0  16 0.65    M    M  2.9 22 270   M    M   2 3      27 270
17  93  70  82   2   0  17 0.20    M    M  2.8 12 150   M    M   3 3      16 120
18  95  72  84   4   0  19 0.00    M    M  4.1 17 360   M    M   1 3      21 360
19  96  74  85   5   0  20 0.13    M    M  3.0 21  20   M    M   2 3      25  20
20  96  72  84   4   0  19 0.00    M    M  3.4 14 170   M    M   1 3      20 180
21  82  74  78  -2   0  13 0.00    M    M   M   M  99   0    0   0         M  M
22  92  71  82   2   0  17 0.00  0.0    M  3.4 10 220   M    M   1 2      14 230
23  93  74  84   4   0  19 0.01  0.0    M  3.3 14 360   M    M   1 3      18  10
24  94  73  84   4   0  19 0.01  0.0    0  1.8 12 320   M    M   2 3      15 320
25  97  73  85   5   0  20 0.02    M    M  4.1 17 210   M    M   3        22 240
26  96  73  85   5   0  20 0.00  0.0    0  4.8 17 220   M    M   1        21 210
27  93  76  85   5   0  20 0.00  0.0    0  8.7 15 240   M    M   5        22 310
28  90  73  82   2   0  17 0.01    M    M  9.4 24 260   M    M   5 3      34 220
================================================================================
SM 2628 2034         0 520  2.20     0.0 147.7            0     55
================================================================================
AV 93.9 72.6                               5.5 FASTST    0   0   2    MAX(MPH)
                                 MISC ---->  # 37 320               # 50  320
================================================================================
NOTES:
# LAST OF SEVERAL OCCURRENCES

COLUMN 17 PEAK WIND IN M.P.H.

PRELIMINARY LOCAL CLIMATOLOGICAL DATA (WS FORM: F-6) , PAGE 2

                                          STATION:  DEKALB PEACHTREE AIRPORT
                                          MONTH:    JULY
                                          YEAR:     2016
                                          LATITUDE:   33 52 N
                                          LONGITUDE:  84 18 W

[TEMPERATURE DATA]      [PRECIPITATION DATA]       SYMBOLS USED IN COLUMN 16

AVERAGE MONTHLY: 83.2   TOTAL FOR MONTH:   2.20    1 = FOG OR MIST
DPTR FM NORMAL:   3.4   DPTR FM NORMAL:   -2.42    2 = FOG REDUCING VISIBILITY
HIGHEST:    99 ON  3, 2 GRTST 24HR  0.65 ON 16-16      TO 1/4 MILE OR LESS
LOWEST:     70 ON 17,16                            3 = THUNDER
                        SNOW, ICE PELLETS, HAIL    4 = ICE PELLETS
                        TOTAL MONTH:   0.0 INCH    5 = HAIL
                        GRTST 24HR     0.0         6 = FREEZING RAIN OR DRIZZLE
                        GRTST DEPTH:   0           7 = DUSTSTORM OR SANDSTORM:
                                                       VSBY 1/2 MILE OR LESS
                                                   8 = SMOKE OR HAZE
[NO. OF DAYS WITH]      [WEATHER - DAYS WITH]      9 = BLOWING SNOW
                                                   X = TORNADO
MAX 32 OR BELOW:   0    0.01 INCH OR MORE:  12
MAX 90 OR ABOVE:  26    0.10 INCH OR MORE:   6
MIN 32 OR BELOW:   0    0.50 INCH OR MORE:   1
MIN  0 OR BELOW:   0    1.00 INCH OR MORE:   0

[HDD (BASE 65) ]
TOTAL THIS MO.     0    CLEAR  (SCALE 0-3)  24
DPTR FM NORMAL     0    PTCLDY (SCALE 4-7)   4
TOTAL FM JUL 1     0    CLOUDY (SCALE 8-10)  0
DPTR FM NORMAL     0

[CDD (BASE 65) ]
TOTAL THIS MO.   520
DPTR FM NORMAL   105    [PRESSURE DATA]
TOTAL FM JAN 1  1270    HIGHEST SLP  0.00 ON 19
DPTR FM NORMAL   291    LOWEST  SLP 29.92 ON 28

[REMARKS]
