000
CXUS56 KPQR 211505
CF6PDX
PRELIMINARY LOCAL CLIMATOLOGICAL DATA (WS FORM: F-6)

                                          STATION:   PORTLAND OR
                                          MONTH:     OCTOBER
                                          YEAR:      2017
                                          LATITUDE:   45 35 N
                                          LONGITUDE: 122 36 W

  TEMPERATURE IN F:       :PCPN:    SNOW:  WIND      :SUNSHINE: SKY     :PK WND
================================================================================
1   2   3   4   5  6A  6B    7    8   9   10  11  12  13   14  15   16   17  18
                                     12Z  AVG MX 2MIN
DY MAX MIN AVG DEP HDD CDD  WTR  SNW DPTH SPD SPD DIR MIN PSBL S-S WX    SPD DR
================================================================================

 1  65  49  57  -3   8   0 0.01  0.0    0  4.5 16 320   M    M   6        21 320
 2  65  49  57  -3   8   0 0.02  0.0    0  4.3 15  40   M    M   5        23  40
 3  71  44  58  -1   7   0 0.00  0.0    0  5.4 22 100   M    M   1        29  90
 4  71  42  57  -2   8   0 0.00  0.0    0  4.4 13 290   M    M   2 1      14 300
 5  74  43  59   1   6   0 0.00  0.0    0  3.8 10 300   M    M   1 1      13 310
 6  73  43  58   0   7   0 0.00  0.0    0  4.5 15 270   M    M   4 8      19 230
 7  65  52  59   1   6   0 0.01  0.0    0  7.6 20 280   M    M   8        25 270
 8  64  45  55  -2  10   0 0.02  0.0    0  2.3  8 290   M    M   5 1      11 290
 9  67  39  53  -4  12   0 0.00  0.0    0  4.1 10 290   M    M   7 1      13 280
10  57  43  50  -7  15   0 0.01  0.0    0  3.2 13 270   M    M   7 1      15 270
11  57  45  51  -5  14   0 0.16  0.0    0  4.7 13 190   M    M   7 1      15 200
12  56  46  51  -5  14   0 0.50  0.0    0  8.4 20 260   M    M   8 13     25 250
13  59  40  50  -6  15   0    T  0.0    0  4.6 17 310   M    M   5 3      23 320
14  59  36  48  -7  17   0 0.00  0.0    0  2.8  9 280   M    M   4 1      12 280
15  67  38  53  -2  12   0 0.00  0.0    0  1.7  7 320   M    M   3 18      8 320
16  67  39  53  -2  12   0 0.00  0.0    0  1.8  6 100   M    M   1 128     7  50
17  58  42  50  -4  15   0 0.04  0.0    0  3.3 13 240   M    M   8 12     15 230
18  64  49  57   3   8   0 0.09  0.0    0  9.5 24 190   M    M  10 1      33 190
19  59  50  55   1  10   0 0.99  0.0    0 10.8 21 160   M    M  10 1      27 200
20  54  48  51  -3  14   0 0.11  0.0    0 11.1 23 270   M    M   7 1      28 280
================================================================================
SM 1272  882       218   0  1.96     0.0 102.8          M      109
================================================================================
AV 63.6 44.1                               5.1 FASTST   M    M   5    MAX(MPH)
                                 MISC ---->  # 24 190               # 33  190
================================================================================
NOTES:
# LAST OF SEVERAL OCCURRENCES

COLUMN 17 PEAK WIND IN M.P.H.

PRELIMINARY LOCAL CLIMATOLOGICAL DATA (WS FORM: F-6) , PAGE 2

                                          STATION:  PORTLAND OR
                                          MONTH:    OCTOBER
                                          YEAR:     2017
                                          LATITUDE:   45 35 N
                                          LONGITUDE: 122 36 W

[TEMPERATURE DATA]      [PRECIPITATION DATA]       SYMBOLS USED IN COLUMN 16

AVERAGE MONTHLY: 53.9   TOTAL FOR MONTH:   1.96    1 = FOG OR MIST
DPTR FM NORMAL:  -2.8   DPTR FM NORMAL:    0.36    2 = FOG REDUCING VISIBILITY
HIGHEST:    74 ON  5    GRTST 24HR  0.99 ON 19-19      TO 1/4 MILE OR LESS
LOWEST:     36 ON 14                               3 = THUNDER
                        SNOW, ICE PELLETS, HAIL    4 = ICE PELLETS
                        TOTAL MONTH:   0.0 INCH    5 = HAIL
                        GRTST 24HR     0.0         6 = FREEZING RAIN OR DRIZZLE
                        GRTST DEPTH:   0           7 = DUSTSTORM OR SANDSTORM:
                                                       VSBY 1/2 MILE OR LESS
                                                   8 = SMOKE OR HAZE
[NO. OF DAYS WITH]      [WEATHER - DAYS WITH]      9 = BLOWING SNOW
                                                   X = TORNADO
MAX 32 OR BELOW:   0    0.01 INCH OR MORE:  11
MAX 90 OR ABOVE:   0    0.10 INCH OR MORE:   4
MIN 32 OR BELOW:   0    0.50 INCH OR MORE:   2
MIN  0 OR BELOW:   0    1.00 INCH OR MORE:   0

[HDD (BASE 65) ]
TOTAL THIS MO.   218    CLEAR  (SCALE 0-3)   5
DPTR FM NORMAL    47    PTCLDY (SCALE 4-7)  12
TOTAL FM JUL 1   296    CLOUDY (SCALE 8-10)  3
DPTR FM NORMAL    22

[CDD (BASE 65) ]
TOTAL THIS MO.     0
DPTR FM NORMAL     0    [PRESSURE DATA]
TOTAL FM JAN 1   700    HIGHEST SLP M ON M
DPTR FM NORMAL   278    LOWEST  SLP 29.57 ON 19

[REMARKS]
