000
CXUS54 KMAF 291100
CF6PEQ
PRELIMINARY LOCAL CLIMATOLOGICAL DATA (WS FORM: F-6)

                                          STATION:   Pecos Municipal Airport
                                          MONTH:     APRIL
                                          YEAR:      2017
                                          LATITUDE:   31 22 N
                                          LONGITUDE: 103 31 W

  TEMPERATURE IN F:       :PCPN:    SNOW:  WIND      :SUNSHINE: SKY     :PK WND
================================================================================
1   2   3   4   5  6A  6B    7    8   9   10  11  12  13   14  15   16   17  18
                                     12Z  AVG MX 2MIN
DY MAX MIN AVG DEP HDD CDD  WTR  SNW DPTH SPD SPD DIR MIN PSBL S-S WX    SPD DR
================================================================================

 1  72  52  62   M   3   0 0.00  0.0    0 15.0 23 320   M    M   1 8      31 320
 2  69  46  58   M   7   0 0.19    M    0 11.6 21 260   M    M   7        29 260
 3  83  53  68   M   0   3 0.00  0.0    0 14.1 24 250   M    M   0        30 250
 4  81  49  65   M   0   0 0.00  0.0    0 18.5 37 280   M    M   0        52 260
 5  67  36  52   M  13   0 0.00  0.0    0  5.4 12 340   M    M   0         M  M
 6  81  38  60   M   5   0 0.00  0.0    0  8.3 17 100   M    M   0        25 100
 7  90  39  65   M   0   0 0.00  0.0    0  5.8 14 130   M    M   0        18 130
 8  95  47  71   M   0   6 0.00  0.0    0  7.0 21 230   M    M   0        30 250
 9  91  46  69   M   0   4 0.00  0.0    0  9.3 28 260   M    M   0        33 260
10  84  49  67   M   0   2 0.00  0.0    0  6.5 16 330   M    M   0         M  M
11  83  63  73   M   0   8 0.00  0.0    0  9.6 17  90   M    M   6        21  80
12  70  56  63   M   2   0 1.05  0.0    0 14.4 24 110   M    M   6 3      31  70
13  80  57  69   M   0   4 0.00  0.0    0  8.4 18  90   M    M   4        23  90
14  88  57  73   M   0   8 0.00  0.0    0  8.6 18 130   M    M   1        25 110
15  89  58  74   M   0   9 0.00  0.0    0  6.3 18 120   M    M   1        24 120
16  89  59  74   M   0   9 0.00  0.0    0  7.8 23 150   M    M   1        29 150
17  88  56  72   M   0   7 0.00  0.0    0  8.9 17 100   M    M   0        23 100
18  93  53  73   M   0   8 0.00  0.0    0  6.5 15 120   M    M   0        20 130
19  96  52  74   M   0   9 0.00  0.0    0  6.9 15 240   M    M   0        21 240
20  89  55  72   M   0   7 0.00  0.0    0  7.5 24 300   M    M   0        29 320
21  94  55  75   M   0  10 0.00  0.0    0  6.6 16 130   M    M   0         M  M
22  71  54  63   M   2   0 0.00  0.0    0 10.8 25  50   M    M   6        35  50
23  77  44  61   M   4   0 0.00  0.0    0  8.4 16 100   M    M   0        21 100
24  97  52  75   M   0  10 0.00  0.0    0  8.0 17 210   M    M   0 8      28 210
25  94  63  79   M   0  14 0.00  0.0    0 13.8 29 250   M    M   3 8      40 250
26  79  56  68   M   0   3 0.00  0.0    0 12.6 24 350   M    M   2        33 330
27  94  49  72   M   0   7 0.00  0.0    0 12.9 28 250   M    M   0 8      36 230
28  93  68  81   M   0  16 0.00  0.0    0 10.4 23 240   M    M   0        30 240
================================================================================
SM 2377 1462        36 144  1.24     0.0 269.9          M       38
================================================================================
AV 84.9 52.2                               9.6 FASTST   M    M   1    MAX(MPH)
                                 MISC ---->  # 37 280               # 52  260
================================================================================
NOTES:
# LAST OF SEVERAL OCCURRENCES

COLUMN 17 PEAK WIND IN M.P.H.

PRELIMINARY LOCAL CLIMATOLOGICAL DATA (WS FORM: F-6) , PAGE 2

                                          STATION:  Pecos Municipal Airport
                                          MONTH:    APRIL
                                          YEAR:     2017
                                          LATITUDE:   31 22 N
                                          LONGITUDE: 103 31 W

[TEMPERATURE DATA]      [PRECIPITATION DATA]       SYMBOLS USED IN COLUMN 16

AVERAGE MONTHLY: 68.6   TOTAL FOR MONTH:   1.24    1 = FOG OR MIST
DPTR FM NORMAL:     M   DPTR FM NORMAL:       M    2 = FOG REDUCING VISIBILITY
HIGHEST:    97 ON 24    GRTST 24HR  1.05 ON 12-12      TO 1/4 MILE OR LESS
LOWEST:     36 ON  5                               3 = THUNDER
                        SNOW, ICE PELLETS, HAIL    4 = ICE PELLETS
                        TOTAL MONTH:   0.0 INCH    5 = HAIL
                        GRTST 24HR     0.0         6 = FREEZING RAIN OR DRIZZLE
                        GRTST DEPTH:   0           7 = DUSTSTORM OR SANDSTORM:
                                                       VSBY 1/2 MILE OR LESS
                                                   8 = SMOKE OR HAZE
[NO. OF DAYS WITH]      [WEATHER - DAYS WITH]      9 = BLOWING SNOW
                                                   X = TORNADO
MAX 32 OR BELOW:   0    0.01 INCH OR MORE:   2
MAX 90 OR ABOVE:  10    0.10 INCH OR MORE:   2
MIN 32 OR BELOW:   0    0.50 INCH OR MORE:   1
MIN  0 OR BELOW:   0    1.00 INCH OR MORE:   1

[HDD (BASE 65) ]
TOTAL THIS MO.    36    CLEAR  (SCALE 0-3)  23
DPTR FM NORMAL     M    PTCLDY (SCALE 4-7)   5
TOTAL FM JUL 1  1711    CLOUDY (SCALE 8-10)  0
DPTR FM NORMAL     M

[CDD (BASE 65) ]
TOTAL THIS MO.   144
DPTR FM NORMAL     M    [PRESSURE DATA]
TOTAL FM JAN 1   217    HIGHEST SLP M ON M
DPTR FM NORMAL     M    LOWEST  SLP M ON M

[REMARKS]
