000
CXUS56 KFGZ 200900
CF6PGA
PRELIMINARY LOCAL CLIMATOLOGICAL DATA (WS FORM: F-6)

                                          STATION:   PAGE AZ AIRPORT
                                          MONTH:     OCTOBER
                                          YEAR:      2014
                                          LATITUDE:   36 55 N
                                          LONGITUDE: 111 27 W

  TEMPERATURE IN F:       :PCPN:    SNOW:  WIND      :SUNSHINE: SKY     :PK WND
================================================================================
1   2   3   4   5  6A  6B    7    8   9   10  11  12  13   14  15   16   17  18
                                     12Z  AVG MX 2MIN
DY MAX MIN AVG DEP HDD CDD  WTR  SNW DPTH SPD SPD DIR MIN PSBL S-S WX    SPD DR
================================================================================

 1  76  56  66   0   0   1 0.00    M    M  6.9 17 310   M    M   2        25 310
 2  69  47  58  -7   7   0 0.00    M    M  3.5 10 310   M    M   0        14 300
 3  78  49  64  -1   1   0 0.00    M    M  2.2  9  30   M    M   0        13  20
 4  79  52  66   2   0   1 0.00    M    M  2.1  8  10   M    M   0        13  10
 5  81  54  68   4   0   3 0.00    M    M  2.8  8 360   M    M   0        15 360
 6  83  55  69   6   0   4 0.00    M    M  2.6  9 350   M    M   0        12 350
 7  78  58  68   5   0   3 0.00    M    M  1.8  6 150   M    M   0         9  40
 8  78  63  71   8   0   6 0.00    M    M  5.2 17 140   M    M   4        24 140
 9  78  61  70   8   0   5    T    M    M  4.3 18 320   M    M   3 3      26 320
10  82  57  70   8   0   5 0.00    M    M  3.2  9 270   M    M   1        13 240
11  84  58  71  10   0   6 0.00    M    M  4.8 14 280   M    M   1        24 270
12  72  57  65   4   0   0 0.00    M    M 10.9 24 310   M    M   0        34 330
13  69  48  59  -1   6   0 0.00    M    M  3.5  9  30   M    M   0        14  20
14  74  47  61   1   4   0 0.00    M    0  3.0  9  30   M    M   0        12  20
15  76  52  64   5   1   0 0.00    M    M  3.5  9 310   M    M   0        11  30
16  64  54  59   0   6   0 0.00    M    M  3.5  8 140   M    M   0         M  M
17   M   M   M   M   M   M    M    M    M   M   M   M   M    M   M         M  M
18  78  60  69  11   0   4 0.00    M    M  2.6  9  30   M    M   M        14 350
19  79  53  66   8   0   1 0.00    M    M  4.3 10 170   M    M   M        15 170
================================================================================
SM 1378  981        25  39    T     M     70.7          M       11
================================================================================
AV 76.6 54.5                               3.9 FASTST   M    M   1    MAX(MPH)
                                 MISC ---->  # 24 310               # 34  330
================================================================================
NOTES:
# LAST OF SEVERAL OCCURRENCES

COLUMN 17 PEAK WIND IN M.P.H.

PRELIMINARY LOCAL CLIMATOLOGICAL DATA (WS FORM: F-6) , PAGE 2

                                          STATION:  PAGE AZ AIRPORT
                                          MONTH:    OCTOBER
                                          YEAR:     2014
                                          LATITUDE:   36 55 N
                                          LONGITUDE: 111 27 W

[TEMPERATURE DATA]      [PRECIPITATION DATA]       SYMBOLS USED IN COLUMN 16

AVERAGE MONTHLY: 65.5   TOTAL FOR MONTH:      T    1 = FOG OR MIST
DPTR FM NORMAL:   3.8   DPTR FM NORMAL:   -0.73    2 = FOG REDUCING VISIBILITY
HIGHEST:    84 ON 11    GRTST 24HR    T  ON  9- 9      TO 1/4 MILE OR LESS
LOWEST:     47 ON 14, 2                            3 = THUNDER
                        SNOW, ICE PELLETS, HAIL    4 = ICE PELLETS
                        TOTAL MONTH:    M          5 = HAIL
                        GRTST 24HR    M  ON   M    6 = FREEZING RAIN OR DRIZZLE
                        GRTST DEPTH:   0           7 = DUSTSTORM OR SANDSTORM:
                                                       VSBY 1/2 MILE OR LESS
                                                   8 = SMOKE OR HAZE
[NO. OF DAYS WITH]      [WEATHER - DAYS WITH]      9 = BLOWING SNOW
                                                   X = TORNADO
MAX 32 OR BELOW:   0    0.01 INCH OR MORE:   0
MAX 90 OR ABOVE:   0    0.10 INCH OR MORE:   0
MIN 32 OR BELOW:   0    0.50 INCH OR MORE:   0
MIN  0 OR BELOW:   0    1.00 INCH OR MORE:   0

[HDD (BASE 65) ]
TOTAL THIS MO.    25    CLEAR  (SCALE 0-3)  15
DPTR FM NORMAL   -61    PTCLDY (SCALE 4-7)   1
TOTAL FM JUL 1    26    CLOUDY (SCALE 8-10)  0
DPTR FM NORMAL   -78

[CDD (BASE 65) ]
TOTAL THIS MO.    39
DPTR FM NORMAL    17    [PRESSURE DATA]
TOTAL FM JAN 1  2287    HIGHEST SLP M ON M
DPTR FM NORMAL   440    LOWEST  SLP 29.81 ON  1

[REMARKS]
