000
CXUS51 KPBZ 230804
CF6PHD
PRELIMINARY LOCAL CLIMATOLOGICAL DATA (WS FORM: F-6)

                                          STATION:   NEW PHILADELPHIA OH
                                          MONTH:     MARCH
                                          YEAR:      2017
                                          LATITUDE:   40 28 N
                                          LONGITUDE:  81 25 W

  TEMPERATURE IN F:       :PCPN:    SNOW:  WIND      :SUNSHINE: SKY     :PK WND
================================================================================
1   2   3   4   5  6A  6B    7    8   9   10  11  12  13   14  15   16   17  18
                                     12Z  AVG MX 2MIN
DY MAX MIN AVG DEP HDD CDD  WTR  SNW DPTH SPD SPD DIR MIN PSBL S-S WX    SPD DR
================================================================================

 1  62  39  51  16  14   0 1.16    M    M 12.6 28 260   M    M   9 13     45 270
 2  39  30  35   0  30   0 0.03    M    0 10.2 25 300   M    M  10 18     36 300
 3  30  20  25 -10  40   0    T    M    0  8.6 23 300   M    M   6 18     35 300
 4  35  17  26 -10  39   0 0.00  0.0    0  3.7 12 330   M    M   0        15 280
 5  52  21  37   1  28   0 0.00    M    M  6.8 14 140   M    M   1        19 120
 6  55  40  48  12  17   0 0.31    M    0  6.4 18 190   M    M  10 18     27 190
 7  59  43  51  15  14   0 0.82    M    0 11.2 17 310   M    M   9 1      35 340
 8  58  40  49  12  16   0 0.00  0.0    0 12.8 31 260   M    M   1        46 250
 9  58  32  45   8  20   0 0.13    M    0  6.2 16 260   M    M   4 1      25 260
10  34  24  29  -9  36   0 0.15    M    0 10.9 23 330   M    M   9 18     30 310
11  29  17  23 -15  42   0 0.00  0.0    0  8.5 20 300   M    M   3        25 310
12  29  21  25 -13  40   0    T    M    0  4.4 13 340   M    M   5 8      16 330
13  40  21  31  -8  34   0    T    M    M  6.5 14 100   M    M   3 18     19 100
14  28  15  22 -17  43   0 0.01    M    M 15.5 24 320   M    M   8 18     36 340
15  29  15  22 -17  43   0 0.00  0.0    0 12.5 25 300   M    M   4        34 330
16  40  22  31  -9  34   0    T    M    0  8.1 20 300   M    M   5        27 280
17  38  19  29 -11  36   0 0.14    M    0  4.6 16 190   M    M   5 168    23 190
18  48  33  41   0  24   0 0.01    M    M  6.8 18 290   M    M  10 12     26 290
19  39  35  37  -4  28   0 0.00    M    M  4.3 12 300   M    M  10 1      18 280
20  52  31  42   1  23   0 0.00  0.0    0  3.5 14 140   M    M   7 1      20 120
21  59  37  48   6  17   0 0.00  0.0    0  7.2 21 350   M    M   6 18     28 350
22  39  25  32 -10  33   0    T    M    0  9.5 20 340   M    M   5        24  10
================================================================================
SM  952  597       651   0  2.76     0.0 180.8          M      130
================================================================================
AV 43.3 27.1                               8.2 FASTST   M    M   6    MAX(MPH)
                                 MISC ---->  # 31 260               # 46  250
================================================================================
NOTES:
# LAST OF SEVERAL OCCURRENCES

COLUMN 17 PEAK WIND IN M.P.H.

PRELIMINARY LOCAL CLIMATOLOGICAL DATA (WS FORM: F-6) , PAGE 2

                                          STATION:  NEW PHILADELPHIA OH
                                          MONTH:    MARCH
                                          YEAR:     2017
                                          LATITUDE:   40 28 N
                                          LONGITUDE:  81 25 W

[TEMPERATURE DATA]      [PRECIPITATION DATA]       SYMBOLS USED IN COLUMN 16

AVERAGE MONTHLY: 35.2   TOTAL FOR MONTH:   2.76    1 = FOG OR MIST
DPTR FM NORMAL:  -3.0   DPTR FM NORMAL:    0.65    2 = FOG REDUCING VISIBILITY
HIGHEST:    62 ON  1    GRTST 24HR  1.16 ON  1- 1      TO 1/4 MILE OR LESS
LOWEST:     15 ON 15,14                            3 = THUNDER
                        SNOW, ICE PELLETS, HAIL    4 = ICE PELLETS
                        TOTAL MONTH:   0.0 INCH    5 = HAIL
                        GRTST 24HR     0.0         6 = FREEZING RAIN OR DRIZZLE
                        GRTST DEPTH:   0           7 = DUSTSTORM OR SANDSTORM:
                                                       VSBY 1/2 MILE OR LESS
                                                   8 = SMOKE OR HAZE
[NO. OF DAYS WITH]      [WEATHER - DAYS WITH]      9 = BLOWING SNOW
                                                   X = TORNADO
MAX 32 OR BELOW:   5    0.01 INCH OR MORE:   9
MAX 90 OR ABOVE:   0    0.10 INCH OR MORE:   6
MIN 32 OR BELOW:  15    0.50 INCH OR MORE:   2
MIN  0 OR BELOW:   0    1.00 INCH OR MORE:   1

[HDD (BASE 65) ]
TOTAL THIS MO.   651    CLEAR  (SCALE 0-3)   4
DPTR FM NORMAL    62    PTCLDY (SCALE 4-7)  11
TOTAL FM JUL 1  4148    CLOUDY (SCALE 8-10)  7
DPTR FM NORMAL  -648

[CDD (BASE 65) ]
TOTAL THIS MO.     0
DPTR FM NORMAL     0    [PRESSURE DATA]
TOTAL FM JAN 1     0    HIGHEST SLP M ON M
DPTR FM NORMAL     0    LOWEST  SLP 29.49 ON  1

[REMARKS]
