000
CXUS51 KPHI 260800
CF6PHL
PRELIMINARY LOCAL CLIMATOLOGICAL DATA (WS FORM: F-6)

                                          STATION:   PHILADELPHIA PA
                                          MONTH:     FEBRUARY
                                          YEAR:      2015
                                          LATITUDE:   39 52 N
                                          LONGITUDE:  75 15 W

  TEMPERATURE IN F:       :PCPN:    SNOW:  WIND      :SUNSHINE: SKY     :PK WND
================================================================================
1   2   3   4   5  6A  6B    7    8   9   10  11  12  13   14  15   16   17  18
                                     12Z  AVG MX 2MIN
DY MAX MIN AVG DEP HDD CDD  WTR  SNW DPTH SPD SPD DIR MIN PSBL S-S WX    SPD DR
================================================================================

 1  39  21  30  -4  35   0 0.06  0.7    0  6.0 13 120   M    M   8 1      16 260
 2  41  23  32  -2  33   0 0.93  0.1    T 12.7 38 320   M    M   8 1      46 320
 3  30  20  25  -9  40   0 0.00  0.0    0 11.1 28 320   M    M   3        37 320
 4  47  23  35   1  30   0 0.00  0.0    0  7.6 18 220   M    M   8        23 220
 5  41  17  29  -5  36   0    T    T    0 17.1 33 330   M    M   6        42 340
 6  32  14  23 -11  42   0 0.00  0.0    0  9.9 21 240   M    M   4        27 240
 7  44  21  33  -1  32   0 0.00  0.0    0  5.7 15 200   M    M   8        19 190
 8  51  33  42   8  23   0 0.00  0.0    0  6.4 15  40   M    M   9 1      27  20
 9  37  28  33  -2  32   0 0.03    T    0 14.2 22  40   M    M  10 16     26  40
10  42  28  35   0  30   0    T    T    0 14.7 25  40   M    M   7 6      30  30
11  39  26  33  -2  32   0 0.00  0.0    0  9.0 20  30   M    M   3        32  20
12  41  20  31  -4  34   0 0.00  0.0    0 13.6 30 320   M    M   8        37 300
13  24  10  17 -18  48   0 0.00  0.0    0 14.7 32 320   M    M   1        42 320
14  32  18  25 -11  40   0 0.04  1.3    0  9.9 39 310   M    M   9 9      51 320
15  21   9  15 -21  50   0    T    T    1 23.1 38 320   M    M   3 9      54 310
16  17   3  10 -26  55   0 0.02  0.3    T 11.3 31 330   M    M   7        41 320
17  28  13  21 -15  44   0 0.24  3.4    4  5.8 12 280   M    M   7 1      17 320
18  32  11  22 -14  43   0    T    T    3  6.5 26 260   M    M   5        35 280
19  23   8  16 -20  49   0 0.00  0.0    1 19.8 31 270   M    M   4        40 270
20  18   2  10 -27  55   0 0.00  0.0    T 12.7 25 300   M    M   0        34 300
21  34   9  22 -15  43   0 0.76  4.8    T  8.7 23 200   M    M   8 1246   28 190
22  47  33  40   3  25   0 0.28  0.0    4  4.7 13 300   M    M   8 18     15 320
23  37  13  25 -12  40   0    T    T    1 14.1 28 330   M    M   7        35 340
24  25   7  16 -22  49   0 0.00  0.0    1  5.8 15 200   M    M   4        20 180
25  38  15  27 -11  38   0 0.00  0.0    T  8.4 22 270   M    M   5        28 280
================================================================================
SM  860  425       978   0  2.36    10.6 273.5          M      150
================================================================================
AV 34.4 17.0                              10.9 FASTST   M    M   6    MAX(MPH)
                                 MISC ---->  # 39 310               # 54  310
================================================================================
NOTES:
# LAST OF SEVERAL OCCURRENCES

COLUMN 17 PEAK WIND IN M.P.H.

PRELIMINARY LOCAL CLIMATOLOGICAL DATA (WS FORM: F-6) , PAGE 2

                                          STATION:  PHILADELPHIA PA
                                          MONTH:    FEBRUARY
                                          YEAR:     2015
                                          LATITUDE:   39 52 N
                                          LONGITUDE:  75 15 W

[TEMPERATURE DATA]      [PRECIPITATION DATA]       SYMBOLS USED IN COLUMN 16

AVERAGE MONTHLY: 25.7   TOTAL FOR MONTH:   2.36    1 = FOG OR MIST
DPTR FM NORMAL:  -9.8   DPTR FM NORMAL:    0.00    2 = FOG REDUCING VISIBILITY
HIGHEST:    51 ON  8    GRTST 24HR  1.04 ON 21-22      TO 1/4 MILE OR LESS
LOWEST:      2 ON 20                               3 = THUNDER
                        SNOW, ICE PELLETS, HAIL    4 = ICE PELLETS
                        TOTAL MONTH:  10.6 INCHES  5 = HAIL
                        GRTST 24HR   4.8 ON   M    6 = FREEZING RAIN OR DRIZZLE
                        GRTST DEPTH:   4 ON 22,17  7 = DUSTSTORM OR SANDSTORM:
                                                       VSBY 1/2 MILE OR LESS
                                                   8 = SMOKE OR HAZE
[NO. OF DAYS WITH]      [WEATHER - DAYS WITH]      9 = BLOWING SNOW
                                                   X = TORNADO
MAX 32 OR BELOW:  11    0.01 INCH OR MORE:   8
MAX 90 OR ABOVE:   0    0.10 INCH OR MORE:   4
MIN 32 OR BELOW:  23    0.50 INCH OR MORE:   2
MIN  0 OR BELOW:   0    1.00 INCH OR MORE:   0

[HDD (BASE 65) ]
TOTAL THIS MO.   978    CLEAR  (SCALE 0-3)   3
DPTR FM NORMAL   239    PTCLDY (SCALE 4-7)  17
TOTAL FM JUL 1  3538    CLOUDY (SCALE 8-10)  5
DPTR FM NORMAL   136

[CDD (BASE 65) ]
TOTAL THIS MO.     0
DPTR FM NORMAL     0    [PRESSURE DATA]
TOTAL FM JAN 1     0    HIGHEST SLP M ON M
DPTR FM NORMAL     0    LOWEST  SLP 29.36 ON  2

[REMARKS]
