000
CXUS51 KPHI 250800
CF6PHL
PRELIMINARY LOCAL CLIMATOLOGICAL DATA (WS FORM: F-6)

                                          STATION:   PHILADELPHIA PA
                                          MONTH:     JUNE
                                          YEAR:      2017
                                          LATITUDE:   39 52 N
                                          LONGITUDE:  75 15 W

  TEMPERATURE IN F:       :PCPN:    SNOW:  WIND      :SUNSHINE: SKY     :PK WND
================================================================================
1   2   3   4   5  6A  6B    7    8   9   10  11  12  13   14  15   16   17  18
                                     12Z  AVG MX 2MIN
DY MAX MIN AVG DEP HDD CDD  WTR  SNW DPTH SPD SPD DIR MIN PSBL S-S WX    SPD DR
================================================================================

 1  82  63  73   4   0   8 0.00  0.0    0  9.4 26 260   M    M   3        34 270
 2  80  59  70   1   0   5 0.00  0.0    0  8.0 25 320   M    M   2        31 260
 3  76  58  67  -3   0   2 0.01  0.0    0  6.4 22 330   M    M   5        27 330
 4  82  56  69  -1   0   4 0.00  0.0    0  4.4 14 190   M    M   6        21 190
 5  74  64  69  -1   0   4 0.02  0.0    0  3.9 10 120   M    M  10 1      15 300
 6  69  56  63  -7   2   0 0.23  0.0    0  9.7 16  40   M    M  10 1      20  90
 7  67  54  61 -10   4   0 0.00  0.0    0  6.7 16  80   M    M   9        22  80
 8  72  54  63  -8   2   0 0.00  0.0    0  5.2 13  90   M    M   6        16 110
 9  83  53  68  -4   0   3 0.00  0.0    0  7.9 21 250   M    M   4        26 250
10  88  65  77   5   0  12 0.00  0.0    0  9.1 18 230   M    M   4        24 230
11  94  68  81   9   0  16 0.00  0.0    0  9.1 21 230   M    M   2        25 230
12  94  71  83  11   0  18 0.00  0.0    0  8.9 18 250   M    M   3        28 280
13  96  73  85  12   0  20 0.00  0.0    0  8.3 15 240   M    M   3        23 210
14  85  67  76   3   0  11    T  0.0    0  7.3 23  20   M    M   7 3      29  30
15  83  62  73   0   0   8 0.00  0.0    0  8.3 15 140   M    M   7        20 170
16  82  65  74   0   0   9 0.00  0.0    0  7.2 13  70   M    M  10        17  40
17  85  69  77   3   0  12 0.09  0.0    0  5.8 13 180   M    M   9 1      15 180
18  90  74  82   8   0  17    T  0.0    0 11.9 24 210   M    M   7        33 190
19  90  71  81   7   0  16 0.56  0.0    0 13.8 31 270   M    M   7 13     44 270
20  88  72  80   5   0  15 0.00  0.0    0 13.6 24 250   M    M   6        31 250
21  87  70  79   4   0  14 0.01  0.0    0  9.3 31 340   M    M   6 3      37 330
22  89  69  79   4   0  14 0.00  0.0    0  7.7 17 230   M    M   8        22 240
23  89  75  82   6   0  17 0.02  0.0    0 14.8 26 220   M    M   8 1      34 220
24  88  72  80   4   0  15 0.67  0.0    0 12.9 31 300   M    M   7 13     39 310
================================================================================
SM 2013 1560         8 240  1.61     0.0 209.6          M      149
================================================================================
AV 83.9 65.0                               8.7 FASTST   M    M   6    MAX(MPH)
                                 MISC ---->  # 31 270               # 44  270
================================================================================
NOTES:
# LAST OF SEVERAL OCCURRENCES

COLUMN 17 PEAK WIND IN M.P.H.

PRELIMINARY LOCAL CLIMATOLOGICAL DATA (WS FORM: F-6) , PAGE 2

                                          STATION:  PHILADELPHIA PA
                                          MONTH:    JUNE
                                          YEAR:     2017
                                          LATITUDE:   39 52 N
                                          LONGITUDE:  75 15 W

[TEMPERATURE DATA]      [PRECIPITATION DATA]       SYMBOLS USED IN COLUMN 16

AVERAGE MONTHLY: 74.4   TOTAL FOR MONTH:   1.61    1 = FOG OR MIST
DPTR FM NORMAL:   1.9   DPTR FM NORMAL:   -1.14    2 = FOG REDUCING VISIBILITY
HIGHEST:    96 ON 13    GRTST 24HR  0.67 ON 24-24      TO 1/4 MILE OR LESS
LOWEST:     53 ON  9                               3 = THUNDER
                        SNOW, ICE PELLETS, HAIL    4 = ICE PELLETS
                        TOTAL MONTH:   0.0 INCH    5 = HAIL
                        GRTST 24HR     0.0         6 = FREEZING RAIN OR DRIZZLE
                        GRTST DEPTH:   0           7 = DUSTSTORM OR SANDSTORM:
                                                       VSBY 1/2 MILE OR LESS
                                                   8 = SMOKE OR HAZE
[NO. OF DAYS WITH]      [WEATHER - DAYS WITH]      9 = BLOWING SNOW
                                                   X = TORNADO
MAX 32 OR BELOW:   0    0.01 INCH OR MORE:   8
MAX 90 OR ABOVE:   5    0.10 INCH OR MORE:   3
MIN 32 OR BELOW:   0    0.50 INCH OR MORE:   2
MIN  0 OR BELOW:   0    1.00 INCH OR MORE:   0

[HDD (BASE 65) ]
TOTAL THIS MO.     8    CLEAR  (SCALE 0-3)   3
DPTR FM NORMAL    -1    PTCLDY (SCALE 4-7)  16
TOTAL FM JUL 1  3858    CLOUDY (SCALE 8-10)  5
DPTR FM NORMAL  -753

[CDD (BASE 65) ]
TOTAL THIS MO.   240
DPTR FM NORMAL    50    [PRESSURE DATA]
TOTAL FM JAN 1   351    HIGHEST SLP M ON M
DPTR FM NORMAL    70    LOWEST  SLP 29.57 ON 24

[REMARKS]
