000
CXUS55 KPSR 271005
CF6PHX
PRELIMINARY LOCAL CLIMATOLOGICAL DATA (WS FORM: F-6)

                                          STATION:   PHOENIX AZ
                                          MONTH:     MAY
                                          YEAR:      2016
                                          LATITUDE:   33 25 N
                                          LONGITUDE: 112  1 W

  TEMPERATURE IN F:       :PCPN:    SNOW:  WIND      :SUNSHINE: SKY     :PK WND
================================================================================
1   2   3   4   5  6A  6B    7    8   9   10  11  12  13   14  15   16   17  18
                                     12Z  AVG MX 2MIN
DY MAX MIN AVG DEP HDD CDD  WTR  SNW DPTH SPD SPD DIR MIN PSBL S-S WX    SPD DR
================================================================================

 1  79  59  69  -9   0   4    T  0.0    0  5.5 12 170   M    M   5        15 140
 2  88  61  75  -3   0  10 0.00  0.0    0  4.7 17  80   M    M   2        21 330
 3  94  64  79   1   0  14 0.00  0.0    0  4.1 13 160   M    M   1        16  50
 4 102  69  86   8   0  21 0.00  0.0    0  8.9 24 260   M    M   1        29 260
 5  97  72  85   6   0  20 0.00  0.0    0 12.1 30 270   M    M   4        37 270
 6  80  62  71  -8   0   6 0.00  0.0    0 11.1 23 270   M    M   5 3      31 190
 7  77  58  68 -11   0   3 0.00  0.0    0  7.0 20 260   M    M   6        24 260
 8  81  61  71  -9   0   6 0.05  0.0    0  6.0 16 290   M    M   6 3      21 290
 9  86  62  74  -6   0   9 0.00  0.0    0  5.1 16 270   M    M   1        23 320
10  91  67  79  -1   0  14 0.00  0.0    0  6.5 15 280   M    M   0        20 210
11  95  70  83   2   0  18 0.00  0.0    0  5.6 14 340   M    M   4        26 320
12 101  70  86   5   0  21 0.00  0.0    0  4.9 14 150   M    M   3        17 190
13 102  72  87   6   0  22 0.00  0.0    0  5.7 14 250   M    M   2        19 310
14 101  75  88   6   0  23 0.00  0.0    0  8.7 25 280   M    M   6        29 300
15  95  74  85   3   0  20 0.00  0.0    0  9.2 23 270   M    M   3        28 270
16  92  70  81  -1   0  16 0.00  0.0    0  8.1 20 260   M    M   1        24 290
17  91  70  81  -1   0  16    T  0.0    0 10.7 35 320   M    M   4        43 320
18  87  71  79  -4   0  14    T  0.0    0  7.2 16 340   M    M   7        20  40
19  94  70  82  -1   0  17 0.00  0.0    0  5.8 14 310   M    M   2        17 310
20  99  72  86   3   0  21 0.00  0.0    0 12.4 28 270   M    M   1        39 270
21  94  73  84   0   0  19 0.00  0.0    0 10.7 25 210   M    M   3        32 220
22  89  68  79  -5   0  14 0.00  0.0    0  7.6 20 270   M    M   0        27 270
23  89  66  78  -6   0  13 0.00  0.0    0  6.9 14 270   M    M   0 8      17 310
24  90  68  79  -5   0  14 0.00  0.0    0  7.5 22 280   M    M   0        28 280
25  91  66  79  -6   0  14 0.00  0.0    0  8.7 26 270   M    M   1        30 280
26  85  65  75 -10   0  10 0.00  0.0    0  6.4 16 280   M    M   1        21 280
================================================================================
SM 2370 1755         0 379  0.05     0.0 197.1          M       69
================================================================================
AV 91.2 67.5                               7.6 FASTST   M    M   3    MAX(MPH)
                                 MISC ---->  # 35 320               # 43  320
================================================================================
NOTES:
# LAST OF SEVERAL OCCURRENCES

COLUMN 17 PEAK WIND IN M.P.H.

PRELIMINARY LOCAL CLIMATOLOGICAL DATA (WS FORM: F-6) , PAGE 2

                                          STATION:  PHOENIX AZ
                                          MONTH:    MAY
                                          YEAR:     2016
                                          LATITUDE:   33 25 N
                                          LONGITUDE: 112  1 W

[TEMPERATURE DATA]      [PRECIPITATION DATA]       SYMBOLS USED IN COLUMN 16

AVERAGE MONTHLY: 79.3   TOTAL FOR MONTH:   0.05    1 = FOG OR MIST
DPTR FM NORMAL:  -2.0   DPTR FM NORMAL:   -0.05    2 = FOG REDUCING VISIBILITY
HIGHEST:   102 ON 13, 4 GRTST 24HR  0.05 ON  8- 8      TO 1/4 MILE OR LESS
LOWEST:     58 ON  7                               3 = THUNDER
                        SNOW, ICE PELLETS, HAIL    4 = ICE PELLETS
                        TOTAL MONTH:   0.0 INCH    5 = HAIL
                        GRTST 24HR     0.0         6 = FREEZING RAIN OR DRIZZLE
                        GRTST DEPTH:   0           7 = DUSTSTORM OR SANDSTORM:
                                                       VSBY 1/2 MILE OR LESS
                                                   8 = SMOKE OR HAZE
[NO. OF DAYS WITH]      [WEATHER - DAYS WITH]      9 = BLOWING SNOW
                                                   X = TORNADO
MAX 32 OR BELOW:   0    0.01 INCH OR MORE:   1
MAX 90 OR ABOVE:  16    0.10 INCH OR MORE:   0
MIN 32 OR BELOW:   0    0.50 INCH OR MORE:   0
MIN  0 OR BELOW:   0    1.00 INCH OR MORE:   0

[HDD (BASE 65) ]
TOTAL THIS MO.     0    CLEAR  (SCALE 0-3)  16
DPTR FM NORMAL     0    PTCLDY (SCALE 4-7)  10
TOTAL FM JUL 1   829    CLOUDY (SCALE 8-10)  0
DPTR FM NORMAL  -105

[CDD (BASE 65) ]
TOTAL THIS MO.   379
DPTR FM NORMAL   -48    [PRESSURE DATA]
TOTAL FM JAN 1   917    HIGHEST SLP M ON M
DPTR FM NORMAL   135    LOWEST  SLP 29.57 ON  5

[REMARKS]
