000
CXUS53 KILX 220900
CF6PIA
PRELIMINARY LOCAL CLIMATOLOGICAL DATA (WS FORM: F-6)

                                          STATION:   PEORIA IL
                                          MONTH:     MAY
                                          YEAR:      2015
                                          LATITUDE:   40 40 N
                                          LONGITUDE:  89 41 W

  TEMPERATURE IN F:       :PCPN:    SNOW:  WIND      :SUNSHINE: SKY     :PK WND
================================================================================
1   2   3   4   5  6A  6B    7    8   9   10  11  12  13   14  15   16   17  18
                                     12Z  AVG MX 2MIN
DY MAX MIN AVG DEP HDD CDD  WTR  SNW DPTH SPD SPD DIR MIN PSBL S-S WX    SPD DR
================================================================================

 1  71  37  54  -4  11   0 0.00  0.0    0  1.2  9 240   M    M   0        13 260
 2  78  48  63   5   2   0 0.00  0.0    0  4.6 16 210   M    M   2 8      20 200
 3  86  58  72  14   0   7 0.00  0.0    0 11.6 26 200   M    M   1        33 210
 4  78  62  70  11   0   5 0.88  0.0    0  5.8 13  50   M    M   7 138    15 180
 5  84  63  74  15   0   9    T  0.0    0  7.5 16  80   M    M   5 138    20  70
 6  85  60  73  14   0   8 0.00  0.0    0  9.9 22 200   M    M   1 18     29 200
 7  87  66  77  17   0  12 0.55  0.0    0 10.2 25 280   M    M   3 13     34 280
 8  75  63  69   9   0   4 0.67  0.0    0  3.7 13 270   M    M   4 123    16 280
 9  76  59  68   8   0   3    T  0.0    0  5.2 17  70   M    M   7 18     22  80
10  80  58  69   8   0   4 0.41  0.0    0  8.2 31 230   M    M   8 138    43 230
11  71  55  63   2   2   0 0.46  0.0    0 14.6 26 240   M    M   8 18     37 260
12  66  49  58  -3   7   0 0.00  0.0    0 11.6 23 270   M    M   5        32 240
13  69  43  56  -6   9   0 0.00  0.0    0  8.1 16  90   M    M   0        22  40
14  69  50  60  -2   5   0 0.22  0.0    0 10.5 18 170   M    M   5 1      25 170
15  82  63  73  11   0   8 0.08  0.0    0  6.7 31 170   M    M   7 13     45 180
16  83  66  75  13   0  10 0.10  0.0    0  8.3 18 190   M    M   6 18     30 140
17  84  69  77  14   0  12    T  0.0    0 13.9 25 220   M    M   3 1      37 200
18  75  48  62  -1   3   0 0.00  0.0    0  9.9 20 270   M    M   1        25 270
19  61  45  53 -10  12   0 0.00  0.0    0  6.7 14 310   M    M   5        21 300
20  52  44  48 -16  17   0 0.11  0.0    0  7.5 17  90   M    M   8        26 110
21  71  46  59  -5   6   0 0.00  0.0    0  7.7 17 270   M    M   4        23 280
================================================================================
SM 1583 1152        74  82  3.48     0.0 173.4          M       90
================================================================================
AV 75.4 54.9                               8.3 FASTST   M    M   4    MAX(MPH)
                                 MISC ---->  # 31 230               # 45  180
================================================================================
NOTES:
# LAST OF SEVERAL OCCURRENCES

COLUMN 17 PEAK WIND IN M.P.H.

PRELIMINARY LOCAL CLIMATOLOGICAL DATA (WS FORM: F-6) , PAGE 2

                                          STATION:  PEORIA IL
                                          MONTH:    MAY
                                          YEAR:     2015
                                          LATITUDE:   40 40 N
                                          LONGITUDE:  89 41 W

[TEMPERATURE DATA]      [PRECIPITATION DATA]       SYMBOLS USED IN COLUMN 16

AVERAGE MONTHLY: 65.1   TOTAL FOR MONTH:   3.48    1 = FOG OR MIST
DPTR FM NORMAL:   4.2   DPTR FM NORMAL:    0.50    2 = FOG REDUCING VISIBILITY
HIGHEST:    87 ON  7    GRTST 24HR  1.22 ON  7- 8      TO 1/4 MILE OR LESS
LOWEST:     37 ON  1                               3 = THUNDER
                        SNOW, ICE PELLETS, HAIL    4 = ICE PELLETS
                        TOTAL MONTH:   0.0 INCH    5 = HAIL
                        GRTST 24HR     0.0         6 = FREEZING RAIN OR DRIZZLE
                        GRTST DEPTH:   0           7 = DUSTSTORM OR SANDSTORM:
                                                       VSBY 1/2 MILE OR LESS
                                                   8 = SMOKE OR HAZE
[NO. OF DAYS WITH]      [WEATHER - DAYS WITH]      9 = BLOWING SNOW
                                                   X = TORNADO
MAX 32 OR BELOW:   0    0.01 INCH OR MORE:   9
MAX 90 OR ABOVE:   0    0.10 INCH OR MORE:   8
MIN 32 OR BELOW:   0    0.50 INCH OR MORE:   3
MIN  0 OR BELOW:   0    1.00 INCH OR MORE:   0

[HDD (BASE 65) ]
TOTAL THIS MO.    74    CLEAR  (SCALE 0-3)   8
DPTR FM NORMAL   -46    PTCLDY (SCALE 4-7)  13
TOTAL FM JUL 1  5797    CLOUDY (SCALE 8-10)  0
DPTR FM NORMAL    12

[CDD (BASE 65) ]
TOTAL THIS MO.    82
DPTR FM NORMAL    49    [PRESSURE DATA]
TOTAL FM JAN 1    93    HIGHEST SLP M ON M
DPTR FM NORMAL    46    LOWEST  SLP 29.81 ON 17

[REMARKS]
