000
CXUS55 KABR 171400
CF6PIR
PRELIMINARY LOCAL CLIMATOLOGICAL DATA (WS FORM: F-6)

                                          STATION:   PIERRE SD
                                          MONTH:     DECEMBER
                                          YEAR:      2017
                                          LATITUDE:   44 22 N
                                          LONGITUDE: 100 17 W

  TEMPERATURE IN F:       :PCPN:    SNOW:  WIND      :SUNSHINE: SKY     :PK WND
================================================================================
1   2   3   4   5  6A  6B    7    8   9   10  11  12  13   14  15   16   17  18
                                     12Z  AVG MX 2MIN
DY MAX MIN AVG DEP HDD CDD  WTR  SNW DPTH SPD SPD DIR MIN PSBL S-S WX    SPD DR
================================================================================

 1  51  25  38  12  27   0 0.00  0.0    0  6.9 16 300   M    M   1        19 300
 2  53  20  37  12  28   0 0.00  0.0    0  5.3 14 150   M    M   0        16 160
 3  43  20  32   7  33   0 0.00  0.0    0  6.4 20 110   M    M   0        23 120
 4  37  22  30   5  35   0 0.10  0.7    0 26.2 46 320   M    M   6 12     57 320
 5  38  17  28   4  37   0    T    T    1 19.1 37 310   M    M   7 1      46 310
 6  35  10  23  -1  42   0    T    T    T 21.2 32 320   M    M   4 1      41 320
 7  36   5  21  -3  44   0 0.00  0.0    T 12.1 24 320   M    M   3        31 310
 8  41  25  33  10  32   0 0.00  0.0    T 19.8 30 310   M    M   2        35 310
 9  49  25  37  14  28   0 0.00  0.0    0 13.1 22 310   M    M   0        27 310
10  58  37  48  25  17   0 0.00  0.0    0 13.6 23 310   M    M   0        28 310
11  46  28  37  15  28   0 0.04  0.0    0 21.9 43 320   M    M   7 1      55 320
12  55  23  39  17  26   0 0.00  0.0    0 11.2 28 290   M    M   2        35 300
13  53  27  40  18  25   0 0.00  0.0    0 21.3 39 310   M    M   1        51 310
14  37  28  33  11  32   0    T    T    0 12.1 25 330   M    M   9 1      32 330
15  51  23  37  16  28   0 0.00  0.0    0 10.2 20 240   M    M   1        22 250
16  43  31  37  16  28   0 0.00  0.0    0  9.4 20 340   M    M   4        23 330
================================================================================
SM  726  366       490   0  0.14     0.7 229.8          M       47
================================================================================
AV 45.4 22.9                              14.4 FASTST   M    M   3    MAX(MPH)
                                 MISC ---->  # 46 320               # 57  320
================================================================================
NOTES:
# LAST OF SEVERAL OCCURRENCES

COLUMN 17 PEAK WIND IN M.P.H.

PRELIMINARY LOCAL CLIMATOLOGICAL DATA (WS FORM: F-6) , PAGE 2

                                          STATION:  PIERRE SD
                                          MONTH:    DECEMBER
                                          YEAR:     2017
                                          LATITUDE:   44 22 N
                                          LONGITUDE: 100 17 W

[TEMPERATURE DATA]      [PRECIPITATION DATA]       SYMBOLS USED IN COLUMN 16

AVERAGE MONTHLY: 34.1   TOTAL FOR MONTH:   0.14    1 = FOG OR MIST
DPTR FM NORMAL:  10.9   DPTR FM NORMAL:   -0.15    2 = FOG REDUCING VISIBILITY
HIGHEST:    58 ON 10    GRTST 24HR  0.10 ON  4- 4      TO 1/4 MILE OR LESS
LOWEST:      5 ON  7                               3 = THUNDER
                        SNOW, ICE PELLETS, HAIL    4 = ICE PELLETS
                        TOTAL MONTH:   0.7 INCH    5 = HAIL
                        GRTST 24HR   0.7 ON  4- 4  6 = FREEZING RAIN OR DRIZZLE
                        GRTST DEPTH:   1 ON  5     7 = DUSTSTORM OR SANDSTORM:
                                                       VSBY 1/2 MILE OR LESS
                                                   8 = SMOKE OR HAZE
[NO. OF DAYS WITH]      [WEATHER - DAYS WITH]      9 = BLOWING SNOW
                                                   X = TORNADO
MAX 32 OR BELOW:   0    0.01 INCH OR MORE:   2
MAX 90 OR ABOVE:   0    0.10 INCH OR MORE:   1
MIN 32 OR BELOW:  15    0.50 INCH OR MORE:   0
MIN  0 OR BELOW:   0    1.00 INCH OR MORE:   0

[HDD (BASE 65) ]
TOTAL THIS MO.   490    CLEAR  (SCALE 0-3)  10
DPTR FM NORMAL  -178    PTCLDY (SCALE 4-7)   5
TOTAL FM JUL 1  1947    CLOUDY (SCALE 8-10)  1
DPTR FM NORMAL  -341

[CDD (BASE 65) ]
TOTAL THIS MO.     0
DPTR FM NORMAL     0    [PRESSURE DATA]
TOTAL FM JAN 1   868    HIGHEST SLP M ON M
DPTR FM NORMAL     0    LOWEST  SLP 29.43 ON  4

[REMARKS]
