529
CXUS53 KAPX 310631
CF6PLN
PRELIMINARY LOCAL CLIMATOLOGICAL DATA (WS FORM: F-6)

                                          STATION:   PELLSTON
                                          MONTH:     AUGUST
                                          YEAR:      2016
                                          LATITUDE:   45 34 N
                                          LONGITUDE:  84 48 W

  TEMPERATURE IN F:       :PCPN:    SNOW:  WIND      :SUNSHINE: SKY     :PK WND
================================================================================
1   2   3   4   5  6A  6B    7    8   9   10  11  12  13   14  15   16   17  18
                                     12Z  AVG MX 2MIN
DY MAX MIN AVG DEP HDD CDD  WTR  SNW DPTH SPD SPD DIR MIN PSBL S-S WX    SPD DR
================================================================================

 1  84  45  65   0   0   0 0.00    M    M  4.2 15  40   M    M   1 1      18  60
 2  87  52  70   5   0   5 0.00    M    M  3.1 14 260   M    M   1        21 240
 3  89  57  73   8   0   8 0.00    M    M  3.6 15 260   M    M   2 1      22 280
 4  92  59  76  11   0  11 0.00    M    M  6.4 20 250   M    M   1 1      27 250
 5  80  57  69   4   0   4 0.03    M    M  9.3 21 320   M    M   4 1      26 290
 6  81  53  67   2   0   2 0.00    M    M  7.9 21 320   M    M   2 1      26 320
 7  80  48  64  -1   1   0 0.00    M    M  4.2 17 310   M    M   1        21 310
 8  84  46  65   0   0   0 0.00    M    M  2.5 14 350   M    M   1        18 360
 9  89  51  70   5   0   5 0.00    M    M  5.1 15 270   M    M   1        23 280
10  88  64  76  11   0  11 0.00    M    M  6.2 16 290   M    M   1        22 290
11  88  59  74   9   0   9 0.12    M    M  4.6 16 280   M    M   3 18     23 270
12  75  67  71   7   0   6 0.06    M    M  7.7 16 310   M    M  10 1      24 250
13  70  64  67   3   0   2 0.13    M    M  6.0 13  80   M    M  10 1      15  80
14  80  58  69   5   0   4 0.00    M    M  3.0 14 310   M    M   5        17 310
15  83  53  68   4   0   3 0.00    M    M  3.0 14  20   M    M   5        16  10
16  87  59  73   9   0   8 0.00    M    M  2.7 15 300   M    M   5 12     19 290
17  81  58  70   6   0   5 0.30    M    M  4.4 18 260   M    M   3 13     25 260
18  86  58  72   8   0   7 0.00    M    M  3.5 16 280   M    M   3 12     25 250
19  84  62  73   9   0   8    T    M    M  3.8 15 240   M    M   5 13     22 250
20  76  67  72   8   0   7 0.59    M    M  6.4 15 250   M    M   5 13     21 230
21  70  48  59  -4   6   0 0.06    M    M 11.8 26 330   M    M   8 1      37 330
22  75  41  58  -5   7   0    T    M    M  5.2 17 270   M    M   0        22 230
23  83  61  72   9   0   7    T    M    M  7.8 21 250   M    M   1        29 220
24  78  58  68   5   0   3 0.97    M    M  7.3 15 220   M    M   6 13     24 240
25  77  62  70   7   0   5 0.00    M    M  5.4 12 250   M    M   1        17 220
26  75  52  64   2   1   0 0.00    M    M  4.7 15 250   M    M   2 1      22 290
27  68  52  60  -2   5   0 0.85    M    M  3.2 13 140   M    M   8 1      17 130
28  77  57  67   5   0   2 0.06    M    M  5.7 15 300   M    M   6 1      19 280
29  84  51  68   6   0   3 0.00    M    M  3.5 13 140   M    M   4 12     16 140
30  83  55  69   7   0   4 0.08    M    M  6.0 18 310   M    M   3 1      23 310
================================================================================
SM 2434 1674        20 129  3.25    M    158.2          M      108
================================================================================
AV 81.1 55.8                               5.3 FASTST   M    M   4    MAX(MPH)
                                 MISC ---->  # 26 330               # 37  330
================================================================================
NOTES:
# LAST OF SEVERAL OCCURRENCES

COLUMN 17 PEAK WIND IN M.P.H.

PRELIMINARY LOCAL CLIMATOLOGICAL DATA (WS FORM: F-6) , PAGE 2

                                          STATION:  PELLSTON
                                          MONTH:    AUGUST
                                          YEAR:     2016
                                          LATITUDE:   45 34 N
                                          LONGITUDE:  84 48 W

[TEMPERATURE DATA]      [PRECIPITATION DATA]       SYMBOLS USED IN COLUMN 16

AVERAGE MONTHLY: 68.5   TOTAL FOR MONTH:   3.25    1 = FOG OR MIST
DPTR FM NORMAL:   4.6   DPTR FM NORMAL:    0.14    2 = FOG REDUCING VISIBILITY
HIGHEST:    92 ON  4    GRTST 24HR  0.97 ON 24-24      TO 1/4 MILE OR LESS
LOWEST:     41 ON 22                               3 = THUNDER
                        SNOW, ICE PELLETS, HAIL    4 = ICE PELLETS
                        TOTAL MONTH:    M          5 = HAIL
                        GRTST 24HR    M  ON   M    6 = FREEZING RAIN OR DRIZZLE
                        GRTST DEPTH:  M  ON   M    7 = DUSTSTORM OR SANDSTORM:
                                                       VSBY 1/2 MILE OR LESS
                                                   8 = SMOKE OR HAZE
[NO. OF DAYS WITH]      [WEATHER - DAYS WITH]      9 = BLOWING SNOW
                                                   X = TORNADO
MAX 32 OR BELOW:   0    0.01 INCH OR MORE:  11
MAX 90 OR ABOVE:   1    0.10 INCH OR MORE:   6
MIN 32 OR BELOW:   0    0.50 INCH OR MORE:   3
MIN  0 OR BELOW:   0    1.00 INCH OR MORE:   0

[HDD (BASE 65) ]
TOTAL THIS MO.    20    CLEAR  (SCALE 0-3)  15
DPTR FM NORMAL   -73    PTCLDY (SCALE 4-7)  13
TOTAL FM JUL 1    59    CLOUDY (SCALE 8-10)  2
DPTR FM NORMAL  -103

[CDD (BASE 65) ]
TOTAL THIS MO.   129
DPTR FM NORMAL    76    [PRESSURE DATA]
TOTAL FM JAN 1   315    HIGHEST SLP M ON M
DPTR FM NORMAL   121    LOWEST  SLP 29.45 ON 20

[REMARKS]
