893
CXUS54 KMOB 171847
CF6PNS
PRELIMINARY LOCAL CLIMATOLOGICAL DATA (WS FORM: F-6)

                                          STATION:   PENSACOLA
                                          MONTH:     JANUARY
                                          YEAR:      2018
                                          LATITUDE:   30 28 N
                                          LONGITUDE:  87 12 W

  TEMPERATURE IN F:       :PCPN:    SNOW:  WIND      :SUNSHINE: SKY     :PK WND
================================================================================
1   2   3   4   5  6A  6B    7    8   9   10  11  12  13   14  15   16   17  18
                                     12Z  AVG MX 2MIN
DY MAX MIN AVG DEP HDD CDD  WTR  SNW DPTH SPD SPD DIR MIN PSBL S-S WX    SPD DR
================================================================================

 1  39  26  33 -18  32   0 0.00  0.0    0 17.3 25 360   M    M   0        33 350
 2  44  23  34 -17  31   0 0.00  0.0    0 10.1 18 360   M    M   1        24 350
 3  46  32  39 -12  26   0 0.00  0.0    0  9.3 21 330   M    M   5        27 320
 4  47  27  37 -14  28   0 0.00  0.0    0 11.0 20 350   M    M   0        25 350
 5  53  29  41 -10  24   0 0.00  0.0    0  4.5 10 330   M    M   0        15  30
 6  58  30  44  -7  21   0 0.00  0.0    0  5.0  9  20   M    M   0        19  30
 7  56  38  47  -4  18   0 0.00  0.0    0  9.5 21 120   M    M   2        28 120
 8  63  48  56   5   9   0 0.60  0.0    0 10.6 28 110   M    M  10 1      35 120
 9  66  57  62  11   3   0 0.06  0.0    0  6.0 12  90   M    M   8 1      15  90
10  65  58  62  11   3   0 0.04  0.0    0  6.2 13 120   M    M   9 1      16 110
11  67  63  65  14   0   0 0.54  0.0    0  9.7 25 150   M    M  10 12     31 150
12  68  35  52   1  13   0 0.02  0.0    0 14.1 28 330   M    M   8        33 340
13  45  29  37 -14  28   0 0.00  0.0    0 16.3 24 340   M    M   2        34 350
14  52  26  39 -12  26   0 0.00  0.0    0  8.9 17 360   M    M   0        24 360
15  60  34  47  -4  18   0 0.00  0.0    0  4.0  9 360   M    M   0        17 340
16  62  33  48  -3  17   0 0.00  0.0    0 10.1 23 350   M    M   6        31 340
================================================================================
SM  891  588       297   0  1.26     0.0 152.6          M       61
================================================================================
AV 55.7 36.8                               9.5 FASTST   M    M   4    MAX(MPH)
                                 MISC ---->  # 28 110               # 35  120
================================================================================
NOTES:
# LAST OF SEVERAL OCCURRENCES

COLUMN 17 PEAK WIND IN M.P.H.

PRELIMINARY LOCAL CLIMATOLOGICAL DATA (WS FORM: F-6) , PAGE 2

                                          STATION:  PENSACOLA
                                          MONTH:    JANUARY
                                          YEAR:     2018
                                          LATITUDE:   30 28 N
                                          LONGITUDE:  87 12 W

[TEMPERATURE DATA]      [PRECIPITATION DATA]       SYMBOLS USED IN COLUMN 16

AVERAGE MONTHLY: 46.2   TOTAL FOR MONTH:   1.26    1 = FOG OR MIST
DPTR FM NORMAL:  -4.8   DPTR FM NORMAL:   -0.98    2 = FOG REDUCING VISIBILITY
HIGHEST:    68 ON 12    GRTST 24HR  0.60 ON  8- 8      TO 1/4 MILE OR LESS
LOWEST:     23 ON  2                               3 = THUNDER
                        SNOW, ICE PELLETS, HAIL    4 = ICE PELLETS
                        TOTAL MONTH:   0.0 INCH    5 = HAIL
                        GRTST 24HR     0.0         6 = FREEZING RAIN OR DRIZZLE
                        GRTST DEPTH:   0           7 = DUSTSTORM OR SANDSTORM:
                                                       VSBY 1/2 MILE OR LESS
                                                   8 = SMOKE OR HAZE
[NO. OF DAYS WITH]      [WEATHER - DAYS WITH]      9 = BLOWING SNOW
                                                   X = TORNADO
MAX 32 OR BELOW:   0    0.01 INCH OR MORE:   5
MAX 90 OR ABOVE:   0    0.10 INCH OR MORE:   2
MIN 32 OR BELOW:   8    0.50 INCH OR MORE:   2
MIN  0 OR BELOW:   0    1.00 INCH OR MORE:   0

[HDD (BASE 65) ]
TOTAL THIS MO.   297    CLEAR  (SCALE 0-3)   9
DPTR FM NORMAL    73    PTCLDY (SCALE 4-7)   3
TOTAL FM JUL 1   753    CLOUDY (SCALE 8-10)  4
DPTR FM NORMAL   -53

[CDD (BASE 65) ]
TOTAL THIS MO.     0
DPTR FM NORMAL     0    [PRESSURE DATA]
TOTAL FM JAN 1     0    HIGHEST SLP M ON M
DPTR FM NORMAL     0    LOWEST  SLP 29.71 ON 12

[REMARKS]
