000
CXUS55 KPAH 200647
CF6POF
PRELIMINARY LOCAL CLIMATOLOGICAL DATA (WS FORM: F-6)

                                          STATION:   POPLAR BLUFF MO
                                          MONTH:     JULY
                                          YEAR:      2017
                                          LATITUDE:   36 46 N
                                          LONGITUDE:  90 19 W

  TEMPERATURE IN F:       :PCPN:    SNOW:  WIND      :SUNSHINE: SKY     :PK WND
================================================================================
1   2   3   4   5  6A  6B    7    8   9   10  11  12  13   14  15   16   17  18
                                     12Z  AVG MX 2MIN
DY MAX MIN AVG DEP HDD CDD  WTR  SNW DPTH SPD SPD DIR MIN PSBL S-S WX    SPD DR
================================================================================

 1  87  73  80   1   0  15 0.11  0.0    0  4.7 16 210   M    M   3 13     19 210
 2  89  67  78  -1   0  13 0.00  0.0    0  2.4 12 210   M    M   0        17 210
 3  76  70  73  -6   0   8 1.11  0.0    0  4.6 13  30   M    M   6 1      16  20
 4  84  67  76  -3   0  11    T  0.0    0  2.2  9 280   M    M   2 1      10 280
 5  82  71  77  -2   0  12 1.74  0.0    0  3.8 12 190   M    M   7 123    15 170
 6  87  73  80   0   0  15    T  0.0    0  4.4 15 320   M    M   6 18     20 310
 7  90  70  80   0   0  15    T  0.0    0  4.5 14 200   M    M   1 13     18 210
 8  90  73  82   2   0  17 0.00  0.0    0  3.3 12 360   M    M   1        14 350
 9  88  69  79  -1   0  14 0.00  0.0    0  5.8 16 210   M    M   0        20 220
10  88  69  79  -1   0  14 0.00  0.0    0  7.5 18 210   M    M   0 1      23 200
11  90  72  81   1   0  16 0.00  0.0    0  6.7 15 210   M    M   0 1      19 200
12  92  71  82   2   0  17 0.00  0.0    0  7.0 15 190   M    M   0 1      21 120
13  90  70  80   0   0  15 0.31  0.0    0  6.7 24  40   M    M   2 13     30  40
14  89  70  80   0   0  15 0.44  0.0    0  3.8 21 310   M    M   3 13     28 300
15  88  72  80   0   0  15 0.00  0.0    0  4.7 12  50   M    M   3        17  40
16  89  69  79  -1   0  14 0.00  0.0    0  1.1  8 220   M    M   1 1      35 100
17  89  71  80   0   0  15 0.00  0.0    0  2.3  9 180   M    M   1 1      14 300
18  91  74  83   3   0  18 0.00  0.0    0  3.3 12 210   M    M   0 1      18 110
19  92  73  83   3   0  18 0.00  0.0    0  2.5  9 190   M    M   0 1      13 200
================================================================================
SM 1671 1344         0 277  3.71     0.0  81.3          M       36
================================================================================
AV 88.0 70.7                               4.3 FASTST   M    M   2    MAX(MPH)
                                 MISC ---->  # 24  40               # 35  100
================================================================================
NOTES:
# LAST OF SEVERAL OCCURRENCES

COLUMN 17 PEAK WIND IN M.P.H.

PRELIMINARY LOCAL CLIMATOLOGICAL DATA (WS FORM: F-6) , PAGE 2

                                          STATION:  POPLAR BLUFF MO
                                          MONTH:    JULY
                                          YEAR:     2017
                                          LATITUDE:   36 46 N
                                          LONGITUDE:  90 19 W

[TEMPERATURE DATA]      [PRECIPITATION DATA]       SYMBOLS USED IN COLUMN 16

AVERAGE MONTHLY: 79.3   TOTAL FOR MONTH:   3.71    1 = FOG OR MIST
DPTR FM NORMAL:  -0.4   DPTR FM NORMAL:    1.51    2 = FOG REDUCING VISIBILITY
HIGHEST:    92 ON 19,12 GRTST 24HR  1.74 ON  5- 5      TO 1/4 MILE OR LESS
LOWEST:     67 ON  4, 2                            3 = THUNDER
                        SNOW, ICE PELLETS, HAIL    4 = ICE PELLETS
                        TOTAL MONTH:   0.0 INCH    5 = HAIL
                        GRTST 24HR     0.0         6 = FREEZING RAIN OR DRIZZLE
                        GRTST DEPTH:   0           7 = DUSTSTORM OR SANDSTORM:
                                                       VSBY 1/2 MILE OR LESS
                                                   8 = SMOKE OR HAZE
[NO. OF DAYS WITH]      [WEATHER - DAYS WITH]      9 = BLOWING SNOW
                                                   X = TORNADO
MAX 32 OR BELOW:   0    0.01 INCH OR MORE:   5
MAX 90 OR ABOVE:   7    0.10 INCH OR MORE:   5
MIN 32 OR BELOW:   0    0.50 INCH OR MORE:   2
MIN  0 OR BELOW:   0    1.00 INCH OR MORE:   2

[HDD (BASE 65) ]
TOTAL THIS MO.     0    CLEAR  (SCALE 0-3)  16
DPTR FM NORMAL     0    PTCLDY (SCALE 4-7)   3
TOTAL FM JUL 1     0    CLOUDY (SCALE 8-10)  0
DPTR FM NORMAL     0

[CDD (BASE 65) ]
TOTAL THIS MO.   277
DPTR FM NORMAL    -2    [PRESSURE DATA]
TOTAL FM JAN 1   791    HIGHEST SLP M ON M
DPTR FM NORMAL    12    LOWEST  SLP 29.86 ON  7

[REMARKS]
