000
CXUS55 KPAH 300636
CF6POF
PRELIMINARY LOCAL CLIMATOLOGICAL DATA (WS FORM: F-6)

                                          STATION:   POPLAR BLUFF MO
                                          MONTH:     SEPTEMBER
                                          YEAR:      2016
                                          LATITUDE:   36 46 N
                                          LONGITUDE:  90 19 W

  TEMPERATURE IN F:       :PCPN:    SNOW:  WIND      :SUNSHINE: SKY     :PK WND
================================================================================
1   2   3   4   5  6A  6B    7    8   9   10  11  12  13   14  15   16   17  18
                                     12Z  AVG MX 2MIN
DY MAX MIN AVG DEP HDD CDD  WTR  SNW DPTH SPD SPD DIR MIN PSBL S-S WX    SPD DR
================================================================================

 1  82  65  74  -1   0   9 0.00  0.0    0  8.5 15  30   M    M   1        20  40
 2  80  60  70  -5   0   5 0.00  0.0    0  8.8 18  40   M    M   1        24  50
 3  82  59  71  -4   0   6 0.00  0.0    0  5.7 13  30   M    M   1        16  50
 4  88  62  75   1   0  10 0.00  0.0    0  2.9  9 160   M    M   0        14 160
 5  90  71  81   7   0  16 0.24  0.0    0  5.1 20 260   M    M   2 1      24 250
 6  91  69  80   6   0  15 0.00  0.0    0  4.8 14 200   M    M   1 1      20 200
 7  90  71  81   8   0  16 0.00  0.0    0  5.9 15 210   M    M   1 1      20 200
 8  91  72  82   9   0  17 0.43  0.0    0  5.7 24 350   M    M   3 1      31 300
 9  91  70  81   8   0  16 0.00  0.0    0  6.9 18 200   M    M   2 12     23 230
10  83  61  72   0   0   7 0.00  0.0    0  7.6 21 320   M    M   1 1      26 320
11  80  55  68  -4   0   3 0.00  0.0    0  3.1 10  40   M    M   0 1      13  40
12  83  54  69  -3   0   4 0.00  0.0    0  2.4  8 110   M    M   0        12 150
13  89  61  75   4   0  10 0.00  0.0    0  1.9  8  20   M    M   2 1      11  30
14  90  70  80   9   0  15 0.00  0.0    0  2.6 14  50   M    M   2 1      20  50
15  90  71  81  11   0  16 0.23  0.0    0  4.2 16 120   M    M   3 1      23 130
16  91  69  80  10   0  15 1.33  0.0    0  3.7 15 320   M    M   4 18     20 340
17  85  67  76   6   0  11 0.05  0.0    0  2.8 12 100   M    M   6 1      17 100
18  84  64  74   5   0   9 0.01  0.0    0  1.3 13 220   M    M   3 12     17 210
19  87  62  75   6   0  10 0.00  0.0    0  2.1  6 110   M    M   0 1       8 340
20  88  61  75   7   0  10 0.00  0.0    M  1.4  7  10   M    M   M         8 230
21  88  62  75   7   0  10 0.00  0.0    M  2.0  8  10   M    M   M 1      11  60
22  89  62  76   8   0  11 0.00  0.0    M  1.3 10 230   M    M   M 1      14 240
23  92  64  78  11   0  13 0.00  0.0    M   M   7 260   M    M   M 18      9 210
24  93  66  80  13   0  15 0.00  0.0    M  0.9  8 220   M    M   M 18     11 200
25  92  66  79  13   0  14 0.00  0.0    M  2.0 13 340   M    M   M        18 330
26  76  52  64  -2   1   0 0.01  0.0    M  6.9 24 340   M    M   0        29 340
27  80  49  65  -1   0   0 0.00  0.0    0  4.1 10 250   M    M   0 8      14 250
28  81  53  67   2   0   2 0.00  0.0    0  7.9 18 340   M    M   0 1      23 350
29  72  51  62  -3   3   0    T  0.0    0  9.2 20 340   M    M   4        25 330
================================================================================
SM 2498 1819         4 285  2.30     0.0 121.7          M       37
================================================================================
AV 86.1 62.7                               4.3 FASTST   M    M   2    MAX(MPH)
                                 MISC ---->  # 24 350               # 31  300
================================================================================
NOTES:
# LAST OF SEVERAL OCCURRENCES

COLUMN 17 PEAK WIND IN M.P.H.

PRELIMINARY LOCAL CLIMATOLOGICAL DATA (WS FORM: F-6) , PAGE 2

                                          STATION:  POPLAR BLUFF MO
                                          MONTH:    SEPTEMBER
                                          YEAR:     2016
                                          LATITUDE:   36 46 N
                                          LONGITUDE:  90 19 W

[TEMPERATURE DATA]      [PRECIPITATION DATA]       SYMBOLS USED IN COLUMN 16

AVERAGE MONTHLY: 74.4   TOTAL FOR MONTH:   2.30    1 = FOG OR MIST
DPTR FM NORMAL:   4.2   DPTR FM NORMAL:   -0.85    2 = FOG REDUCING VISIBILITY
HIGHEST:    93 ON 24    GRTST 24HR  1.38 ON 16-17      TO 1/4 MILE OR LESS
LOWEST:     49 ON 27                               3 = THUNDER
                        SNOW, ICE PELLETS, HAIL    4 = ICE PELLETS
                        TOTAL MONTH:   0.0 INCH    5 = HAIL
                        GRTST 24HR     0.0         6 = FREEZING RAIN OR DRIZZLE
                        GRTST DEPTH:   0           7 = DUSTSTORM OR SANDSTORM:
                                                       VSBY 1/2 MILE OR LESS
                                                   8 = SMOKE OR HAZE
[NO. OF DAYS WITH]      [WEATHER - DAYS WITH]      9 = BLOWING SNOW
                                                   X = TORNADO
MAX 32 OR BELOW:   0    0.01 INCH OR MORE:   7
MAX 90 OR ABOVE:  11    0.10 INCH OR MORE:   4
MIN 32 OR BELOW:   0    0.50 INCH OR MORE:   1
MIN  0 OR BELOW:   0    1.00 INCH OR MORE:   1

[HDD (BASE 65) ]
TOTAL THIS MO.     4    CLEAR  (SCALE 0-3)  20
DPTR FM NORMAL   -22    PTCLDY (SCALE 4-7)   3
TOTAL FM JUL 1     4    CLOUDY (SCALE 8-10)  0
DPTR FM NORMAL   -22

[CDD (BASE 65) ]
TOTAL THIS MO.   285
DPTR FM NORMAL   108    [PRESSURE DATA]
TOTAL FM JAN 1  1781    HIGHEST SLP M ON M
DPTR FM NORMAL   256    LOWEST  SLP 29.79 ON 28

[REMARKS]
