000
CXUS55 KLOX 011655
CF6PRB
PRELIMINARY LOCAL CLIMATOLOGICAL DATA (WS FORM: F-6)

                                          STATION:   PASO ROBLES AIRPORT CA
                                          MONTH:     APRIL
                                          YEAR:      2016
                                          LATITUDE:   35 40 N
                                          LONGITUDE: 120 38 W

  TEMPERATURE IN F:       :PCPN:    SNOW:  WIND      :SUNSHINE: SKY     :PK WND
================================================================================
1   2   3   4   5  6A  6B    7    8   9   10  11  12  13   14  15   16   17  18
                                     12Z  AVG MX 2MIN
DY MAX MIN AVG DEP HDD CDD  WTR  SNW DPTH SPD SPD DIR MIN PSBL S-S WX    SPD DR
================================================================================

 1  79  36  58   4   7   0 0.00  0.0    0  4.7 15 310   M    M   1        20 310
 2  80  41  61   7   4   0 0.00  0.0    0  4.4 15 210   M    M   3 12     18 210
 3  82  48  65  10   0   0 0.00  0.0    0  5.6 15 220   M    M   4 12     20 210
 4  83  42  63   8   2   0 0.00  0.0    0  5.8 21 320   M    M   0        25 330
 5  88  38  63   8   2   0 0.00  0.0    0  4.7 14  80   M    M   0        20  80
 6  95  43  69  14   0   4 0.00    M    0  6.9 20  80   M    M   0        27  70
 7  75  51  63   8   2   0 0.03  0.0    0  7.0 18 190   M    M   2        22 210
 8  64  54  59   4   6   0    T  0.0    0  4.6 14 220   M    M   9        16 230
 9  70  53  62   7   3   0 0.03  0.0    0  3.4 13 210   M    M   9        17 220
10  69  54  62   6   3   0 0.03  0.0    0  5.2 15 330   M    M   9        18 320
11  72  50  61   5   4   0 0.00  0.0    0  5.5 15 210   M    M   5        19 220
12  76  45  61   5   4   0 0.00    M    0  7.9 20 320   M    M   5        26 300
13  77  45  61   5   4   0 0.00    M    0  9.2 22 320   M    M   1        26 320
14  73  37  55  -1  10   0 0.00    M    0 11.4 28 330   M    M   0        37 330
15  76  44  60   4   5   0 0.00    M    0 11.9 23 340   M    M   0        30 340
16  84  36  60   3   5   0 0.00  0.0    0  3.4 13 210   M    M   0        16 210
17  90  39  65   8   0   0 0.00  0.0    0  4.2 17 240   M    M   0        23 250
18  92  38  65   8   0   0 0.00  0.0    0  4.6 17 210   M    M   0        23 200
19  87  44  66   9   0   1 0.00    M    0  4.6 20 210   M    M   0        25 220
20  83  36  60   2   5   0 0.00  0.0    0  5.6 17 220   M    M   0        23 210
21  80  44  62   4   3   0 0.00    M    0  7.1 18 210   M    M   3        24 210
22  71  41  56  -2   9   0 0.07    M    0  8.4 22 230   M    M   4 1      31 230
23  75  37  56  -2   9   0 0.00  0.0    0  7.7 21 330   M    M   0        26 320
24  77  45  61   2   4   0 0.00    M    0 11.5 26 330   M    M   0        33 330
25  68  45  57  -2   8   0 0.00    M    0 13.6 26 320   M    M   0        37 320
26  78  36  57  -2   8   0 0.00    M    0  8.2 21 310   M    M   0        27 300
27  74  45  60   1   5   0 0.00  0.0    0 15.2 28 340   M    M   1        37 340
28  77  46  62   2   3   0 0.00  0.0    0 11.4 26 340   M    M   3        31 340
29  73  44  59  -1   6   0 0.00  0.0    0  9.0 21 210   M    M   3 8      25 200
30  78  47  63   3   2   0 0.00  0.0    0  7.6 17 310   M    M   1        23 350
================================================================================
SM 2346 1304       123   5  0.16     0.0 220.3          M       63
================================================================================
AV 78.2 43.5                               7.3 FASTST   M    M   2    MAX(MPH)
                                 MISC ---->  # 28 330                 37    M
================================================================================
NOTES:
# LAST OF SEVERAL OCCURRENCES

COLUMN 17 PEAK WIND IN M.P.H.

PRELIMINARY LOCAL CLIMATOLOGICAL DATA (WS FORM: F-6) , PAGE 2

                                          STATION:  PASO ROBLES AIRPORT CA
                                          MONTH:    APRIL
                                          YEAR:     2016
                                          LATITUDE:   35 40 N
                                          LONGITUDE: 120 38 W

[TEMPERATURE DATA]      [PRECIPITATION DATA]       SYMBOLS USED IN COLUMN 16

AVERAGE MONTHLY: 60.8   TOTAL FOR MONTH:   0.16    1 = FOG OR MIST
DPTR FM NORMAL:   3.9   DPTR FM NORMAL:   -0.52    2 = FOG REDUCING VISIBILITY
HIGHEST:    95 ON  6    GRTST 24HR  0.07 ON 22-22      TO 1/4 MILE OR LESS
LOWEST:     36 ON 26,20                            3 = THUNDER
                        SNOW, ICE PELLETS, HAIL    4 = ICE PELLETS
                        TOTAL MONTH:   0.0 INCH    5 = HAIL
                        GRTST 24HR     0.0         6 = FREEZING RAIN OR DRIZZLE
                        GRTST DEPTH:   0           7 = DUSTSTORM OR SANDSTORM:
                                                       VSBY 1/2 MILE OR LESS
                                                   8 = SMOKE OR HAZE
[NO. OF DAYS WITH]      [WEATHER - DAYS WITH]      9 = BLOWING SNOW
                                                   X = TORNADO
MAX 32 OR BELOW:   0    0.01 INCH OR MORE:   4
MAX 90 OR ABOVE:   3    0.10 INCH OR MORE:   0
MIN 32 OR BELOW:   0    0.50 INCH OR MORE:   0
MIN  0 OR BELOW:   0    1.00 INCH OR MORE:   0

[HDD (BASE 65) ]
TOTAL THIS MO.   123    CLEAR  (SCALE 0-3)  23
DPTR FM NORMAL  -130    PTCLDY (SCALE 4-7)   4
TOTAL FM JUL 1  2189    CLOUDY (SCALE 8-10)  3
DPTR FM NORMAL  -523

[CDD (BASE 65) ]
TOTAL THIS MO.     5
DPTR FM NORMAL    -4    [PRESSURE DATA]
TOTAL FM JAN 1     5    HIGHEST SLP 30.22 ON  2
DPTR FM NORMAL    -4    LOWEST  SLP 29.85 ON  9

[REMARKS]
#FINAL-04-16#
