000
CXUS55 KLOX 311655
CF6PRB
PRELIMINARY LOCAL CLIMATOLOGICAL DATA (WS FORM: F-6)

                                          STATION:   PASO ROBLES AIRPORT CA
                                          MONTH:     OCTOBER
                                          YEAR:      2014
                                          LATITUDE:   35 40 N
                                          LONGITUDE: 120 38 W

  TEMPERATURE IN F:       :PCPN:    SNOW:  WIND      :SUNSHINE: SKY     :PK WND
================================================================================
1   2   3   4   5  6A  6B    7    8   9   10  11  12  13   14  15   16   17  18
                                     12Z  AVG MX 2MIN
DY MAX MIN AVG DEP HDD CDD  WTR  SNW DPTH SPD SPD DIR MIN PSBL S-S WX    SPD DR
================================================================================

 1  91  48  70   4   0   5 0.00  0.0    0  3.9 16 110   M    M   0         M  M
 2  96  48  72   6   0   7 0.00  0.0    0  5.2 18  90   M    M   0        22  90
 3  98  49  74   9   0   9 0.00  0.0    0  3.1 14  50   M    M   0        20 120
 4  97  50  74   9   0   9 0.00  0.0    0  3.4 14 110   M    M   0        17 190
 5 102  51  77  12   0  12 0.00  0.0    0  2.9 13 100   M    M   0        16  90
 6 102  51  77  12   0  12 0.00  0.0    0  2.3 13 190   M    M   0        15 190
 7  99  51  75  11   0  10 0.00  0.0    0  3.9 21 330   M    M   0        25 330
 8  96  48  72   8   0   7 0.00  0.0    0  5.6 20 330   M    M   0        24 340
 9  96  50  73   9   0   8 0.00  0.0    0  6.1 23 340   M    M   0        31 350
10  89  46  68   5   0   3 0.00  0.0    0  5.2 17 330   M    M   1 128    21 320
11  92  49  71   8   0   6 0.00  0.0    0  3.4 15 320   M    M   2 128    19 300
12  91  48  70   7   0   5 0.00  0.0    0  4.0 15 130   M    M   0        19 130
13  94  48  71   8   0   6 0.00  0.0    0  4.3 18 210   M    M   0        23 210
14  74  48  61  -1   4   0 0.00  0.0    0  8.7 22 240   M    M   4        26 200
15  79  59  69   7   0   4 0.00  0.0    0  6.3 14 330   M    M   3        20 320
16  80  48  64   2   1   0 0.00  0.0    0  4.2 15 210   M    M   0        19 210
17  74  46  60  -2   5   0 0.00    M    0  3.3 15 210   M    M   0         M  M
18  82  48  65   4   0   0 0.00  0.0    0  3.0 13 120   M    M   0        17 140
19  83  47  65   4   0   0 0.00  0.0    0  4.3 16 190   M    M   0        20 200
20  78  49  64   3   1   0 0.00  0.0    0  6.0 21 320   M    M   4 18     28 320
21  76  54  65   5   0   0 0.00  0.0    0  6.9 16 340   M    M   3        19 330
22  81  42  62   2   3   0 0.00  0.0    0  4.4 15 100   M    M   0        18 110
23  83  43  63   3   2   0 0.00  0.0    0  3.4 14 100   M    M   0        18 130
24  87  44  66   7   0   1 0.00  0.0    0  4.9 17 220   M    M   0        23 220
25  75  46  61   2   4   0    T    M    0  6.6 16 320   M    M   3        22 210
26  74  47  61   2   4   0 0.00  0.0    0  8.6 20 330   M    M   2        24 320
27  75  36  56  -2   9   0 0.00  0.0    0  3.7  9 300   M    M   0        14 300
28  79  39  59   1   6   0 0.00  0.0    0  5.0 15  80   M    M   0        20 110
29  85  44  65   7   0   0 0.00  0.0    0  5.5 15  90   M    M   0        18  80
30  82  47  65   7   0   0 0.00  0.0    0  2.8 18 230   M    M   0        22 220
================================================================================
SM 2590 1424        39 104    T      0.0 141.0          M       22
================================================================================
AV 86.3 47.5                               4.7 FASTST   M    M   1    MAX(MPH)
                                 MISC ---->  # 23 340               # 31  350
================================================================================
NOTES:
# LAST OF SEVERAL OCCURRENCES

COLUMN 17 PEAK WIND IN M.P.H.

PRELIMINARY LOCAL CLIMATOLOGICAL DATA (WS FORM: F-6) , PAGE 2

                                          STATION:  PASO ROBLES AIRPORT CA
                                          MONTH:    OCTOBER
                                          YEAR:     2014
                                          LATITUDE:   35 40 N
                                          LONGITUDE: 120 38 W

[TEMPERATURE DATA]      [PRECIPITATION DATA]       SYMBOLS USED IN COLUMN 16

AVERAGE MONTHLY: 66.9   TOTAL FOR MONTH:      T    1 = FOG OR MIST
DPTR FM NORMAL:   5.0   DPTR FM NORMAL:   -0.59    2 = FOG REDUCING VISIBILITY
HIGHEST:   102 ON  6, 5 GRTST 24HR    T  ON 25-25      TO 1/4 MILE OR LESS
LOWEST:     36 ON 27                               3 = THUNDER
                        SNOW, ICE PELLETS, HAIL    4 = ICE PELLETS
                        TOTAL MONTH:   0.0 INCH    5 = HAIL
                        GRTST 24HR     0.0         6 = FREEZING RAIN OR DRIZZLE
                        GRTST DEPTH:   0           7 = DUSTSTORM OR SANDSTORM:
                                                       VSBY 1/2 MILE OR LESS
                                                   8 = SMOKE OR HAZE
[NO. OF DAYS WITH]      [WEATHER - DAYS WITH]      9 = BLOWING SNOW
                                                   X = TORNADO
MAX 32 OR BELOW:   0    0.01 INCH OR MORE:   0
MAX 90 OR ABOVE:  12    0.10 INCH OR MORE:   0
MIN 32 OR BELOW:   0    0.50 INCH OR MORE:   0
MIN  0 OR BELOW:   0    1.00 INCH OR MORE:   0

[HDD (BASE 65) ]
TOTAL THIS MO.    39    CLEAR  (SCALE 0-3)  28
DPTR FM NORMAL   -91    PTCLDY (SCALE 4-7)   2
TOTAL FM JUL 1    40    CLOUDY (SCALE 8-10)  0
DPTR FM NORMAL  -122

[CDD (BASE 65) ]
TOTAL THIS MO.   104
DPTR FM NORMAL    70    [PRESSURE DATA]
TOTAL FM JAN 1  1356    HIGHEST SLP M ON M
DPTR FM NORMAL   431    LOWEST  SLP 29.72 ON  1

[REMARKS]
