000
CXUS56 KFGZ 290900
CF6PRC
PRELIMINARY LOCAL CLIMATOLOGICAL DATA (WS FORM: F-6)

                                          STATION:   PRESCOTT AZ AIRPORT
                                          MONTH:     MARCH
                                          YEAR:      2017
                                          LATITUDE:   34 39 N
                                          LONGITUDE: 112 26 W

  TEMPERATURE IN F:       :PCPN:    SNOW:  WIND      :SUNSHINE: SKY     :PK WND
================================================================================
1   2   3   4   5  6A  6B    7    8   9   10  11  12  13   14  15   16   17  18
                                     12Z  AVG MX 2MIN
DY MAX MIN AVG DEP HDD CDD  WTR  SNW DPTH SPD SPD DIR MIN PSBL S-S WX    SPD DR
================================================================================

 1  53  26  40  -4  25   0 0.00    M    M  5.1 15  20   M    M   0        21  10
 2  62  23  43  -1  22   0 0.00    M    M  4.2 17  20   M    M   0        23  30
 3  65  26  46   2  19   0 0.00    M    M  6.6 18 130   M    M   0        23 120
 4  62  34  48   4  17   0 0.00    M    M  9.2 21 200   M    M   0        26 210
 5  56  42  49   4  16   0 0.00    M    M 15.9 33 210   M    M   0        45 200
 6  54  29  42  -3  23   0 0.00    M    M  5.6 20 230   M    M   2        25 230
 7  66  24  45   0  20   0 0.00    M    M  4.2 12 230   M    M   0        13 240
 8  73  32  53   8  12   0 0.00    M    M  5.0 13 190   M    M   0        15 250
 9  76  35  56  11   9   0 0.00    M    M  5.7 15 230   M    M   0        22 230
10  75  37  56  10   9   0 0.00    M    M  6.3 18 240   M    M   0        23 240
11  75  41  58  12   7   0 0.00    M    M  6.6 13 220   M    M   0        15 220
12  76  39  58  12   7   0 0.00    M    M  5.8 16 250   M    M   0        20 320
13  77  40  59  13   6   0 0.00    M    M  4.8 14 230   M    M   0        17 240
14  80  40  60  14   5   0 0.00    M    M  5.2 14 250   M    M   0        19 260
15  77  40  59  13   6   0 0.00    M    M  6.9 20 270   M    M   0        24 260
16  74  41  58  12   7   0 0.00    M    M  6.7 18 240   M    M   0        24 290
17  77  41  59  12   6   0 0.00    M    M  6.7 18 240   M    M   0        24 290
18  77  43  60  13   5   0 0.00    M    M  5.7 18 210   M    M   0        27 120
19  78  44  61  14   4   0 0.00    M    M  8.1 20 230   M    M   0        24 220
20  77  42  60  13   5   0 0.00    M    M  8.5 23 200   M    M   0        29 200
21  74  45  60  13   5   0 0.00    M    M  9.0 21 220   M    M   0        26 230
22  64  39  52   5  13   0 0.39    M    M 10.7 26 240   M    M   3 13     33 160
23  50  37  44  -4  21   0 0.15    M    M 11.4 30 240   M    M   7 1      37 250
24  65  32  49   1  16   0 0.00    M    M  4.5 13 240   M    M   0        19 350
25  62  39  51   3  14   0 0.00    M    M  9.6 23 220   M    M   2        34 240
26  65  34  50   2  15   0 0.00    M    M  6.1 14 340   M    M   0        19 270
27  62  40  51   3  14   0 0.01    M    M 11.4 37 310   M    M   6 1      47 310
28  63  34  49   1  16   0 0.00    M    M 11.4 24 330   M    M   2        29 330
================================================================================
SM 1915 1019       344   0  0.55    M    206.9          M       22
================================================================================
AV 68.4 36.4                               7.4 FASTST   M    M   1    MAX(MPH)
                                 MISC ---->  # 37 310               # 47  310
================================================================================
NOTES:
# LAST OF SEVERAL OCCURRENCES

COLUMN 17 PEAK WIND IN M.P.H.

PRELIMINARY LOCAL CLIMATOLOGICAL DATA (WS FORM: F-6) , PAGE 2

                                          STATION:  PRESCOTT AZ AIRPORT
                                          MONTH:    MARCH
                                          YEAR:     2017
                                          LATITUDE:   34 39 N
                                          LONGITUDE: 112 26 W

[TEMPERATURE DATA]      [PRECIPITATION DATA]       SYMBOLS USED IN COLUMN 16

AVERAGE MONTHLY: 52.4   TOTAL FOR MONTH:   0.55    1 = FOG OR MIST
DPTR FM NORMAL:   6.2   DPTR FM NORMAL:   -0.44    2 = FOG REDUCING VISIBILITY
HIGHEST:    80 ON 14    GRTST 24HR  0.39 ON 22-22      TO 1/4 MILE OR LESS
LOWEST:     23 ON  2                               3 = THUNDER
                        SNOW, ICE PELLETS, HAIL    4 = ICE PELLETS
                        TOTAL MONTH:    M          5 = HAIL
                        GRTST 24HR    M  ON   M    6 = FREEZING RAIN OR DRIZZLE
                        GRTST DEPTH:  M  ON   M    7 = DUSTSTORM OR SANDSTORM:
                                                       VSBY 1/2 MILE OR LESS
                                                   8 = SMOKE OR HAZE
[NO. OF DAYS WITH]      [WEATHER - DAYS WITH]      9 = BLOWING SNOW
                                                   X = TORNADO
MAX 32 OR BELOW:   0    0.01 INCH OR MORE:   3
MAX 90 OR ABOVE:   0    0.10 INCH OR MORE:   2
MIN 32 OR BELOW:   7    0.50 INCH OR MORE:   0
MIN  0 OR BELOW:   0    1.00 INCH OR MORE:   0

[HDD (BASE 65) ]
TOTAL THIS MO.   344    CLEAR  (SCALE 0-3)  26
DPTR FM NORMAL  -184    PTCLDY (SCALE 4-7)   2
TOTAL FM JUL 1  3053    CLOUDY (SCALE 8-10)  0
DPTR FM NORMAL  -647

[CDD (BASE 65) ]
TOTAL THIS MO.     0
DPTR FM NORMAL     0    [PRESSURE DATA]
TOTAL FM JAN 1     0    HIGHEST SLP M ON M
DPTR FM NORMAL     0    LOWEST  SLP 29.69 ON 22

[REMARKS]
