000
CXUS54 KFWD 010730
CF6PRX
PRELIMINARY LOCAL CLIMATOLOGICAL DATA (WS FORM: F-6)

                                          STATION:   PARIS
                                          MONTH:     AUGUST
                                          YEAR:      2014
                                          LATITUDE:   33 37 N
                                          LONGITUDE:  95 27 W

  TEMPERATURE IN F:       :PCPN:    SNOW:  WIND      :SUNSHINE: SKY     :PK WND
================================================================================
1   2   3   4   5  6A  6B    7    8   9   10  11  12  13   14  15   16   17  18
                                     12Z  AVG MX 2MIN
DY MAX MIN AVG DEP HDD CDD  WTR  SNW DPTH SPD SPD DIR MIN PSBL S-S WX    SPD DR
================================================================================

 1  75  66  71 -15   0   6 0.03  0.0    0  7.1 10  60   M    M  10         M  M
 2  84  64  74 -12   0   9 0.00  0.0    0  5.8  9  90   M    M   3         M  M
 3  88  70  79  -7   0  14 0.00  0.0    0  7.6 13  70   M    M   1        16  50
 4  88  68  78  -8   0  13 0.00  0.0    0  5.9 10  40   M    M   0         M  M
 5  91  70  81  -5   0  16 0.00  0.0    0  5.3  9 100   M    M   1         M  M
 6  91  73  82  -4   0  17 0.00  0.0    0  7.0 12 190   M    M   1         M  M
 7  90  75  83  -3   0  18 0.14  0.0    0  8.2 15 190   M    M   1 3      21 190
 8  95  75  85  -1   0  20 0.00  0.0    0  9.1 16 190   M    M   0        20 190
 9  91  72  82  -4   0  17 0.00  0.0    0  9.6 18 280   M    M   2 3      23  50
10  95  72  84  -2   0  19 0.00  0.0    0  4.1  8 270   M    M   1         M  M
11  90  75  83  -3   0  18 0.00  0.0    0  5.6 12 350   M    M   1        20 340
12  86  66  76 -10   0  11 0.00  0.0    0  7.3 17  20   M    M   1        22  20
13  88  63  76 -10   0  11 0.00  0.0    0  4.8  8  20   M    M   0         M  M
14  88  64  76  -9   0  11 0.00  0.0    0  5.2  8 150   M    M   0         M  M
15  91  66  79  -6   0  14 0.00  0.0    0  7.7 13 160   M    M   1         M  M
16  97  70  84  -1   0  19 0.00  0.0    0  9.9 15 210   M    M   1 3      23 210
17  82  73  78  -7   0  13 0.04  0.0    0  5.5  9 190   M    M   2 3       M  M
18  93  72  83  -2   0  18 0.00  0.0    0  7.2 24 100   M    M   1        28 100
19  91  72  82  -3   0  17 0.01  0.0    0  5.2 12 180   M    M   0 3      17 180
20  93  70  82  -3   0  17 0.00  0.0    0  9.0 14 160   M    M   0        20 210
21  93  73  83  -2   0  18 0.00  0.0    0  9.9 15 210   M    M   3        23 210
22  97  75  86   2   0  21 0.00  0.0    0  8.5 17 230   M    M   0        24 230
23  95  72  84   0   0  19 0.00  0.0    0  7.3 13 220   M    M   0        16 130
24  97  72  85   1   0  20 0.00  0.0    0  6.8 12 200   M    M   0         M  M
25  97  72  85   1   0  20 0.00  0.0    0  4.3  8 100   M    M   0         M  M
26  93  73  83  -1   0  18 0.00  0.0    0  7.6 12 100   M    M   1        16  90
27  91  72  82  -1   0  17 0.00  0.0    0  6.2 10 110   M    M   1         M  M
28  93  70  82  -1   0  17 0.00  0.0    0  7.6 12 130   M    M   2        18 130
29  88  72  80  -3   0  15 0.13  0.0    0  6.9 13 190   M    M   3 3      17 190
30  90  70  80  -3   0  15 0.00  0.0    0  5.6  9 140   M    M   2         M  M
31  93  72  83   1   0  18 0.00  0.0    0  9.4 16 160   M    M   1        22 160
================================================================================
SM 2814 2189         0 496  0.35     0.0 217.2          M       40
================================================================================
AV 90.8 70.6                               7.0 FASTST   M    M   1    MAX(MPH)
                                 MISC ---->    24   M                 28    M
================================================================================
NOTES:
# LAST OF SEVERAL OCCURRENCES

COLUMN 17 PEAK WIND IN M.P.H.

PRELIMINARY LOCAL CLIMATOLOGICAL DATA (WS FORM: F-6) , PAGE 2

                                          STATION:  PARIS
                                          MONTH:    AUGUST
                                          YEAR:     2014
                                          LATITUDE:   33 37 N
                                          LONGITUDE:  95 27 W

[TEMPERATURE DATA]      [PRECIPITATION DATA]       SYMBOLS USED IN COLUMN 16

AVERAGE MONTHLY: 80.7   TOTAL FOR MONTH:   0.35    1 = FOG OR MIST
DPTR FM NORMAL:  -4.1   DPTR FM NORMAL:   -1.87    2 = FOG REDUCING VISIBILITY
HIGHEST:    97 ON 25,24 GRTST 24HR  0.14 ON  7- 7      TO 1/4 MILE OR LESS
LOWEST:     63 ON 13                               3 = THUNDER
                        SNOW, ICE PELLETS, HAIL    4 = ICE PELLETS
                        TOTAL MONTH:   0.0 INCH    5 = HAIL
                        GRTST 24HR     0.0         6 = FREEZING RAIN OR DRIZZLE
                        GRTST DEPTH:   0           7 = DUSTSTORM OR SANDSTORM:
                                                       VSBY 1/2 MILE OR LESS
                                                   8 = SMOKE OR HAZE
[NO. OF DAYS WITH]      [WEATHER - DAYS WITH]      9 = BLOWING SNOW
                                                   X = TORNADO
MAX 32 OR BELOW:   0    0.01 INCH OR MORE:   5
MAX 90 OR ABOVE:  22    0.10 INCH OR MORE:   2
MIN 32 OR BELOW:   0    0.50 INCH OR MORE:   0
MIN  0 OR BELOW:   0    1.00 INCH OR MORE:   0

[HDD (BASE 65) ]
TOTAL THIS MO.     0    CLEAR  (SCALE 0-3)  30
DPTR FM NORMAL     0    PTCLDY (SCALE 4-7)   0
TOTAL FM JUL 1     0    CLOUDY (SCALE 8-10)  1
DPTR FM NORMAL     0

[CDD (BASE 65) ]
TOTAL THIS MO.   496
DPTR FM NORMAL  -118    [PRESSURE DATA]
TOTAL FM JAN 1  1619    HIGHEST SLP M ON M
DPTR FM NORMAL  -420    LOWEST  SLP M ON M

[REMARKS]
#FINAL-08-14#
