000
CXUS55 KALY 300710
CF6PSF
PRELIMINARY LOCAL CLIMATOLOGICAL DATA (WS FORM: F-6)

                                          STATION:   PITTSFIELD MA
                                          MONTH:     JUNE
                                          YEAR:      2015
                                          LATITUDE:   42 25 N
                                          LONGITUDE:  73 18 W

  TEMPERATURE IN F:       :PCPN:    SNOW:  WIND      :SUNSHINE: SKY     :PK WND
================================================================================
1   2   3   4   5  6A  6B    7    8   9   10  11  12  13   14  15   16   17  18
                                     12Z  AVG MX 2MIN
DY MAX MIN AVG DEP HDD CDD  WTR  SNW DPTH SPD SPD DIR MIN PSBL S-S WX    SPD DR
================================================================================

 1  50  44  47 -13  18   0 1.39    M    M  7.4 14  60   M    M  10 1      20  90
 2  54  44  49 -11  16   0 0.14    M    M  3.6 10  60   M    M  10 1      14  60
 3  68  45  57  -3   8   0 0.00    M    M  2.7 14 270   M    M   3 12     16 260
 4  67  50  59  -1   6   0 0.00  0.0    0  4.3  9 170   M    M   7 1      14 170
 5  76  51  64   3   1   0    T    M    M  3.5 12 240   M    M   7        14 240
 6  67  42  55  -6  10   0 0.16    M    M  5.8 16 350   M    M   4 13     23 330
 7  71  37  54  -7  11   0 0.00  0.0    0  7.0 18 180   M    M   0 1      28 150
 8  72  57  65   3   0   0 0.81  0.0    0 10.4 23 180   M    M   7 1      31 170
 9  74  57  66   4   0   1 0.40  0.0    0  9.2 25 270   M    M   9 13     34 260
10  76  54  65   3   0   0    T    M    M  6.4 16 210   M    M   5        24 220
11  80  59  70   8   0   5 0.00    M    M  8.1 20 260   M    M   1 8      26 190
12  83  59  71   8   0   6 0.55    M    M  6.3 25 280   M    M   2 138    36 290
13  78  57  68   5   0   3    T    M    M  6.4 15 300   M    M   3 1      24 290
14  81  54  68   5   0   3 0.03    M    M  2.8 13 160   M    M   2 1      18 140
15  65  58  62  -2   3   0 1.41    M    M  6.4 16 150   M    M   9 1      21 140
16  74  58  66   2   0   1 0.08    M    M  3.4 16 280   M    M   8 1      20 280
17  72  55  64   0   1   0 0.00    M    M  3.7 12 270   M    M   1        16 350
18  68  55  62  -2   3   0 0.00  0.0    0  6.5 15 170   M    M   9        21 170
19  78  52  65   0   0   0    T    M    M  6.0 15 310   M    M   6 1      20 300
20  72  48  60  -5   5   0 0.08    M    M  7.0 21 140   M    M   7 18     26 140
21  80  60  70   5   0   5 1.79    M    M  7.2 18 280   M    M   7 18     25 280
22  79  58  69   4   0   4 0.00    M    M  7.6 18 290   M    M   3 1      24 290
23  82  57  70   5   0   5 0.10    M    M  8.4 24 280   M    M   4 13     30 280
24  74  55  65  -1   0   0 0.00    M    M  8.3 17 270   M    M   6        22 270
25  75  50  63  -3   2   0 0.00    M    M  4.6 18 240   M    M   2        20 280
26  73  52  63  -3   2   0 0.02    M    M  3.2 13  40   M    M   6        16  30
27  68  50  59  -7   6   0 0.50    M    M  5.7 15 110   M    M   4 1      21  80
28  58  52  55 -11  10   0 0.43    M    M  8.2 20  50   M    M  10 1      29  50
29  68  52  60  -6   5   0 0.14    M    M  4.0 14 250   M    M   9 12     16 250
================================================================================
SM 2083 1522       107  33  8.03     0.0 174.1          M      161
================================================================================
AV 71.8 52.5                               6.0 FASTST   M    M   6    MAX(MPH)
                                 MISC ---->  # 25 270               # 36  290
================================================================================
NOTES:
# LAST OF SEVERAL OCCURRENCES

COLUMN 17 PEAK WIND IN M.P.H.

PRELIMINARY LOCAL CLIMATOLOGICAL DATA (WS FORM: F-6) , PAGE 2

                                          STATION:  PITTSFIELD MA
                                          MONTH:    JUNE
                                          YEAR:     2015
                                          LATITUDE:   42 25 N
                                          LONGITUDE:  73 18 W

[TEMPERATURE DATA]      [PRECIPITATION DATA]       SYMBOLS USED IN COLUMN 16

AVERAGE MONTHLY: 62.2   TOTAL FOR MONTH:   8.03    1 = FOG OR MIST
DPTR FM NORMAL:  -1.2   DPTR FM NORMAL:    3.74    2 = FOG REDUCING VISIBILITY
HIGHEST:    83 ON 12    GRTST 24HR  1.87 ON 20-21      TO 1/4 MILE OR LESS
LOWEST:     37 ON  7                               3 = THUNDER
                        SNOW, ICE PELLETS, HAIL    4 = ICE PELLETS
                        TOTAL MONTH:   0.0 INCH    5 = HAIL
                        GRTST 24HR     0.0         6 = FREEZING RAIN OR DRIZZLE
                        GRTST DEPTH:   0           7 = DUSTSTORM OR SANDSTORM:
                                                       VSBY 1/2 MILE OR LESS
                                                   8 = SMOKE OR HAZE
[NO. OF DAYS WITH]      [WEATHER - DAYS WITH]      9 = BLOWING SNOW
                                                   X = TORNADO
MAX 32 OR BELOW:   0    0.01 INCH OR MORE:  16
MAX 90 OR ABOVE:   0    0.10 INCH OR MORE:  12
MIN 32 OR BELOW:   0    0.50 INCH OR MORE:   6
MIN  0 OR BELOW:   0    1.00 INCH OR MORE:   3

[HDD (BASE 65) ]
TOTAL THIS MO.   107    CLEAR  (SCALE 0-3)   8
DPTR FM NORMAL     8    PTCLDY (SCALE 4-7)  13
TOTAL FM JUL 1  7771    CLOUDY (SCALE 8-10)  8
DPTR FM NORMAL   312

[CDD (BASE 65) ]
TOTAL THIS MO.    33
DPTR FM NORMAL   -21    [PRESSURE DATA]
TOTAL FM JAN 1    77    HIGHEST SLP M ON M
DPTR FM NORMAL    10    LOWEST  SLP 29.53 ON  9

[REMARKS]
