000
CXUS56 KSGX 271445
CF6PSP
PRELIMINARY LOCAL CLIMATOLOGICAL DATA (WS FORM: F-6)

                                          STATION:   PALM SPRINGS INTL AIRPORT CA
                                          MONTH:     JULY
                                          YEAR:      2015
                                          LATITUDE:   33 49 N
                                          LONGITUDE: 116 30 W

  TEMPERATURE IN F:       :PCPN:    SNOW:  WIND      :SUNSHINE: SKY     :PK WND
================================================================================
1   2   3   4   5  6A  6B    7    8   9   10  11  12  13   14  15   16   17  18
                                     12Z  AVG MX 2MIN
DY MAX MIN AVG DEP HDD CDD  WTR  SNW DPTH SPD SPD DIR MIN PSBL S-S WX    SPD DR
================================================================================

 1  99  85  92   2   0  27    T  0.0    0  6.3 16  10   M    M   3        18  10
 2 109  82  96   5   0  31 0.00  0.0    0  8.8 24 320   M    M   2        32 310
 3 111  83  97   6   0  32 0.00  0.0    0  7.1 24 320   M    M   2        29 320
 4 111  85  98   7   0  33 0.00  0.0    0  9.4 23 330   M    M   1        29 310
 5 107  81  94   3   0  29 0.00  0.0    0  7.3 21 320   M    M   1        25  10
 6 106  78  92   0   0  27 0.00  0.0    0  8.6 20 320   M    M   1        29 310
 7 107  79  93   1   0  28 0.00  0.0    0 10.5 28 330   M    M   1        35 350
 8 101  73  87  -5   0  22 0.00  0.0    0 13.3 35 330   M    M   0        42 330
 9  95  71  83  -9   0  18 0.00  0.0    0 13.3 28 340   M    M   0        34 330
10  94  71  83  -9   0  18 0.00  0.0    0 12.9 23 320   M    M   1        29 320
11  98  70  84  -8   0  19 0.00  0.0    0  6.9 17 330   M    M   1        23  30
12 104  76  90  -2   0  25 0.00  0.0    0  6.1 21 320   M    M   1        25 330
13 109  73  91  -1   0  26 0.00  0.0    0  8.1 25 320   M    M   0        31 310
14 108  75  92   0   0  27 0.00  0.0    0  9.1 26 330   M    M   0        35 330
15 106  74  90  -3   0  25 0.00  0.0    0  6.5 22 320   M    M   0        28 340
16 109  73  91  -2   0  26 0.00  0.0    0  5.3 18 320   M    M   0        22 320
17 106  80  93   0   0  28 0.00  0.0    0  8.4 21 320   M    M   2 8      26 320
18  92  75  84  -9   0  19 0.33  0.0    0  5.8 23 340   M    M   5 1      26 340
19  94  74  84  -9   0  19 0.09  0.0    0  5.3 21 330   M    M   5        25 330
20  99  76  88  -5   0  23 0.00  0.0    0  6.8 20 330   M    M   4        23 310
21 103  81  92  -1   0  27 0.00  0.0    0 14.2 26 310   M    M   2        35 310
22 100  80  90  -3   0  25 0.00  0.0    0 12.9 26 330   M    M   1        38 210
23 102  74  88  -5   0  23 0.00  0.0    0  8.0 23 330   M    M   0        30 320
24 107  74  91  -2   0  26 0.00  0.0    0  7.5 23 320   M    M   0        30 350
25 110  76  93   0   0  28 0.00  0.0    0  7.2 25 320   M    M   0        32 320
26 108  76  92  -1   0  27 0.00  0.0    0 10.2 29 330   M    M   0        37 320
================================================================================
SM 2695 1995         0 658  0.42     0.0 225.8          M       33
================================================================================
AV103.7 76.7                               8.7 FASTST   M    M   1    MAX(MPH)
                                 MISC ---->  # 35 330               # 42  330
================================================================================
NOTES:
# LAST OF SEVERAL OCCURRENCES

COLUMN 17 PEAK WIND IN M.P.H.

PRELIMINARY LOCAL CLIMATOLOGICAL DATA (WS FORM: F-6) , PAGE 2

                                          STATION:  PALM SPRINGS INTL AIRPORT CA
                                          MONTH:    JULY
                                          YEAR:     2015
                                          LATITUDE:   33 49 N
                                          LONGITUDE: 116 30 W

[TEMPERATURE DATA]      [PRECIPITATION DATA]       SYMBOLS USED IN COLUMN 16

AVERAGE MONTHLY: 90.2   TOTAL FOR MONTH:   0.42    1 = FOG OR MIST
DPTR FM NORMAL:  -2.0   DPTR FM NORMAL:    0.26    2 = FOG REDUCING VISIBILITY
HIGHEST:   111 ON  4, 3 GRTST 24HR  0.33 ON 18-18      TO 1/4 MILE OR LESS
LOWEST:     70 ON 11                               3 = THUNDER
                        SNOW, ICE PELLETS, HAIL    4 = ICE PELLETS
                        TOTAL MONTH:   0.0 INCH    5 = HAIL
                        GRTST 24HR     0.0         6 = FREEZING RAIN OR DRIZZLE
                        GRTST DEPTH:   0           7 = DUSTSTORM OR SANDSTORM:
                                                       VSBY 1/2 MILE OR LESS
                                                   8 = SMOKE OR HAZE
[NO. OF DAYS WITH]      [WEATHER - DAYS WITH]      9 = BLOWING SNOW
                                                   X = TORNADO
MAX 32 OR BELOW:   0    0.01 INCH OR MORE:   2
MAX 90 OR ABOVE:  26    0.10 INCH OR MORE:   1
MIN 32 OR BELOW:   0    0.50 INCH OR MORE:   0
MIN  0 OR BELOW:   0    1.00 INCH OR MORE:   0

[HDD (BASE 65) ]
TOTAL THIS MO.     0    CLEAR  (SCALE 0-3)  23
DPTR FM NORMAL     0    PTCLDY (SCALE 4-7)   3
TOTAL FM JUL 1     0    CLOUDY (SCALE 8-10)  0
DPTR FM NORMAL     0

[CDD (BASE 65) ]
TOTAL THIS MO.   658
DPTR FM NORMAL   -50    [PRESSURE DATA]
TOTAL FM JAN 1  2509    HIGHEST SLP M ON M
DPTR FM NORMAL   395    LOWEST  SLP 29.76 ON 17

[REMARKS]
