000
CXUS56 KSGX 231545
CF6PSP
PRELIMINARY LOCAL CLIMATOLOGICAL DATA (WS FORM: F-6)

                                          STATION:   PALM SPRINGS INTL AIRPORT CA
                                          MONTH:     AUGUST
                                          YEAR:      2016
                                          LATITUDE:   33 49 N
                                          LONGITUDE: 116 30 W

  TEMPERATURE IN F:       :PCPN:    SNOW:  WIND      :SUNSHINE: SKY     :PK WND
================================================================================
1   2   3   4   5  6A  6B    7    8   9   10  11  12  13   14  15   16   17  18
                                     12Z  AVG MX 2MIN
DY MAX MIN AVG DEP HDD CDD  WTR  SNW DPTH SPD SPD DIR MIN PSBL S-S WX    SPD DR
================================================================================

 1 104  83  94   1   0  29 0.00  0.0    0  6.9 20 320   M    M   1        25 320
 2 105  84  95   2   0  30 0.00  0.0    0  6.7 20 330   M    M   1        23 340
 3 106  83  95   2   0  30 0.00  0.0    0  6.0 22 320   M    M   2        29 290
 4 107  84  96   3   0  31 0.00  0.0    0  6.2 18 320   M    M   2 8      25 290
 5 109  82  96   4   0  31 0.00  0.0    0  6.6 23 320   M    M   1        28 330
 6 109  79  94   2   0  29 0.00  0.0    0  5.5 24 320   M    M   0        29 330
 7 110  77  94   2   0  29 0.00  0.0    0  7.3 24 330   M    M   0        29 320
 8 109  79  94   2   0  29 0.00  0.0    0  8.2 24 320   M    M   0        30 320
 9 104  74  89  -3   0  24 0.00  0.0    0  5.9 20 320   M    M   0        24 320
10 105  79  92   0   0  27 0.00  0.0    0  7.6 25 320   M    M   1        29 320
11 104  80  92   0   0  27 0.00  0.0    0  4.7 16 320   M    M   2        19 320
12 108  82  95   3   0  30 0.00  0.0    0  6.1 15 320   M    M   1        19 120
13 113  84  99   7   0  34 0.00  0.0    0  5.7 22 320   M    M   1        28 320
14 114  84  99   7   0  34 0.00  0.0    0  6.7 20 320   M    M   0        25 340
15 116  83 100   8   0  35 0.00  0.0    0  5.8 26 330   M    M   0        36 320
16 115  82  99   7   0  34 0.00  0.0    0  7.8 24 330   M    M   0        32 330
17 113  81  97   5   0  32 0.00  0.0    0  5.1 20 340   M    M   1        24 270
18 107  84  96   4   0  31 0.00  0.0    0  5.0 20 330   M    M   2        28 310
19 109  80  95   3   0  30 0.00  0.0    0  7.1 22 330   M    M   2        26 320
20 108  82  95   3   0  30 0.00  0.0    0  7.3 22 330   M    M   1        26 330
21  98  84  91  -1   0  26 0.00  0.0    0  3.4 14 130   M    M   3        19 130
22 106  78  92   0   0  27 0.00  0.0    0  5.9 22 320   M    M   1        27 320
================================================================================
SM 2379 1788         0 659  0.00     0.0 137.5          M       22
================================================================================
AV108.1 81.3                               6.2 FASTST   M    M   1    MAX(MPH)
                                 MISC ---->  # 26 330               # 36  320
================================================================================
NOTES:
# LAST OF SEVERAL OCCURRENCES

COLUMN 17 PEAK WIND IN M.P.H.

PRELIMINARY LOCAL CLIMATOLOGICAL DATA (WS FORM: F-6) , PAGE 2

                                          STATION:  PALM SPRINGS INTL AIRPORT CA
                                          MONTH:    AUGUST
                                          YEAR:     2016
                                          LATITUDE:   33 49 N
                                          LONGITUDE: 116 30 W

[TEMPERATURE DATA]      [PRECIPITATION DATA]       SYMBOLS USED IN COLUMN 16

AVERAGE MONTHLY: 94.7   TOTAL FOR MONTH:   0.00    1 = FOG OR MIST
DPTR FM NORMAL:   2.5   DPTR FM NORMAL:   -0.24    2 = FOG REDUCING VISIBILITY
HIGHEST:   116 ON 15    GRTST 24HR    T  ON 20-21      TO 1/4 MILE OR LESS
LOWEST:     74 ON  9                               3 = THUNDER
                        SNOW, ICE PELLETS, HAIL    4 = ICE PELLETS
                        TOTAL MONTH:   0.0 INCH    5 = HAIL
                        GRTST 24HR     0.0         6 = FREEZING RAIN OR DRIZZLE
                        GRTST DEPTH:   0           7 = DUSTSTORM OR SANDSTORM:
                                                       VSBY 1/2 MILE OR LESS
                                                   8 = SMOKE OR HAZE
[NO. OF DAYS WITH]      [WEATHER - DAYS WITH]      9 = BLOWING SNOW
                                                   X = TORNADO
MAX 32 OR BELOW:   0    0.01 INCH OR MORE:   0
MAX 90 OR ABOVE:  22    0.10 INCH OR MORE:   0
MIN 32 OR BELOW:   0    0.50 INCH OR MORE:   0
MIN  0 OR BELOW:   0    1.00 INCH OR MORE:   0

[HDD (BASE 65) ]
TOTAL THIS MO.     0    CLEAR  (SCALE 0-3)  22
DPTR FM NORMAL     0    PTCLDY (SCALE 4-7)   0
TOTAL FM JUL 1     0    CLOUDY (SCALE 8-10)  0
DPTR FM NORMAL     0

[CDD (BASE 65) ]
TOTAL THIS MO.   659
DPTR FM NORMAL    60    [PRESSURE DATA]
TOTAL FM JAN 1  3405    HIGHEST SLP M ON M
DPTR FM NORMAL   554    LOWEST  SLP 29.75 ON  7

[REMARKS]
