000
CXUS56 KOTX 301500
CF6PUW
PRELIMINARY LOCAL CLIMATOLOGICAL DATA (WS FORM: F-6)

                                          STATION:   PULLMAN-MOSCOW  AIRPORT
                                          MONTH:     AUGUST
                                          YEAR:      2015
                                          LATITUDE:   46 44 N
                                          LONGITUDE: 117  7 W

  TEMPERATURE IN F:       :PCPN:    SNOW:  WIND      :SUNSHINE: SKY     :PK WND
================================================================================
1   2   3   4   5  6A  6B    7    8   9   10  11  12  13   14  15   16   17  18
                                     12Z  AVG MX 2MIN
DY MAX MIN AVG DEP HDD CDD  WTR  SNW DPTH SPD SPD DIR MIN PSBL S-S WX    SPD DR
================================================================================

 1  98  51  75   7   0  10 0.00    M    M  4.9 16 270   M    M   0 8      24 260
 2  98  49  74   6   0   9 0.00    M    M  3.8 14 270   M    M   0 8      16 260
 3  88  51  70   2   0   5    T    M    M  7.4 22 260   M    M   2 8      30 250
 4  86  57  72   5   0   7 0.00    M    M  5.8 20 240   M    M   1        23 240
 5  80  61  71   4   0   6 0.00    M    M 11.0 22 240   M    M   1        27 240
 6  75  48  62  -5   3   0 0.00    M    M  6.6 21 280   M    M   1        26 280
 7  84  41  63  -4   2   0 0.00    M    M  3.2 12  30   M    M   0        15 120
 8  85  44  65  -2   0   0 0.00    M    M  2.7 13 260   M    M   0        24 240
 9  85  52  69   2   0   4    T    M    M  2.9 13  30   M    M   0        15  30
10  92  55  74   7   0   9    T    M    M  5.1 31 250   M    M   0 3      42 250
11 100  54  77  10   0  12    T    M    M  4.9 20 110   M    M   1        23  10
12  99  63  81  14   0  16 0.00    M    M  3.0 26 100   M    M   1 38     31 100
13 100  57  79  13   0  14    T    M    M  2.3 15 290   M    M   1 38     19 290
14  86  60  73   7   0   8 0.00    M    M  9.3 29 250   M    M   5 8      37 260
15  75  46  61  -5   4   0 0.00    M    M  8.8 21 240   M    M   2        26 240
16  77  41  59  -7   6   0 0.00    M    M  3.3 12 340   M    M   0 8      15 310
17  81  44  63  -3   2   0 0.00    M    M  2.6 12 300   M    M   1 8      15 260
18  86  44  65  -1   0   0 0.00    M    M  3.3 16 280   M    M   0 8      23 290
19  88  50  69   3   0   4 0.00    M    M  5.1 16 240   M    M   2 8      22 270
20  86  55  71   6   0   6 0.00    M    M  9.5 26 250   M    M   0 8      36 250
21  76  50  63  -2   2   0 0.00    M    M 12.0 26 280   M    M   3 8      33 260
22  77  38  58  -7   7   0 0.00    M    M  2.1 10 230   M    M   6 8      13 200
23  87  45  66   1   0   1 0.00    M    M  5.0 17  90   M    M  10 8      23 100
24  84  45  65   1   0   0 0.00    M    M  1.7 13 230   M    M  10 8      16 230
25  87  52  70   6   0   5 0.00    M    M  3.4 12 300   M    M   3 8      16 300
26  91  50  71   7   0   6 0.00    M    M  2.5 10 280   M    M   4 8      14 250
27  87  51  69   5   0   4 0.00    M    M  3.3 14 250   M    M   0 8      20 260
28  80  59  70   6   0   5 0.00    M    M  8.9 18 110   M    M   0 8      23 120
29  81  55  68   5   0   3 0.13    M    M 10.4 35 230   M    M   7 38     43 250
================================================================================
SM 2499 1468        26 134  0.13    M    154.8          M       61
================================================================================
AV 86.2 50.6                               5.3 FASTST   M    M   2    MAX(MPH)
                                 MISC ---->  # 35 230               # 43  250
================================================================================
NOTES:
# LAST OF SEVERAL OCCURRENCES

COLUMN 17 PEAK WIND IN M.P.H.

PRELIMINARY LOCAL CLIMATOLOGICAL DATA (WS FORM: F-6) , PAGE 2

                                          STATION:  PULLMAN-MOSCOW  AIRPORT
                                          MONTH:    AUGUST
                                          YEAR:     2015
                                          LATITUDE:   46 44 N
                                          LONGITUDE: 117  7 W

[TEMPERATURE DATA]      [PRECIPITATION DATA]       SYMBOLS USED IN COLUMN 16

AVERAGE MONTHLY: 68.4   TOTAL FOR MONTH:   0.13    1 = FOG OR MIST
DPTR FM NORMAL:   2.5   DPTR FM NORMAL:   -0.46    2 = FOG REDUCING VISIBILITY
HIGHEST:   100 ON 13,11 GRTST 24HR  0.13 ON 29-29      TO 1/4 MILE OR LESS
LOWEST:     38 ON 22                               3 = THUNDER
                        SNOW, ICE PELLETS, HAIL    4 = ICE PELLETS
                        TOTAL MONTH:    M          5 = HAIL
                        GRTST 24HR    M  ON   M    6 = FREEZING RAIN OR DRIZZLE
                        GRTST DEPTH:  M  ON   M    7 = DUSTSTORM OR SANDSTORM:
                                                       VSBY 1/2 MILE OR LESS
                                                   8 = SMOKE OR HAZE
[NO. OF DAYS WITH]      [WEATHER - DAYS WITH]      9 = BLOWING SNOW
                                                   X = TORNADO
MAX 32 OR BELOW:   0    0.01 INCH OR MORE:   1
MAX 90 OR ABOVE:   7    0.10 INCH OR MORE:   1
MIN 32 OR BELOW:   0    0.50 INCH OR MORE:   0
MIN  0 OR BELOW:   0    1.00 INCH OR MORE:   0

[HDD (BASE 65) ]
TOTAL THIS MO.    26    CLEAR  (SCALE 0-3)  23
DPTR FM NORMAL   -33    PTCLDY (SCALE 4-7)   4
TOTAL FM JUL 1    45    CLOUDY (SCALE 8-10)  2
DPTR FM NORMAL   -78

[CDD (BASE 65) ]
TOTAL THIS MO.   134
DPTR FM NORMAL    47    [PRESSURE DATA]
TOTAL FM JAN 1   408    HIGHEST SLP  0.00 ON 29
DPTR FM NORMAL   221    LOWEST  SLP  0.00 ON M

[REMARKS]
