000
CXUS51 KBOX 231200
CF6PVD
PRELIMINARY LOCAL CLIMATOLOGICAL DATA (WS FORM: F-6)

                                          STATION:   PROVIDENCE RI
                                          MONTH:     JANUARY
                                          YEAR:      2017
                                          LATITUDE:   41 43 N
                                          LONGITUDE:  71 26 W

  TEMPERATURE IN F:       :PCPN:    SNOW:  WIND      :SUNSHINE: SKY     :PK WND
================================================================================
1   2   3   4   5  6A  6B    7    8   9   10  11  12  13   14  15   16   17  18
                                     12Z  AVG MX 2MIN
DY MAX MIN AVG DEP HDD CDD  WTR  SNW DPTH SPD SPD DIR MIN PSBL S-S WX    SPD DR
================================================================================

 1  46  27  37   7  28   0 0.07  0.0    0  8.9 21 290   M    M   4        29 300
 2  39  23  31   1  34   0 0.01  0.0    0  4.2  9  60   M    M   7        12  40
 3  45  38  42  12  23   0 0.92  0.0    0 10.9 17  20   M    M  10 1      23  10
 4  49  34  42  12  23   0    T  0.0    0 10.1 22 240   M    M   7 1      40 280
 5  34  27  31   1  34   0 0.00  0.0    0 10.7 23 260   M    M   5        33 260
 6  32  22  27  -2  38   0 0.13  3.4    0  5.4 13 320   M    M   9 1      16 320
 7  24  18  21  -8  44   0 0.55 10.7    1 14.3 28 360   M    M   8 1289   36 360
 8  22  13  18 -11  47   0    T    T   10  9.4 18 320   M    M   3 18     24 350
 9  20   5  13 -16  52   0 0.00  0.0    7  4.7 10 310   M    M   5        14 340
10  45   6  26  -3  39   0 0.18  0.0    6  4.0 17 180   M    M   7 1      22 190
11  56  40  48  19  17   0 0.18  0.0    0 12.3 35 220   M    M   7 1      45 210
12  60  44  52  23  13   0 0.36  0.0    0 11.6 22 220   M    M   8 1      29 220
13  57  28  43  14  22   0 0.00  0.0    0 12.0 25 310   M    M   5        36 340
14  31  19  25  -4  40   0    T    T    0  7.3 16  10   M    M   6        19 350
15  40  21  31   2  34   0 0.00  0.0    0  6.3 16 350   M    M   2        21 360
16  42  19  31   2  34   0 0.00  0.0    0  5.4 15 260   M    M   5 1      20 260
17  43  29  36   7  29   0 0.11  0.0    0  4.8 13 100   M    M   8 1      14 100
18  41  35  38   9  27   0 0.20  0.0    0  9.4 14 360   M    M  10 1      19  20
19  48  34  41  12  24   0    T  0.0    0  6.0 16 360   M    M   9 1      17 360
20  44  28  36   7  29   0 0.00  0.0    0  3.1 10 160   M    M   7        13  20
21  56  33  45  16  20   0 0.00  0.0    0  4.6 12 250   M    M   6 18     15 270
22  52  34  43  14  22   0    T  0.0    0  7.5 21  50   M    M   8 128    25  50
================================================================================
SM  926  577       673   0  2.71    14.1 172.9          M      146
================================================================================
AV 42.1 26.2                               7.9 FASTST   M    M   7    MAX(MPH)
                                 MISC ---->  # 35 220               # 45  210
================================================================================
NOTES:
# LAST OF SEVERAL OCCURRENCES

COLUMN 17 PEAK WIND IN M.P.H.

PRELIMINARY LOCAL CLIMATOLOGICAL DATA (WS FORM: F-6) , PAGE 2

                                          STATION:  PROVIDENCE RI
                                          MONTH:    JANUARY
                                          YEAR:     2017
                                          LATITUDE:   41 43 N
                                          LONGITUDE:  71 26 W

[TEMPERATURE DATA]      [PRECIPITATION DATA]       SYMBOLS USED IN COLUMN 16

AVERAGE MONTHLY: 34.2   TOTAL FOR MONTH:   2.71    1 = FOG OR MIST
DPTR FM NORMAL:   5.0   DPTR FM NORMAL:   -0.05    2 = FOG REDUCING VISIBILITY
HIGHEST:    60 ON 12    GRTST 24HR  0.93 ON  2- 3      TO 1/4 MILE OR LESS
LOWEST:      5 ON  9                               3 = THUNDER
                        SNOW, ICE PELLETS, HAIL    4 = ICE PELLETS
                        TOTAL MONTH:  14.1 INCHES  5 = HAIL
                        GRTST 24HR  10.7 ON   M    6 = FREEZING RAIN OR DRIZZLE
                        GRTST DEPTH:  10 ON  8     7 = DUSTSTORM OR SANDSTORM:
                                                       VSBY 1/2 MILE OR LESS
                                                   8 = SMOKE OR HAZE
[NO. OF DAYS WITH]      [WEATHER - DAYS WITH]      9 = BLOWING SNOW
                                                   X = TORNADO
MAX 32 OR BELOW:   5    0.01 INCH OR MORE:  10
MAX 90 OR ABOVE:   0    0.10 INCH OR MORE:   8
MIN 32 OR BELOW:  14    0.50 INCH OR MORE:   2
MIN  0 OR BELOW:   0    1.00 INCH OR MORE:   0

[HDD (BASE 65) ]
TOTAL THIS MO.   673    CLEAR  (SCALE 0-3)   1
DPTR FM NORMAL  -115    PTCLDY (SCALE 4-7)  16
TOTAL FM JUL 1  2488    CLOUDY (SCALE 8-10)  5
DPTR FM NORMAL  -327

[CDD (BASE 65) ]
TOTAL THIS MO.     0
DPTR FM NORMAL     0    [PRESSURE DATA]
TOTAL FM JAN 1     0    HIGHEST SLP M ON M
DPTR FM NORMAL     0    LOWEST  SLP 29.37 ON  3

[REMARKS]
