000
CXUS54 KOUN 240800
CF6PWA
PRELIMINARY LOCAL CLIMATOLOGICAL DATA (WS FORM: F-6)

                                          STATION:   BETHANY/WILEY POST
                                          MONTH:     APRIL
                                          YEAR:      2014
                                          LATITUDE:   35 31 N
                                          LONGITUDE:  97 38 W

  TEMPERATURE IN F:       :PCPN:    SNOW:  WIND      :SUNSHINE: SKY     :PK WND
================================================================================
1   2   3   4   5  6A  6B    7    8   9   10  11  12  13   14  15   16   17  18
                                     12Z  AVG MX 2MIN
DY MAX MIN AVG DEP HDD CDD  WTR  SNW DPTH SPD SPD DIR MIN PSBL S-S WX    SPD DR
================================================================================

 1  64  48  56   1   9   0 0.00  0.0    0 12.3 25  50   M    M   7        33  50
 2  84  51  68  12   0   3 0.00  0.0    0 17.1 26 170   M    M   3        35 170
 3  77  41  59   3   6   0 0.00  0.0    0 16.5 33 340   M    M   2        43 350
 4  62  37  50  -6  15   0 0.00  0.0    0 10.4 23 330   M    M   0        32 360
 5  69  42  56   0   9   0    T  0.0    0 11.3 20 150   M    M   2        23 150
 6  51  45  48  -9  17   0 0.16  0.0    0  5.7 15 120   M    M   8 1      21 120
 7  68  38  53  -4  12   0 0.06  0.0    0  8.1 35 320   M    M   5 123    44 330
 8  68  43  56  -1   9   0 0.00  0.0    0 13.1 30 330   M    M   1        38 350
 9  82  39  61   3   4   0 0.00  0.0    0 16.9 30 160   M    M   0        39 160
10  86  58  72  14   0   7 0.00  0.0    0 16.0 29 200   M    M   0 8      38 200
11  81  48  65   7   0   0 0.00  0.0    0 10.8 20 160   M    M   0 8      28 150
12  84  63  74  16   0   9 0.00  0.0    0 23.1 33 180   M    M   0        41 180
13  88  40  64   5   1   0 0.00  0.0    0 24.6 37 190   M    M   4 3      49 200
14  52  30  41 -18  24   0    T    T    0 18.7 31 350   M    M   6 1      43 360
15  65  27  46 -13  19   0 0.00  0.0    0 10.0 25 160   M    M   0        32 160
16  70  46  58  -2   7   0 0.00  0.0    0 23.4 38 190   M    M   0        49 200
17  59  49  54  -6  11   0    T  0.0    0  8.6 21 170   M    M   7        24 160
18  75  37  56  -4   9   0 0.00  0.0    0  7.3 15 170   M    M   1 18     23 130
19  79  48  64   4   1   0 0.00  0.0    0 12.9 23 170   M    M   0        36 170
20  75  59  67   6   0   2    T  0.0    0 13.7 24 190   M    M   2        29 190
21  79  53  66   5   0   1 0.04  0.0    0  5.8 17  20   M    M   6 13     22  20
22  81  48  65   4   0   0 0.00  0.0    0  7.0 15  80   M    M   0 12     17 150
23  87  60  74  12   0   9 0.19  0.0    0 20.1 43 140   M    M   1 3      49 140
================================================================================
SM 1686 1050       153  31  0.45    T    313.4          M       55
================================================================================
AV 73.3 45.7                              13.6 FASTST   M    M   2    MAX(MPH)
                                 MISC ---->  # 43 140               # 49  200
================================================================================
NOTES:
# LAST OF SEVERAL OCCURRENCES

COLUMN 17 PEAK WIND IN M.P.H.

PRELIMINARY LOCAL CLIMATOLOGICAL DATA (WS FORM: F-6) , PAGE 2

                                          STATION:  BETHANY/WILEY POST
                                          MONTH:    APRIL
                                          YEAR:     2014
                                          LATITUDE:   35 31 N
                                          LONGITUDE:  97 38 W

[TEMPERATURE DATA]      [PRECIPITATION DATA]       SYMBOLS USED IN COLUMN 16

AVERAGE MONTHLY: 59.5   TOTAL FOR MONTH:   0.45    1 = FOG OR MIST
DPTR FM NORMAL:   1.0   DPTR FM NORMAL:   -1.98    2 = FOG REDUCING VISIBILITY
HIGHEST:    88 ON 13    GRTST 24HR  0.22 ON  6- 7      TO 1/4 MILE OR LESS
LOWEST:     27 ON 15                               3 = THUNDER
                        SNOW, ICE PELLETS, HAIL    4 = ICE PELLETS
                        TOTAL MONTH:    T          5 = HAIL
                        GRTST 24HR    T  ON 14-14  6 = FREEZING RAIN OR DRIZZLE
                        GRTST DEPTH:   0           7 = DUSTSTORM OR SANDSTORM:
                                                       VSBY 1/2 MILE OR LESS
                                                   8 = SMOKE OR HAZE
[NO. OF DAYS WITH]      [WEATHER - DAYS WITH]      9 = BLOWING SNOW
                                                   X = TORNADO
MAX 32 OR BELOW:   0    0.01 INCH OR MORE:   4
MAX 90 OR ABOVE:   0    0.10 INCH OR MORE:   2
MIN 32 OR BELOW:   2    0.50 INCH OR MORE:   0
MIN  0 OR BELOW:   0    1.00 INCH OR MORE:   0

[HDD (BASE 65) ]
TOTAL THIS MO.   153    CLEAR  (SCALE 0-3)  16
DPTR FM NORMAL   -25    PTCLDY (SCALE 4-7)   7
TOTAL FM JUL 1  3448    CLOUDY (SCALE 8-10)  0
DPTR FM NORMAL  -118

[CDD (BASE 65) ]
TOTAL THIS MO.    31
DPTR FM NORMAL     1    [PRESSURE DATA]
TOTAL FM JAN 1    38    HIGHEST SLP M ON M
DPTR FM NORMAL    -1    LOWEST  SLP 29.34 ON 13

[REMARKS]
