000
CXUS54 KFWD 270730
CF6PWG
PRELIMINARY LOCAL CLIMATOLOGICAL DATA (WS FORM: F-6)

                                          STATION:   WACO MCGREGOR
                                          MONTH:     DECEMBER
                                          YEAR:      2014
                                          LATITUDE:   31 28 N
                                          LONGITUDE:  97 19 W

  TEMPERATURE IN F:       :PCPN:    SNOW:  WIND      :SUNSHINE: SKY     :PK WND
================================================================================
1   2   3   4   5  6A  6B    7    8   9   10  11  12  13   14  15   16   17  18
                                     12Z  AVG MX 2MIN
DY MAX MIN AVG DEP HDD CDD  WTR  SNW DPTH SPD SPD DIR MIN PSBL S-S WX    SPD DR
================================================================================

 1  64  37  51   0  14   0 0.04  0.0    0 14.6 23 340   M    M   9        31 340
 2  48  36  42  -8  23   0 0.00  0.0    0  7.2 12 350   M    M  10        18 340
 3  61  48  55   5  10   0 0.00  0.0    0  6.2 12 180   M    M  10         M  M
 4  63  55  59   9   6   0 0.00  0.0    0  7.2 15 150   M    M   9         M  M
 5  75  61  68  19   0   3 0.01  0.0    0 11.4 16 200   M    M   6        21 190
 6  70  52  61  12   4   0 0.00  0.0    0 11.7 17 350   M    M   3        23 350
 7  54  46  50   1  15   0 0.00  0.0    0  6.2 10  30   M    M   9         M  M
 8  59  39  49   1  16   0 0.00  0.0    0  5.6  8  20   M    M   5         M  M
 9  64  36  50   2  15   0 0.00  0.0    0  1.2  6  70   M    M   3         M  M
10  61  37  49   1  16   0 0.00  0.0    0  4.4 10 130   M    M   6         M  M
11  64  54  59  11   6   0 0.00  0.0    0  7.7 14 200   M    M  10        20 200
12  70  55  63  16   2   0 0.00  0.0    0  9.2 15 180   M    M   7        21 210
13  72  52  62  15   3   0 0.00  0.0    0  9.4 14 150   M    M   6        21 150
14  70  61  66  19   0   1 0.07  0.0    0 12.7 22 160   M    M   9        29 160
15  68  41  55   8  10   0 0.00  0.0    0  9.7 14 290   M    M   1        18 290
16  57  36  47   0  18   0 0.00  0.0    0  7.1 17  20   M    M   1        21 360
17  50  45  48   2  17   0 0.00  0.0    0  7.5 16 140   M    M  10         M  M
18  54  46  50   4  15   0 0.00  0.0    0  5.5 14  30   M    M  10         M  M
19  48  46  47   1  18   0 0.32  0.0    0 10.0 15 350   M    M  10         M  M
20  52  46  49   3  16   0 0.00  0.0    0  6.2  8  60   M    M  10         M  M
21  54  46  50   4  15   0 0.00  0.0    0 10.6 16 160   M    M  10        22 180
22  73  54  64  18   1   0 0.00  0.0    0 12.3 20 210   M    M   1        27 210
23  54  43  49   3  16   0 0.13  0.0    0 11.3 18  10   M    M   6        31 350
24  54  34  44  -2  21   0 0.00  0.0    0 10.9 18 320   M    M   3        25 310
25  63  32  48   2  17   0 0.00  0.0    0 14.9 30 180   M    M   0        38 180
26  70  48  59  14   6   0 0.00  0.0    0 11.2 18 180   M    M   8        24 180
================================================================================
SM 1592 1186       300   4  0.57     0.0 231.9          M      172
================================================================================
AV 61.2 45.6                               8.9 FASTST   M    M   7    MAX(MPH)
                                 MISC ---->    30   M               # 38  180
================================================================================
NOTES:
# LAST OF SEVERAL OCCURRENCES

COLUMN 17 PEAK WIND IN M.P.H.

PRELIMINARY LOCAL CLIMATOLOGICAL DATA (WS FORM: F-6) , PAGE 2

                                          STATION:  WACO MCGREGOR
                                          MONTH:    DECEMBER
                                          YEAR:     2014
                                          LATITUDE:   31 28 N
                                          LONGITUDE:  97 19 W

[TEMPERATURE DATA]      [PRECIPITATION DATA]       SYMBOLS USED IN COLUMN 16

AVERAGE MONTHLY: 53.4   TOTAL FOR MONTH:   0.57    1 = FOG OR MIST
DPTR FM NORMAL:   6.0   DPTR FM NORMAL:   -1.76    2 = FOG REDUCING VISIBILITY
HIGHEST:    75 ON  5    GRTST 24HR  0.32 ON 19-19      TO 1/4 MILE OR LESS
LOWEST:     32 ON 25                               3 = THUNDER
                        SNOW, ICE PELLETS, HAIL    4 = ICE PELLETS
                        TOTAL MONTH:   0.0 INCH    5 = HAIL
                        GRTST 24HR     0.0         6 = FREEZING RAIN OR DRIZZLE
                        GRTST DEPTH:   0           7 = DUSTSTORM OR SANDSTORM:
                                                       VSBY 1/2 MILE OR LESS
                                                   8 = SMOKE OR HAZE
[NO. OF DAYS WITH]      [WEATHER - DAYS WITH]      9 = BLOWING SNOW
                                                   X = TORNADO
MAX 32 OR BELOW:   0    0.01 INCH OR MORE:   5
MAX 90 OR ABOVE:   0    0.10 INCH OR MORE:   2
MIN 32 OR BELOW:   1    0.50 INCH OR MORE:   0
MIN  0 OR BELOW:   0    1.00 INCH OR MORE:   0

[HDD (BASE 65) ]
TOTAL THIS MO.   300    CLEAR  (SCALE 0-3)   7
DPTR FM NORMAL  -159    PTCLDY (SCALE 4-7)   6
TOTAL FM JUL 1   671    CLOUDY (SCALE 8-10) 13
DPTR FM NORMAL  -143

[CDD (BASE 65) ]
TOTAL THIS MO.     4
DPTR FM NORMAL     4    [PRESSURE DATA]
TOTAL FM JAN 1  2780    HIGHEST SLP M ON M
DPTR FM NORMAL   316    LOWEST  SLP M ON M

[REMARKS]
