000
CXUS53 KMKX 260735
CF6RAC
PRELIMINARY LOCAL CLIMATOLOGICAL DATA (WS FORM: F-6)

                                          STATION:   RACINE WI
                                          MONTH:     FEBRUARY
                                          YEAR:      2015
                                          LATITUDE:   42 45 N
                                          LONGITUDE:  87 49 W

  TEMPERATURE IN F:       :PCPN:    SNOW:  WIND      :SUNSHINE: SKY     :PK WND
================================================================================
1   2   3   4   5  6A  6B    7    8   9   10  11  12  13   14  15   16   17  18
                                     12Z  AVG MX 2MIN
DY MAX MIN AVG DEP HDD CDD  WTR  SNW DPTH SPD SPD DIR MIN PSBL S-S WX    SPD DR
================================================================================

 1  30  16  23   0  42   0    M    M    M 24.5 35  30   M    M  10 129    47  30
 2  16   6  11 -12  54   0    T    M    0 10.3 24 360   M    M   5 28     32 350
 3  22   0  11 -12  54   0    T    M    0  6.2 13 230   M    M   6 128    15 220
 4  20   5  13 -10  52   0 0.00  0.0    0  7.7 17 310   M    M   5 18     22 320
 5  15  -2   7 -16  58   0 0.00    M    M 10.6 22 250   M    M   1 8      33 240
 6  29  12  21  -2  44   0 0.00    M    M  6.4 17 250   M    M   2 18     26 250
 7  37  16  27   3  38   0 0.00    M    M  3.3 12 210   M    M   1 18     13 210
 8  36  24  30   6  35   0    T    M    M 14.4 24  10   M    M   9 168    33 360
 9  26  20  23  -1  42   0    T    M    0 13.7 22  10   M    M   8 18     29 360
10  30  20  25   1  40   0    T    M    0 10.8 21 160   M    M   7        28 170
11  35  17  26   2  39   0    T    M    0 13.2 21 310   M    M   7 18     31 300
12  17   5  11 -14  54   0 0.00  0.0    0 11.7 24 350   M    M   2        32 340
13  26   1  14 -11  51   0    T    M    0 10.2 22 230   M    M   6        28 240
14  26   1  14 -11  51   0    T    M    0 17.7 31 340   M    M   5 8      41  10
15  14  -3   6 -19  59   0    T    M    0  7.2 15 340   M    M   8 8      22 310
16  17  10  14 -12  51   0    T    M    M  5.4 13 160   M    M  10        14 140
17  17   8  13 -13  52   0    T    M    M  8.8 17 280   M    M   7 18     25 280
18   8  -4   2 -24  63   0    T    M    M 12.0 22 300   M    M   6 8      30 280
19   4 -10  -3 -30  68   0 0.00  0.0    0  8.5 20 310   M    M   0        26 310
20  19  -6   7 -20  58   0    T    M    0 10.5 20 190   M    M   7 8      26 200
21  28  19  24  -3  41   0    T    M    0  5.2 14 210   M    M  10 8      17 210
22  25   1  13 -15  52   0    T    M    0 10.4 17 320   M    M   3 8      24 280
23   9  -7   1 -27  64   0 0.00    M    M  9.3 16 230   M    M   0        24 230
24  30   5  18 -10  47   0    T    M    M 15.1 25 220   M    M   4 8      35 210
25  21   9  15 -14  50   0    T    M    M  9.0 15  30   M    M   7 18     20  20
================================================================================
SM  557  163      1259   0    T      0.0 262.1          M      136
================================================================================
AV 22.3  6.5                              10.5 FASTST   M    M   5    MAX(MPH)
                                 MISC ---->  # 35  30               # 47   30
================================================================================
NOTES:
# LAST OF SEVERAL OCCURRENCES

COLUMN 17 PEAK WIND IN M.P.H.

PRELIMINARY LOCAL CLIMATOLOGICAL DATA (WS FORM: F-6) , PAGE 2

                                          STATION:  RACINE WI
                                          MONTH:    FEBRUARY
                                          YEAR:     2015
                                          LATITUDE:   42 45 N
                                          LONGITUDE:  87 49 W

[TEMPERATURE DATA]      [PRECIPITATION DATA]       SYMBOLS USED IN COLUMN 16

AVERAGE MONTHLY: 14.4   TOTAL FOR MONTH:      T    1 = FOG OR MIST
DPTR FM NORMAL: -10.8   DPTR FM NORMAL:   -1.07    2 = FOG REDUCING VISIBILITY
HIGHEST:    37 ON  7    GRTST 24HR    T  ON 25-25      TO 1/4 MILE OR LESS
LOWEST:    -10 ON 19                               3 = THUNDER
                        SNOW, ICE PELLETS, HAIL    4 = ICE PELLETS
                        TOTAL MONTH:   0.0 INCH    5 = HAIL
                        GRTST 24HR     0.0         6 = FREEZING RAIN OR DRIZZLE
                        GRTST DEPTH:   0           7 = DUSTSTORM OR SANDSTORM:
                                                       VSBY 1/2 MILE OR LESS
                                                   8 = SMOKE OR HAZE
[NO. OF DAYS WITH]      [WEATHER - DAYS WITH]      9 = BLOWING SNOW
                                                   X = TORNADO
MAX 32 OR BELOW:  22    0.01 INCH OR MORE:   0
MAX 90 OR ABOVE:   0    0.10 INCH OR MORE:   0
MIN 32 OR BELOW:  25    0.50 INCH OR MORE:   0
MIN  0 OR BELOW:   7    1.00 INCH OR MORE:   0

[HDD (BASE 65) ]
TOTAL THIS MO.  1259    CLEAR  (SCALE 0-3)   7
DPTR FM NORMAL   264    PTCLDY (SCALE 4-7)  12
TOTAL FM JUL 1  5185    CLOUDY (SCALE 8-10)  6
DPTR FM NORMAL   347

[CDD (BASE 65) ]
TOTAL THIS MO.     0
DPTR FM NORMAL     0    [PRESSURE DATA]
TOTAL FM JAN 1     0    HIGHEST SLP M ON M
DPTR FM NORMAL     0    LOWEST  SLP 29.58 ON  7

[REMARKS]
