000
CXUS56 KSGX 291445
CF6RAL
PRELIMINARY LOCAL CLIMATOLOGICAL DATA (WS FORM: F-6)

                                          STATION:   RIVERSIDE MUNI AIRPORT CA
                                          MONTH:     JUNE
                                          YEAR:      2015
                                          LATITUDE:   33 57 N
                                          LONGITUDE: 117 27 W

  TEMPERATURE IN F:       :PCPN:    SNOW:  WIND      :SUNSHINE: SKY     :PK WND
================================================================================
1   2   3   4   5  6A  6B    7    8   9   10  11  12  13   14  15   16   17  18
                                     12Z  AVG MX 2MIN
DY MAX MIN AVG DEP HDD CDD  WTR  SNW DPTH SPD SPD DIR MIN PSBL S-S WX    SPD DR
================================================================================

 1  85  58  72   2   0   7 0.00  0.0    0  4.9 16 270   M    M   4 18     23 280
 2  84  57  71   1   0   6 0.00  0.0    0  5.0 16 270   M    M   0        23 270
 3  80  59  70   0   0   5    T  0.0    0  5.4 15 260   M    M   5 18     21 260
 4  73  58  66  -4   0   1    T  0.0    0  5.0 16 280   M    M   7        22 280
 5  77  59  68  -2   0   3 0.00  0.0    0  5.6 18 260   M    M   5        24 250
 6  81  58  70   0   0   5 0.00  0.0    0  5.5 13 270   M    M   4        19 250
 7  96  58  77   7   0  12 0.00  0.0    0  5.3 18 280   M    M   0        24 280
 8 105  61  83  12   0  18 0.00  0.0    0  5.4 20 260   M    M   0        25 260
 9  90  70  80   9   0  15    T  0.0    0  4.7 15 250   M    M   7        20 250
10  83  65  74   3   0   9 0.00  0.0    0  6.4 17 260   M    M   3        23 250
11  81  63  72   1   0   7 0.00  0.0    0  6.1 14 280   M    M   5 1      19 250
12  81  63  72   1   0   7 0.00  0.0    0  5.4 15 280   M    M   6 18     20 270
13  81  62  72   0   0   7 0.00  0.0    0  6.2 16 260   M    M   5 18     21 280
14  91  62  77   5   0  12 0.00  0.0    0  5.5 13 270   M    M   3 18     19 270
15  96  62  79   7   0  14 0.00  0.0    0  4.4 16 270   M    M   2 18     23 280
16  94  61  78   6   0  13 0.00  0.0    0  5.4 14 270   M    M   0 18     21 270
17  94  58  76   4   0  11 0.00  0.0    0  5.0 16 260   M    M   2 128    23 270
18  99  62  81   8   0  16 0.00  0.0    0  4.6 16 270   M    M   0 18     22 270
19 100  65  83  10   0  18 0.00  0.0    0  3.8 15 280   M    M   0        21 270
20  98  66  82   9   0  17 0.00  0.0    0  4.2 16 280   M    M   0        22 250
21  92  64  78   5   0  13 0.00  0.0    0  5.1 15 270   M    M   0        23 280
22  94  65  80   6   0  15 0.00  0.0    0  4.7 16 270   M    M   0        23 280
23  96  65  81   7   0  16 0.00  0.0    0  4.9 17 260   M    M   1        24 270
24  96  65  81   7   0  16 0.00  0.0    0  4.8 17 270   M    M   0        24 250
25  95  63  79   5   0  14 0.00  0.0    0  4.6 15 270   M    M   0        23 280
26  97  66  82   7   0  17 0.00  0.0    0  4.9 16 270   M    M   2        21 280
27  93  65  79   4   0  14 0.00  0.0    0  3.7 16 270   M    M   3        25 270
28 102  72  87  12   0  22 0.00  0.0    0  4.5 15 260   M    M   3        20 250
================================================================================
SM 2534 1752         0 330    T      0.0 141.0          M       67
================================================================================
AV 90.5 62.6                               5.0 FASTST   M    M   2    MAX(MPH)
                                 MISC ---->  # 20 260               # 25  260
================================================================================
NOTES:
# LAST OF SEVERAL OCCURRENCES

COLUMN 17 PEAK WIND IN M.P.H.

PRELIMINARY LOCAL CLIMATOLOGICAL DATA (WS FORM: F-6) , PAGE 2

                                          STATION:  RIVERSIDE MUNI AIRPORT CA
                                          MONTH:    JUNE
                                          YEAR:     2015
                                          LATITUDE:   33 57 N
                                          LONGITUDE: 117 27 W

[TEMPERATURE DATA]      [PRECIPITATION DATA]       SYMBOLS USED IN COLUMN 16

AVERAGE MONTHLY: 76.5   TOTAL FOR MONTH:      T    1 = FOG OR MIST
DPTR FM NORMAL:   4.5   DPTR FM NORMAL:   -0.09    2 = FOG REDUCING VISIBILITY
HIGHEST:   105 ON  8    GRTST 24HR    T  ON  9- 9      TO 1/4 MILE OR LESS
LOWEST:     57 ON  2                               3 = THUNDER
                        SNOW, ICE PELLETS, HAIL    4 = ICE PELLETS
                        TOTAL MONTH:   0.0 INCH    5 = HAIL
                        GRTST 24HR     0.0         6 = FREEZING RAIN OR DRIZZLE
                        GRTST DEPTH:   0           7 = DUSTSTORM OR SANDSTORM:
                                                       VSBY 1/2 MILE OR LESS
                                                   8 = SMOKE OR HAZE
[NO. OF DAYS WITH]      [WEATHER - DAYS WITH]      9 = BLOWING SNOW
                                                   X = TORNADO
MAX 32 OR BELOW:   0    0.01 INCH OR MORE:   0
MAX 90 OR ABOVE:  18    0.10 INCH OR MORE:   0
MIN 32 OR BELOW:   0    0.50 INCH OR MORE:   0
MIN  0 OR BELOW:   0    1.00 INCH OR MORE:   0

[HDD (BASE 65) ]
TOTAL THIS MO.     0    CLEAR  (SCALE 0-3)  18
DPTR FM NORMAL     0    PTCLDY (SCALE 4-7)  10
TOTAL FM JUL 1   764    CLOUDY (SCALE 8-10)  0
DPTR FM NORMAL  -680

[CDD (BASE 65) ]
TOTAL THIS MO.   330
DPTR FM NORMAL   130    [PRESSURE DATA]
TOTAL FM JAN 1   639    HIGHEST SLP M ON M
DPTR FM NORMAL   262    LOWEST  SLP 29.73 ON 14

[REMARKS]
