000
CXUS53 KUNR 260945
CF6RAP
PRELIMINARY LOCAL CLIMATOLOGICAL DATA (WS FORM: F-6)

                                          STATION:   RAPID CITY AIRPORT SD
                                          MONTH:     JULY
                                          YEAR:      2016
                                          LATITUDE:   44  2 N
                                          LONGITUDE: 103  4 W

  TEMPERATURE IN F:       :PCPN:    SNOW:  WIND      :SUNSHINE: SKY     :PK WND
================================================================================
1   2   3   4   5  6A  6B    7    8   9   10  11  12  13   14  15   16   17  18
                                     12Z  AVG MX 2MIN
DY MAX MIN AVG DEP HDD CDD  WTR  SNW DPTH SPD SPD DIR MIN PSBL S-S WX    SPD DR
================================================================================

 1  69  55  62  -8   3   0 0.18  0.0    0 10.4 23 150   M    M   4 1      27 150
 2  88  58  73   3   0   8 0.00  0.0    0  9.2 21 170   M    M   6 1      21 150
 3  83  54  69  -1   0   4    M  0.0    0 12.9 26 160   M    M   3 1238   33 280
 4  93  58  76   6   0  11 0.01  0.0    0  6.3 32 250   M    M   1 3      43 250
 5  84  57  71   0   0   6    T  0.0    0 10.8 30 340   M    M   1 3      37 340
 6  88  58  73   2   0   8 0.02  0.0    0 12.2 40 220   M    M   2 38     57 230
 7  78  57  68  -3   0   3 0.00  0.0    0 11.5 33 350   M    M   1        40 350
 8  87  51  69  -3   0   4 0.00  0.0    0  8.0 18 110   M    M   1        24 140
 9  95  60  78   6   0  13    T  0.0    0  6.5 20  80   M    M   0 3      23  80
10  93  58  76   4   0  11 0.00  0.0    0 15.7 40 340   M    M   1        48 350
11  85  53  69  -3   0   4 0.00  0.0    0 16.7 39 330   M    M   1        49 330
12  88  51  70  -2   0   5 0.00  0.0    0  8.8 23 260   M    M   0        29 260
13  83  53  68  -5   0   3 0.05  0.0    0  9.0 29 340   M    M   1        34 340
14  84  51  68  -5   0   3 0.00  0.0    0  9.2 20  10   M    M   2        26  10
15  81  54  68  -5   0   3 0.22  0.0    0  9.4 21 160   M    M   1 13     25 130
16  83  58  71  -2   0   6 0.02  0.0    0  9.3 41 330   M    M   1 3      57 330
17  84  57  71  -2   0   6    T  0.0    0 10.9 29 170   M    M   1 3      35 180
18  95  61  78   5   0  13 0.42  0.0    0 13.5 38 220   M    M   0 138    48 220
19  99  63  81   8   0  16 0.00  0.0    0  8.6 18 160   M    M   0        21 160
20 102  62  82   8   0  17    T  0.0    0  7.5 33 250   M    M   0 3      47 250
21  96  71  84  10   0  19 0.00  0.0    0  9.6 23 350   M    M   0        27 350
22 101  65  83   9   0  18    T  0.0    0 11.2 33 200   M    M   0        41 210
23  90  58  74   0   0   9    T  0.0    0 15.1 40 330   M    M   0        51 320
24  88  60  74   0   0   9 0.08  0.0    0  7.2 16 150   M    M   3 3      21 160
25  92  63  78   4   0  13 0.00  0.0    0 11.6 25 180   M    M   0        31 180
================================================================================
SM 2209 1446         3 212  1.00     0.0 261.1          M       30
================================================================================
AV 88.4 57.8                              10.4 FASTST   M    M   1    MAX(MPH)
                                 MISC ---->  # 41 330               # 57  230
================================================================================
NOTES:
# LAST OF SEVERAL OCCURRENCES

COLUMN 17 PEAK WIND IN M.P.H.

PRELIMINARY LOCAL CLIMATOLOGICAL DATA (WS FORM: F-6) , PAGE 2

                                          STATION:  RAPID CITY AIRPORT SD
                                          MONTH:    JULY
                                          YEAR:     2016
                                          LATITUDE:   44  2 N
                                          LONGITUDE: 103  4 W

[TEMPERATURE DATA]      [PRECIPITATION DATA]       SYMBOLS USED IN COLUMN 16

AVERAGE MONTHLY: 73.1   TOTAL FOR MONTH:   1.00    1 = FOG OR MIST
DPTR FM NORMAL:   0.8   DPTR FM NORMAL:   -0.45    2 = FOG REDUCING VISIBILITY
HIGHEST:   102 ON 20    GRTST 24HR  0.42 ON 18-18      TO 1/4 MILE OR LESS
LOWEST:     51 ON 14,12                            3 = THUNDER
                        SNOW, ICE PELLETS, HAIL    4 = ICE PELLETS
                        TOTAL MONTH:   0.0 INCH    5 = HAIL
                        GRTST 24HR     0.0         6 = FREEZING RAIN OR DRIZZLE
                        GRTST DEPTH:   0           7 = DUSTSTORM OR SANDSTORM:
                                                       VSBY 1/2 MILE OR LESS
                                                   8 = SMOKE OR HAZE
[NO. OF DAYS WITH]      [WEATHER - DAYS WITH]      9 = BLOWING SNOW
                                                   X = TORNADO
MAX 32 OR BELOW:   0    0.01 INCH OR MORE:   8
MAX 90 OR ABOVE:  10    0.10 INCH OR MORE:   3
MIN 32 OR BELOW:   0    0.50 INCH OR MORE:   0
MIN  0 OR BELOW:   0    1.00 INCH OR MORE:   0

[HDD (BASE 65) ]
TOTAL THIS MO.     3    CLEAR  (SCALE 0-3)  23
DPTR FM NORMAL    -7    PTCLDY (SCALE 4-7)   2
TOTAL FM JUL 1     3    CLOUDY (SCALE 8-10)  0
DPTR FM NORMAL    -7

[CDD (BASE 65) ]
TOTAL THIS MO.   212
DPTR FM NORMAL    16    [PRESSURE DATA]
TOTAL FM JAN 1   398    HIGHEST SLP M ON M
DPTR FM NORMAL   103    LOWEST  SLP 29.42 ON 10

[REMARKS]
