000
CXUS56 KMFR 241000
CF6RBG
PRELIMINARY LOCAL CLIMATOLOGICAL DATA (WS FORM: F-6)

                                          STATION:   ROSEBURG OR
                                          MONTH:     JULY
                                          YEAR:      2017
                                          LATITUDE:   43 13 N
                                          LONGITUDE: 123 22 W

  TEMPERATURE IN F:       :PCPN:    SNOW:  WIND      :SUNSHINE: SKY     :PK WND
================================================================================
1   2   3   4   5  6A  6B    7    8   9   10  11  12  13   14  15   16   17  18
                                     12Z  AVG MX 2MIN
DY MAX MIN AVG DEP HDD CDD  WTR  SNW DPTH SPD SPD DIR MIN PSBL S-S WX    SPD DR
================================================================================

 1  73  57  65  -3   0   0 0.00    M    M  4.9 15 360   M    M   6        20 360
 2  89  57  73   5   0   8 0.00    M    M  5.4 17  10   M    M   3        23  10
 3  83  56  70   2   0   5 0.00    M    M  7.0 18  10   M    M   0        23 360
 4  91  58  75   7   0  10 0.00    M    M  3.8 14  10   M    M   0 8      20  20
 5  88  62  75   7   0  10 0.00    M    M  5.2 14 340   M    M   0        20  20
 6  90  55  73   4   0   8 0.00    M    M  6.9 14  10   M    M   1 8      21  30
 7  83  57  70   1   0   5 0.00    M    M  6.8 14 360   M    M   3 8      17 360
 8  91  56  74   5   0   9 0.00    M    M  4.5 16 360   M    M   0        21 360
 9  90  58  74   5   0   9 0.00    M    M  5.9 18  20   M    M   0        24  20
10  84  60  72   2   0   7 0.00    M    M  6.1 14  10   M    M   1        23 360
11  86  54  70   0   0   5 0.00    M    M  6.7 16  10   M    M   0        22  10
12  90  55  73   3   0   8 0.00    M    M  4.5 14 320   M    M   0        20 330
13  79  56  68  -2   0   3 0.00    M    M  5.5 14  20   M    M   3        20  10
14  91  55  73   3   0   8 0.00    M    M  4.6 17  10   M    M   0        20  10
15  86  54  70   0   0   5 0.00    M    M  5.0 18 360   M    M   0        24  10
16  82  54  68  -3   0   3 0.00    M    M  6.7 18  10   M    M   2        25  20
17  85  52  69  -2   0   4 0.00    M    M  5.0 15  20   M    M   0        20 360
18  86  53  70  -1   0   5 0.00    M    M  4.4 15 330   M    M   0        21 300
19  84  51  68  -3   0   3 0.00    M    M  4.2 14 310   M    M   0 8      21 310
20  82  53  68  -3   0   3 0.00    M    M  4.5 15 320   M    M   2        20 330
21  87  54  71   0   0   6 0.00    M    M  4.0 16 360   M    M   0        20  10
22  94  56  75   4   0  10 0.00    M    M  6.1 21  10   M    M   0        28 360
23  89  68  79   8   0  14 0.00    M    M  9.5 22  10   M    M   0        27  10
================================================================================
SM 1983 1291         0 148  0.00    M    127.2          M       21
================================================================================
AV 86.2 56.1                               5.5 FASTST   M    M   1    MAX(MPH)
                                 MISC ---->  # 22  10               # 28  360
================================================================================
NOTES:
# LAST OF SEVERAL OCCURRENCES

COLUMN 17 PEAK WIND IN M.P.H.

PRELIMINARY LOCAL CLIMATOLOGICAL DATA (WS FORM: F-6) , PAGE 2

                                          STATION:  ROSEBURG OR
                                          MONTH:    JULY
                                          YEAR:     2017
                                          LATITUDE:   43 13 N
                                          LONGITUDE: 123 22 W

[TEMPERATURE DATA]      [PRECIPITATION DATA]       SYMBOLS USED IN COLUMN 16

AVERAGE MONTHLY: 71.2   TOTAL FOR MONTH:   0.00    1 = FOG OR MIST
DPTR FM NORMAL:   1.4   DPTR FM NORMAL:   -0.34    2 = FOG REDUCING VISIBILITY
HIGHEST:    94 ON 22    GRTST 24HR  0.00 ON 23-23      TO 1/4 MILE OR LESS
LOWEST:     51 ON 19                               3 = THUNDER
                        SNOW, ICE PELLETS, HAIL    4 = ICE PELLETS
                        TOTAL MONTH:    M          5 = HAIL
                        GRTST 24HR    M  ON   M    6 = FREEZING RAIN OR DRIZZLE
                        GRTST DEPTH:  M  ON   M    7 = DUSTSTORM OR SANDSTORM:
                                                       VSBY 1/2 MILE OR LESS
                                                   8 = SMOKE OR HAZE
[NO. OF DAYS WITH]      [WEATHER - DAYS WITH]      9 = BLOWING SNOW
                                                   X = TORNADO
MAX 32 OR BELOW:   0    0.01 INCH OR MORE:   0
MAX 90 OR ABOVE:   7    0.10 INCH OR MORE:   0
MIN 32 OR BELOW:   0    0.50 INCH OR MORE:   0
MIN  0 OR BELOW:   0    1.00 INCH OR MORE:   0

[HDD (BASE 65) ]
TOTAL THIS MO.     0    CLEAR  (SCALE 0-3)  20
DPTR FM NORMAL    -8    PTCLDY (SCALE 4-7)   3
TOTAL FM JUL 1     0    CLOUDY (SCALE 8-10)  0
DPTR FM NORMAL    -8

[CDD (BASE 65) ]
TOTAL THIS MO.   148
DPTR FM NORMAL    28    [PRESSURE DATA]
TOTAL FM JAN 1   302    HIGHEST SLP M ON M
DPTR FM NORMAL   112    LOWEST  SLP  0.00 ON 23

[REMARKS]
