000
CXUS56 KMFR 291000
CF6RBG
PRELIMINARY LOCAL CLIMATOLOGICAL DATA (WS FORM: F-6)

                                          STATION:   ROSEBURG OR
                                          MONTH:     MARCH
                                          YEAR:      2015
                                          LATITUDE:   43 13 N
                                          LONGITUDE: 123 22 W

  TEMPERATURE IN F:       :PCPN:    SNOW:  WIND      :SUNSHINE: SKY     :PK WND
================================================================================
1   2   3   4   5  6A  6B    7    8   9   10  11  12  13   14  15   16   17  18
                                     12Z  AVG MX 2MIN
DY MAX MIN AVG DEP HDD CDD  WTR  SNW DPTH SPD SPD DIR MIN PSBL S-S WX    SPD DR
================================================================================

 1  59  28  44  -3  21   0 0.00    M    M  2.3  8 340   M    M   1 12     11 330
 2  51  42  47   0  18   0 0.03    M    M  2.5 13  10   M    M  10        15 350
 3  58  35  47   0  18   0    T    M    M  1.9 12  10   M    M   3 12     14  10
 4  62  31  47   0  18   0 0.00  0.0    0  1.4  8 330   M    M   2 12     11 330
 5  70  33  52   4  13   0 0.00    M    M  1.1  7 350   M    M   2 12      9 340
 6  71  37  54   6  11   0 0.00    M    M  0.9  8  20   M    M   0 1      11 340
 7  70  39  55   7  10   0 0.00    M    M  1.9 12 360   M    M   2 12     15  10
 8  73  37  55   7  10   0 0.00    M    M  1.2  7  10   M    M   0         9 360
 9  74  40  57   9   8   0 0.00    M    M  1.5  9  10   M    M   3 12     13 360
10  66  40  53   5  12   0    T    M    M  1.2  6  10   M    M   2 1       7  20
11  64  50  57   9   8   0 0.37    M    M  1.5 16 160   M    M   8 1      20 150
12  69  49  59  11   6   0 0.00    M    M  1.3  8 360   M    M   5 12     11 350
13  69  47  58  10   7   0    T    M    M  1.5  7 160   M    M   3 1       8 150
14  63  55  59  11   6   0 0.64    M    M  1.5  8  10   M    M   8 1      10 330
15  62  49  56   8   9   0 0.15    M    M  3.6 17 210   M    M   9 12     26 200
16  62  46  54   5  11   0 0.00    M    M  1.9  9 360   M    M   6        12 360
17  63  45  54   5  11   0    T    M    M  3.0 13 360   M    M   8 1      15 360
18  68  43  56   7   9   0 0.00    M    M  1.9 10  20   M    M   4 12     13  10
19  73  39  56   7   9   0 0.00    M    M  1.3  8 290   M    M   0 1      10 300
20  66  43  55   6  10   0 0.34    M    M  1.3 12 270   M    M   3 1      16 320
21  66  45  56   7   9   0 0.05    M    M  2.5  9 340   M    M   4 12     12 320
22  58  47  53   4  12   0 0.43    M    M  2.6 10 300   M    M   8 1      15 310
23  56  45  51   2  14   0 0.78    M    M  5.5 14 180   M    M   7 1      23 170
24  60  48  54   5  11   0 0.01    M    M  2.3 10 160   M    M   9        14 150
25  73  51  62  13   3   0 0.00    M    M  1.5 10  10   M    M   4        13  10
26  78  47  63  13   2   0 0.00    M    M  1.3  9 360   M    M   3 12     12 360
27  73  48  61  11   4   0    T    M    M  5.0 16 310   M    M   4 12     24 320
28  67  42  55   5  10   0 0.00    M    M  2.0 10 300   M    M   1        13 300
================================================================================
SM 1844 1201       290   0  2.80     0.0  57.4          M      119
================================================================================
AV 65.9 42.9                               2.0 FASTST   M    M   4    MAX(MPH)
                                 MISC ---->  # 17 210               # 26  200
================================================================================
NOTES:
# LAST OF SEVERAL OCCURRENCES

COLUMN 17 PEAK WIND IN M.P.H.

PRELIMINARY LOCAL CLIMATOLOGICAL DATA (WS FORM: F-6) , PAGE 2

                                          STATION:  ROSEBURG OR
                                          MONTH:    MARCH
                                          YEAR:     2015
                                          LATITUDE:   43 13 N
                                          LONGITUDE: 123 22 W

[TEMPERATURE DATA]      [PRECIPITATION DATA]       SYMBOLS USED IN COLUMN 16

AVERAGE MONTHLY: 54.4   TOTAL FOR MONTH:   2.80    1 = FOG OR MIST
DPTR FM NORMAL:   5.9   DPTR FM NORMAL:   -0.33    2 = FOG REDUCING VISIBILITY
HIGHEST:    78 ON 26    GRTST 24HR  0.78 ON 23-23      TO 1/4 MILE OR LESS
LOWEST:     28 ON  1                               3 = THUNDER
                        SNOW, ICE PELLETS, HAIL    4 = ICE PELLETS
                        TOTAL MONTH:   0.0 INCH    5 = HAIL
                        GRTST 24HR     0.0         6 = FREEZING RAIN OR DRIZZLE
                        GRTST DEPTH:   0           7 = DUSTSTORM OR SANDSTORM:
                                                       VSBY 1/2 MILE OR LESS
                                                   8 = SMOKE OR HAZE
[NO. OF DAYS WITH]      [WEATHER - DAYS WITH]      9 = BLOWING SNOW
                                                   X = TORNADO
MAX 32 OR BELOW:   0    0.01 INCH OR MORE:   9
MAX 90 OR ABOVE:   0    0.10 INCH OR MORE:   6
MIN 32 OR BELOW:   2    0.50 INCH OR MORE:   2
MIN  0 OR BELOW:   0    1.00 INCH OR MORE:   0

[HDD (BASE 65) ]
TOTAL THIS MO.   290    CLEAR  (SCALE 0-3)  14
DPTR FM NORMAL  -175    PTCLDY (SCALE 4-7)   9
TOTAL FM JUL 1  2347    CLOUDY (SCALE 8-10)  5
DPTR FM NORMAL  -987

[CDD (BASE 65) ]
TOTAL THIS MO.     0
DPTR FM NORMAL     0    [PRESSURE DATA]
TOTAL FM JAN 1     0    HIGHEST SLP M ON M
DPTR FM NORMAL     0    LOWEST  SLP  0.00 ON  2

[REMARKS]
