000
CXUS56 KSTO 221425
CF6RBL
PRELIMINARY LOCAL CLIMATOLOGICAL DATA (WS FORM: F-6)

                                          STATION:   RED BLUFF AIRPORT CA
                                          MONTH:     JUNE
                                          YEAR:      2017
                                          LATITUDE:   40  9 N
                                          LONGITUDE: 122 15 W

  TEMPERATURE IN F:       :PCPN:    SNOW:  WIND      :SUNSHINE: SKY     :PK WND
================================================================================
1   2   3   4   5  6A  6B    7    8   9   10  11  12  13   14  15   16   17  18
                                     12Z  AVG MX 2MIN
DY MAX MIN AVG DEP HDD CDD  WTR  SNW DPTH SPD SPD DIR MIN PSBL S-S WX    SPD DR
================================================================================

 1  86  64  75   3   0  10 0.00  0.0    0  4.5 12 160   M    M   2 8      18 200
 2  93  61  77   5   0  12 0.00  0.0    0  6.4 14 130   M    M   0        18 130
 3  92  64  78   5   0  13 0.00  0.0    0  5.8 14 170   M    M   0        17 150
 4  89  63  76   3   0  11 0.00  0.0    0  5.7 14 130   M    M   0        17 130
 5  95  60  78   5   0  13 0.00  0.0    0  7.9 18 360   M    M   0        23 350
 6  94  60  77   4   0  12 0.00  0.0    0  6.3 16 160   M    M   0        23 140
 7  84  64  74   0   0   9 0.00  0.0    0 11.4 29 160   M    M   0        38 150
 8  68  54  61 -13   4   0 0.13  0.0    0 11.2 26 150   M    M  10 18     33 140
 9  78  56  67  -7   0   2 0.00  0.0    0  8.7 24 160   M    M   4        30 150
10  76  52  64 -10   1   0 0.00  0.0    0  8.5 24 310   M    M   5        31 310
11  71  53  62 -13   3   0    T  0.0    0 10.6 22 350   M    M   5        30 360
12  74  50  62 -13   3   0 0.00  0.0    0  7.6 20 140   M    M   3        24 170
13  87  52  70  -5   0   5 0.00  0.0    0  5.1 12  20   M    M   0        15  50
14  92  59  76   0   0  11 0.00  0.0    0  6.1 13 130   M    M   0        17 190
15  95  66  81   5   0  16 0.00  0.0    0  7.7 18 310   M    M   0        24 140
16 101  69  85   9   0  20 0.00  0.0    0 11.2 23 300   M    M   0        32 290
17 102  73  88  12   0  23 0.00  0.0    0 14.2 23 360   M    M   0        32 340
18 111  80  96  20   0  31 0.00  0.0    0 11.3 26 360   M    M   0        32 360
19 113  76  95  18   0  30 0.00  0.0    0  4.8 13 170   M    M   0 8      15 170
20 110  76  93  16   0  28 0.00  0.0    0  7.0 16 180   M    M   0 8      19 350
21 110  82  96  19   0  31 0.00  0.0    0 15.4 25 340   M    M   0        32 350
================================================================================
SM 1921 1334        11 277  0.13     0.0 177.4          M       29
================================================================================
AV 91.5 63.5                               8.4 FASTST   M    M   1    MAX(MPH)
                                 MISC ---->  # 29 160               # 38  150
================================================================================
NOTES:
# LAST OF SEVERAL OCCURRENCES

COLUMN 17 PEAK WIND IN M.P.H.

PRELIMINARY LOCAL CLIMATOLOGICAL DATA (WS FORM: F-6) , PAGE 2

                                          STATION:  RED BLUFF AIRPORT CA
                                          MONTH:    JUNE
                                          YEAR:     2017
                                          LATITUDE:   40  9 N
                                          LONGITUDE: 122 15 W

[TEMPERATURE DATA]      [PRECIPITATION DATA]       SYMBOLS USED IN COLUMN 16

AVERAGE MONTHLY: 77.5   TOTAL FOR MONTH:   0.13    1 = FOG OR MIST
DPTR FM NORMAL:   2.8   DPTR FM NORMAL:   -0.26    2 = FOG REDUCING VISIBILITY
HIGHEST:   113 ON 19    GRTST 24HR  0.47 ON 31- 1      TO 1/4 MILE OR LESS
LOWEST:     50 ON 12                               3 = THUNDER
                        SNOW, ICE PELLETS, HAIL    4 = ICE PELLETS
                        TOTAL MONTH:   0.0 INCH    5 = HAIL
                        GRTST 24HR     0.0         6 = FREEZING RAIN OR DRIZZLE
                        GRTST DEPTH:   0           7 = DUSTSTORM OR SANDSTORM:
                                                       VSBY 1/2 MILE OR LESS
                                                   8 = SMOKE OR HAZE
[NO. OF DAYS WITH]      [WEATHER - DAYS WITH]      9 = BLOWING SNOW
                                                   X = TORNADO
MAX 32 OR BELOW:   0    0.01 INCH OR MORE:   1
MAX 90 OR ABOVE:  12    0.10 INCH OR MORE:   1
MIN 32 OR BELOW:   0    0.50 INCH OR MORE:   0
MIN  0 OR BELOW:   0    1.00 INCH OR MORE:   0

[HDD (BASE 65) ]
TOTAL THIS MO.    11    CLEAR  (SCALE 0-3)  17
DPTR FM NORMAL     8    PTCLDY (SCALE 4-7)   3
TOTAL FM JUL 1  2428    CLOUDY (SCALE 8-10)  1
DPTR FM NORMAL  -229

[CDD (BASE 65) ]
TOTAL THIS MO.   277
DPTR FM NORMAL    68    [PRESSURE DATA]
TOTAL FM JAN 1   498    HIGHEST SLP M ON M
DPTR FM NORMAL   116    LOWEST  SLP 29.61 ON 21

[REMARKS]
