000
CXUS56 KBOI 271002
CF6REO
PRELIMINARY LOCAL CLIMATOLOGICAL DATA (WS FORM: F-6)

                                          STATION:   ROME OR
                                          MONTH:     JUNE
                                          YEAR:      2017
                                          LATITUDE:   42 35 N
                                          LONGITUDE: 117 52 W

  TEMPERATURE IN F:       :PCPN:    SNOW:  WIND      :SUNSHINE: SKY     :PK WND
================================================================================
1   2   3   4   5  6A  6B    7    8   9   10  11  12  13   14  15   16   17  18
                                     12Z  AVG MX 2MIN
DY MAX MIN AVG DEP HDD CDD  WTR  SNW DPTH SPD SPD DIR MIN PSBL S-S WX    SPD DR
================================================================================

 1  73  52  63   5   2   0 0.36    M    M  6.7 26 260   M    M   0        34 250
 2  84  46  65   7   0   0 0.00    M    M  6.0 13  40   M    M   0        17  40
 3  87  52  70  12   0   5 0.00    M    M  7.3 17 260   M    M   0        22 250
 4  85  51  68   9   0   3 0.13    M    M  9.7 25 280   M    M   0        31 300
 5  79  42  61   2   4   0 0.00    M    M  6.8 14 360   M    M   0         M  M
 6  91  43  67   8   0   2 0.00    M    M  6.0 15  40   M    M   0         M  M
 7  95  50  73  13   0   8 0.00    M    M  8.4 20 170   M    M   0        27 190
 8  76  51  64   4   1   0 0.00    M    M 14.9 32 190   M    M   0        40 190
 9  72  48  60   0   5   0 0.01    M    M 12.5 28 190   M    M   0        42 210
10  66  43  55  -6  10   0 0.16    M    M  9.7 25 230   M    M   0        33 250
11  63  42  53  -8  12   0 0.13    M    M  9.4 24  10   M    M   0        29 360
12  56  48  52 -10  13   0 0.69    M    M 10.4 24 280   M    M   0        31 280
13  70  45  58  -4   7   0 0.00    M    M  9.9 20 220   M    M   0        26 200
14  77  42  60  -2   5   0 0.00    M    M  5.7 16 260   M    M   0        22 240
15  85  47  66   3   0   1 0.00    M    M 10.6 24 240   M    M   0        32 200
16  87  62  75  12   0  10 0.00    M    M 11.5 25 240   M    M   0        32 240
17  81  57  69   6   0   4 0.00    M    M  5.1 10 270   M    M   0        13 190
18  90  53  72   8   0   7 0.00    M    M  7.0 13 350   M    M   0        21 350
19 100  55  78  14   0  13 0.00    M    M  7.4 24 210   M    M   0        32 210
20 101  65  83  19   0  18 0.00    M    M  7.8 21 300   M    M   0        27 290
21  89  59  74   9   0   9 0.00    M    M 11.1 22 330   M    M   0        28 350
22  85  50  68   3   0   3 0.00    M    M  8.8 16  30   M    M   0        21 340
23  88  43  66   0   0   1 0.00    M    M  4.6 13  20   M    M   0        16  30
24  94  44  69   3   0   4 0.00    M    M  5.9 13  40   M    M   0        17  40
25  99  46  73   7   0   8 0.00    M    M  4.6 18 250   M    M   0        26 250
26  99  59  79  12   0  14 0.00    M    M 10.2 29 240   M    M   0        37 230
================================================================================
SM 2172 1295        59 110  1.48    M    218.0          M        0
================================================================================
AV 83.5 49.8                               8.4 FASTST   M    M   0    MAX(MPH)
                                 MISC ---->  # 32 190               # 42  210
================================================================================
NOTES:
# LAST OF SEVERAL OCCURRENCES

COLUMN 17 PEAK WIND IN M.P.H.

PRELIMINARY LOCAL CLIMATOLOGICAL DATA (WS FORM: F-6) , PAGE 2

                                          STATION:  ROME OR
                                          MONTH:    JUNE
                                          YEAR:     2017
                                          LATITUDE:   42 35 N
                                          LONGITUDE: 117 52 W

[TEMPERATURE DATA]      [PRECIPITATION DATA]       SYMBOLS USED IN COLUMN 16

AVERAGE MONTHLY: 66.7   TOTAL FOR MONTH:   1.48    1 = FOG OR MIST
DPTR FM NORMAL:   4.6   DPTR FM NORMAL:    0.73    2 = FOG REDUCING VISIBILITY
HIGHEST:   101 ON 20    GRTST 24HR  0.69 ON 12-12      TO 1/4 MILE OR LESS
LOWEST:     42 ON 14,11                            3 = THUNDER
                        SNOW, ICE PELLETS, HAIL    4 = ICE PELLETS
                        TOTAL MONTH:    M          5 = HAIL
                        GRTST 24HR    M  ON   M    6 = FREEZING RAIN OR DRIZZLE
                        GRTST DEPTH:  M  ON   M    7 = DUSTSTORM OR SANDSTORM:
                                                       VSBY 1/2 MILE OR LESS
                                                   8 = SMOKE OR HAZE
[NO. OF DAYS WITH]      [WEATHER - DAYS WITH]      9 = BLOWING SNOW
                                                   X = TORNADO
MAX 32 OR BELOW:   0    0.01 INCH OR MORE:   6
MAX 90 OR ABOVE:   8    0.10 INCH OR MORE:   5
MIN 32 OR BELOW:   0    0.50 INCH OR MORE:   1
MIN  0 OR BELOW:   0    1.00 INCH OR MORE:   0

[HDD (BASE 65) ]
TOTAL THIS MO.    59    CLEAR  (SCALE 0-3)  26
DPTR FM NORMAL   -60    PTCLDY (SCALE 4-7)   0
TOTAL FM JUL 1  5993    CLOUDY (SCALE 8-10)  0
DPTR FM NORMAL  -582

[CDD (BASE 65) ]
TOTAL THIS MO.   110
DPTR FM NORMAL    64    [PRESSURE DATA]
TOTAL FM JAN 1   133    HIGHEST SLP M ON M
DPTR FM NORMAL    77    LOWEST  SLP 29.56 ON  7

[REMARKS]
