000
CXUS56 KBOI 241002
CF6REO
PRELIMINARY LOCAL CLIMATOLOGICAL DATA (WS FORM: F-6)

                                          STATION:   ROME OR
                                          MONTH:     MARCH
                                          YEAR:      2017
                                          LATITUDE:   42 35 N
                                          LONGITUDE: 117 52 W

  TEMPERATURE IN F:       :PCPN:    SNOW:  WIND      :SUNSHINE: SKY     :PK WND
================================================================================
1   2   3   4   5  6A  6B    7    8   9   10  11  12  13   14  15   16   17  18
                                     12Z  AVG MX 2MIN
DY MAX MIN AVG DEP HDD CDD  WTR  SNW DPTH SPD SPD DIR MIN PSBL S-S WX    SPD DR
================================================================================

 1  45  22  34  -3  31   0 0.00    M    M 10.5 17 140   M    M   0        20 140
 2  50  23  37   0  28   0 0.00    M    M  7.6 17 150   M    M   0        21 150
 3  56  33  45   8  20   0 0.00    M    M  7.0 24 220   M    M   0        30 220
 4  57  39  48  10  17   0 0.00    M    M 15.7 33 200   M    M   0        43 210
 5  44  28  36  -2  29   0 0.05    M    M 15.0 30 240   M    M   0        42 210
 6  41  25  33  -5  32   0 0.00    M    M 18.6 35 220   M    M   0        43 220
 7  47  34  41   3  24   0 0.01    M    M 13.5 26 200   M    M   0        32 200
 8  60  44  52  14  13   0 0.00    M    M 17.1 32 210   M    M   0        40 220
 9  62  48  55  16  10   0 0.00    M    M 12.1 22 210   M    M   0        26 210
10  61  33  47   8  18   0 0.00    M    M  6.4 15 220   M    M   0        20 230
11  67  29  48   9  17   0 0.00    M    M  7.8 21 240   M    M   0        28 240
12  64  36  50  11  15   0 0.00    M    M  6.8 15 130   M    M   0        18 140
13  76  28  52  13  13   0 0.00    M    M  4.9 18 250   M    M   0        23 240
14  76  38  57  17   8   0 0.00    M    M  9.9 20 160   M    M   0        25 160
15  69  43  56  16   9   0 0.00    M    M 14.2 30 200   M    M   0        47 200
16  66  46  56  16   9   0 0.00    M    M 10.7 26 230   M    M   0        34 230
17  74  32  53  13  12   0 0.00    M    M  9.1 22 200   M    M   0        29 220
18  66  47  57  17   8   0 0.00    M    M 16.1 36 200   M    M   0        46 200
19  65  43  54  14  11   0 0.00    M    M  9.2 31 200   M    M   0        40 190
20  71  46  59  18   6   0 0.00    M    M  7.4 21 200   M    M   0        32 140
21  58  35  47   6  18   0 0.16    M    M  9.3 33 150   M    M   0        41 140
22  57  32  45   4  20   0 0.00    M    M  8.4 21 240   M    M   0        26 220
23  58  31  45   4  20   0 0.00    M    M  7.4 16 230   M    M   0        23 240
================================================================================
SM 1390  815       388   0  0.22    M    244.7          M        0
================================================================================
AV 60.4 35.4                              10.6 FASTST   M    M   0    MAX(MPH)
                                 MISC ---->  # 36 200               # 47  200
================================================================================
NOTES:
# LAST OF SEVERAL OCCURRENCES

COLUMN 17 PEAK WIND IN M.P.H.

PRELIMINARY LOCAL CLIMATOLOGICAL DATA (WS FORM: F-6) , PAGE 2

                                          STATION:  ROME OR
                                          MONTH:    MARCH
                                          YEAR:     2017
                                          LATITUDE:   42 35 N
                                          LONGITUDE: 117 52 W

[TEMPERATURE DATA]      [PRECIPITATION DATA]       SYMBOLS USED IN COLUMN 16

AVERAGE MONTHLY: 47.9   TOTAL FOR MONTH:   0.22    1 = FOG OR MIST
DPTR FM NORMAL:   8.8   DPTR FM NORMAL:   -0.48    2 = FOG REDUCING VISIBILITY
HIGHEST:    76 ON 14,13 GRTST 24HR  0.16 ON 21-21      TO 1/4 MILE OR LESS
LOWEST:     22 ON  1                               3 = THUNDER
                        SNOW, ICE PELLETS, HAIL    4 = ICE PELLETS
                        TOTAL MONTH:    M          5 = HAIL
                        GRTST 24HR    M  ON   M    6 = FREEZING RAIN OR DRIZZLE
                        GRTST DEPTH:  M  ON   M    7 = DUSTSTORM OR SANDSTORM:
                                                       VSBY 1/2 MILE OR LESS
                                                   8 = SMOKE OR HAZE
[NO. OF DAYS WITH]      [WEATHER - DAYS WITH]      9 = BLOWING SNOW
                                                   X = TORNADO
MAX 32 OR BELOW:   0    0.01 INCH OR MORE:   3
MAX 90 OR ABOVE:   0    0.10 INCH OR MORE:   1
MIN 32 OR BELOW:   9    0.50 INCH OR MORE:   0
MIN  0 OR BELOW:   0    1.00 INCH OR MORE:   0

[HDD (BASE 65) ]
TOTAL THIS MO.   388    CLEAR  (SCALE 0-3)  23
DPTR FM NORMAL  -208    PTCLDY (SCALE 4-7)   0
TOTAL FM JUL 1  4968    CLOUDY (SCALE 8-10)  0
DPTR FM NORMAL  -362

[CDD (BASE 65) ]
TOTAL THIS MO.     0
DPTR FM NORMAL     0    [PRESSURE DATA]
TOTAL FM JAN 1     0    HIGHEST SLP M ON M
DPTR FM NORMAL     0    LOWEST  SLP 29.48 ON  5

[REMARKS]
