000
CXUS53 KMPX 300700
CF6RGK
PRELIMINARY LOCAL CLIMATOLOGICAL DATA (WS FORM: F-6)

                                          STATION:   RED_WING MN
                                          MONTH:     JUNE
                                          YEAR:      2015
                                          LATITUDE:   44 34 N
                                          LONGITUDE:  92 29 W

  TEMPERATURE IN F:       :PCPN:    SNOW:  WIND      :SUNSHINE: SKY     :PK WND
================================================================================
1   2   3   4   5  6A  6B    7    8   9   10  11  12  13   14  15   16   17  18
                                     12Z  AVG MX 2MIN
DY MAX MIN AVG DEP HDD CDD  WTR  SNW DPTH SPD SPD DIR MIN PSBL S-S WX    SPD DR
================================================================================

 1  70  48  59   M   6   0 0.00    M    M  7.2 12 130   M    M   0        16 110
 2  75  54  65   M   0   0 0.00    M    M  8.1 14 150   M    M   1        23 170
 3  72  61  67   M   0   2 0.30    M    M  6.7 14 130   M    M   5 13     18 160
 4  75  63  69   M   0   4 0.00    M    M  4.9 10 280   M    M   4 1       M  M
 5  77  59  68   M   0   3 0.00    M    M  4.3 13 110   M    M   1        20 110
 6  79  57  68   M   0   3 0.11    M    M 10.4 15 130   M    M   3 3      20 160
 7  82  63  73   M   0   8 0.34    M    M  7.0 14 310   M    M   4 3      20 310
 8  81  59  70   M   0   5 0.03    M    M  4.7 14 300   M    M   1        18 310
 9  91  61  76   M   0  11 0.00    M    M  2.3  9 290   M    M   1         M  M
10  81  63  72   M   0   7 0.00    M    M  5.0 12 350   M    M   0        17 320
11  64  57  61   M   4   0 0.93    M    M  6.5 13 100   M    M   9        20  90
12  79  57  68   M   0   3 0.00    M    M  6.2 13  80   M    M   3        18 110
13  70  59  65   M   0   0 0.27    M    M  3.9  9 130   M    M   9         M  M
14  84  64  74   M   0   9 0.00    M    M  1.8  6 160   M    M   5         M  M
15  77  59  68   M   0   3 0.13    M    M  4.1 10  10   M    M   2 3      16  10
16  73  54  64   M   1   0    M    M    M  3.9  9  50   M    M   2         M  M
17  79  63  71   M   0   6 0.01    M    M  6.9 12 190   M    M   7 3      17 190
18  81  61  71   M   0   6 0.00    M    M  4.8  8 350   M    M   3         M  M
19  79  57  68   M   0   3 0.00    M    M  7.1 12 130   M    M   0         M  M
20  82  63  73   M   0   8 0.27    M    M  7.4 20 140   M    M   4 3      24 140
21  86  59  73   M   0   8 0.00    M    M  2.0  9 290   M    M   1         M  M
22  82  61  72   M   0   7 1.09    M    M 10.0 20 280   M    M   3 3      43 110
23  81  55  68   M   0   3 0.00    M    M  3.6 10 270   M    M   1         M  M
24  81  55  68   M   0   3 0.00    M    M  2.1  7 190   M    M   1         M  M
25  82  61  72   M   0   7 0.00    M    M  3.1  9  30   M    M   2         M  M
26  81  61  71   M   0   6 0.00    M    M  4.1  9 160   M    M   2 3       M  M
27  84  55  70   M   0   5 0.00    M    M  2.3  8 320   M    M   1 3       M  M
28  75  63  69   M   0   4 0.61    M    M  3.6 25 100   M    M   7 23     32 100
29   M   M   M   M   M   M    M    M    M   M   M   M   M    M   M 23      M  M
================================================================================
SM 2203 1652        11 124  4.09    M    144.0          M       82
================================================================================
AV 78.7 59.0                               5.1 FASTST   M    M   3    MAX(MPH)
                                 MISC ---->    25   M                 43    M
================================================================================
NOTES:
# LAST OF SEVERAL OCCURRENCES

COLUMN 17 PEAK WIND IN M.P.H.

PRELIMINARY LOCAL CLIMATOLOGICAL DATA (WS FORM: F-6) , PAGE 2

                                          STATION:  RED_WING MN
                                          MONTH:    JUNE
                                          YEAR:     2015
                                          LATITUDE:   44 34 N
                                          LONGITUDE:  92 29 W

[TEMPERATURE DATA]      [PRECIPITATION DATA]       SYMBOLS USED IN COLUMN 16

AVERAGE MONTHLY: 68.8   TOTAL FOR MONTH:   4.09    1 = FOG OR MIST
DPTR FM NORMAL:     M   DPTR FM NORMAL:       M    2 = FOG REDUCING VISIBILITY
HIGHEST:    91 ON  9    GRTST 24HR  1.09 ON 22-22      TO 1/4 MILE OR LESS
LOWEST:     48 ON  1                               3 = THUNDER
                        SNOW, ICE PELLETS, HAIL    4 = ICE PELLETS
                        TOTAL MONTH:    M          5 = HAIL
                        GRTST 24HR    M  ON   M    6 = FREEZING RAIN OR DRIZZLE
                        GRTST DEPTH:  M  ON   M    7 = DUSTSTORM OR SANDSTORM:
                                                       VSBY 1/2 MILE OR LESS
                                                   8 = SMOKE OR HAZE
[NO. OF DAYS WITH]      [WEATHER - DAYS WITH]      9 = BLOWING SNOW
                                                   X = TORNADO
MAX 32 OR BELOW:   0    0.01 INCH OR MORE:  11
MAX 90 OR ABOVE:   1    0.10 INCH OR MORE:   9
MIN 32 OR BELOW:   0    0.50 INCH OR MORE:   3
MIN  0 OR BELOW:   0    1.00 INCH OR MORE:   1

[HDD (BASE 65) ]
TOTAL THIS MO.    11    CLEAR  (SCALE 0-3)  18
DPTR FM NORMAL     M    PTCLDY (SCALE 4-7)   8
TOTAL FM JUL 1  7676    CLOUDY (SCALE 8-10)  2
DPTR FM NORMAL     M

[CDD (BASE 65) ]
TOTAL THIS MO.   124
DPTR FM NORMAL     M    [PRESSURE DATA]
TOTAL FM JAN 1   147    HIGHEST SLP M ON M
DPTR FM NORMAL     M    LOWEST  SLP M ON M

[REMARKS]
