075
CXUS53 KGRB 210946
CF6RHI
PRELIMINARY LOCAL CLIMATOLOGICAL DATA (WS FORM: F-6)

                                          STATION:   RHINELANDER WI
                                          MONTH:     JULY
                                          YEAR:      2017
                                          LATITUDE:   45 37 N
                                          LONGITUDE:  89 27 W

  TEMPERATURE IN F:       :PCPN:    SNOW:  WIND      :SUNSHINE: SKY     :PK WND
================================================================================
1   2   3   4   5  6A  6B    7    8   9   10  11  12  13   14  15   16   17  18
                                     12Z  AVG MX 2MIN
DY MAX MIN AVG DEP HDD CDD  WTR  SNW DPTH SPD SPD DIR MIN PSBL S-S WX    SPD DR
================================================================================

 1  74  50  62  -4   3   0 0.10  0.0    0  3.8 16 270   M    M   5 13     19 270
 2  74  48  61  -5   4   0 0.08  0.0    0  5.9 15 310   M    M   2 13     21 290
 3  77  45  61  -5   4   0 0.00  0.0    0  1.9  7 160   M    M   0 1      10 150
 4  80  50  65  -1   0   0 0.00  0.0    0  4.0 13 230   M    M   0 12     17 210
 5  82  59  71   5   0   6    T  0.0    0  6.5 14 210   M    M   3 3      19 350
 6  88  62  75   8   0  10 0.09  0.0    0  6.3 23 310   M    M   1 13     39 320
 7  76  52  64  -3   1   0 0.02  0.0    0  4.4 13 360   M    M   3 3      19  10
 8  78  44  61  -6   4   0 0.04  0.0    0  7.0 18 260   M    M   2 1      24 270
 9  75  52  64  -3   1   0 0.56  0.0    0  5.2 23 270   M    M   6 12     27 260
10  81  55  68   1   0   3 0.00  0.0    0  1.2  8 320   M    M   6 12     11 330
11  83  53  68   1   0   3 0.00  0.0    0  2.4  9  80   M    M   2 12     14 220
12  84  63  74   7   0   9 0.48  0.0    0  6.6 17 100   M    M   7 13     21 280
13  65  53  59  -8   6   0 0.00  0.0    0  5.8 12 270   M    M  10 1      15 280
14  76  52  64  -3   1   0 0.00  0.0    0  4.8 10 310   M    M   4 1      17  10
15  86  52  69   2   0   4    T  0.0    0  7.5 17 270   M    M   1 1      22 250
16  73  51  62  -5   3   0 0.00  0.0    0  5.0 13  10   M    M   2        18  30
17  79  46  63  -4   2   0 0.00  0.0    0  7.0 16 200   M    M   2        22 210
18  85  55  70   3   0   5    T  0.0    0  7.4 17 290   M    M   3 12     25 280
19  84  50  67   0   0   2 0.00  0.0    0  3.3 12 180   M    M   2 12     15 170
20  86  56  71   4   0   6 0.00  0.0    0  5.4 17 270   M    M   1 12     23 270
================================================================================
SM 1586 1048        29  48  1.37     0.0 101.4          M       62
================================================================================
AV 79.3 52.4                               5.1 FASTST   M    M   3    MAX(MPH)
                                 MISC ---->  # 23 310               # 39  320
================================================================================
NOTES:
# LAST OF SEVERAL OCCURRENCES

COLUMN 17 PEAK WIND IN M.P.H.

PRELIMINARY LOCAL CLIMATOLOGICAL DATA (WS FORM: F-6) , PAGE 2

                                          STATION:  RHINELANDER WI
                                          MONTH:    JULY
                                          YEAR:     2017
                                          LATITUDE:   45 37 N
                                          LONGITUDE:  89 27 W

[TEMPERATURE DATA]      [PRECIPITATION DATA]       SYMBOLS USED IN COLUMN 16

AVERAGE MONTHLY: 65.9   TOTAL FOR MONTH:   1.37    1 = FOG OR MIST
DPTR FM NORMAL:  -0.9   DPTR FM NORMAL:   -1.32    2 = FOG REDUCING VISIBILITY
HIGHEST:    88 ON  6    GRTST 24HR  0.56 ON  9- 9      TO 1/4 MILE OR LESS
LOWEST:     44 ON  8                               3 = THUNDER
                        SNOW, ICE PELLETS, HAIL    4 = ICE PELLETS
                        TOTAL MONTH:   0.0 INCH    5 = HAIL
                        GRTST 24HR     0.0         6 = FREEZING RAIN OR DRIZZLE
                        GRTST DEPTH:   0           7 = DUSTSTORM OR SANDSTORM:
                                                       VSBY 1/2 MILE OR LESS
                                                   8 = SMOKE OR HAZE
[NO. OF DAYS WITH]      [WEATHER - DAYS WITH]      9 = BLOWING SNOW
                                                   X = TORNADO
MAX 32 OR BELOW:   0    0.01 INCH OR MORE:   7
MAX 90 OR ABOVE:   0    0.10 INCH OR MORE:   3
MIN 32 OR BELOW:   0    0.50 INCH OR MORE:   1
MIN  0 OR BELOW:   0    1.00 INCH OR MORE:   0

[HDD (BASE 65) ]
TOTAL THIS MO.    29    CLEAR  (SCALE 0-3)  14
DPTR FM NORMAL   -11    PTCLDY (SCALE 4-7)   5
TOTAL FM JUL 1    29    CLOUDY (SCALE 8-10)  1
DPTR FM NORMAL   -11

[CDD (BASE 65) ]
TOTAL THIS MO.    48
DPTR FM NORMAL   -22    [PRESSURE DATA]
TOTAL FM JAN 1   113    HIGHEST SLP M ON M
DPTR FM NORMAL   -22    LOWEST  SLP 29.78 ON 12

[REMARKS]
