000
CXUS55 KRIW 280945
CF6RIW
PRELIMINARY LOCAL CLIMATOLOGICAL DATA (WS FORM: F-6)

                                          STATION:   RIVERTON WY
                                          MONTH:     SEPTEMBER
                                          YEAR:      2016
                                          LATITUDE:   43  2 N
                                          LONGITUDE: 108 27 W

  TEMPERATURE IN F:       :PCPN:    SNOW:  WIND      :SUNSHINE: SKY     :PK WND
================================================================================
1   2   3   4   5  6A  6B    7    8   9   10  11  12  13   14  15   16   17  18
                                     12Z  AVG MX 2MIN
DY MAX MIN AVG DEP HDD CDD  WTR  SNW DPTH SPD SPD DIR MIN PSBL S-S WX    SPD DR
================================================================================

 1  90  53  72   7   0   7 0.00  0.0    0  6.7 25 220   M    M   1        33 220
 2  89  60  75  11   0  10 0.00  0.0    0  7.2 21 250   M    M   1        27 250
 3  86  56  71   7   0   6 0.04  0.0    0  7.7 29 290   M    M   1 3      37 290
 4  72  50  61  -3   4   0 0.03  0.0    0  8.6 31 360   M    M   5 3      36 360
 5  75  45  60  -3   5   0 0.00  0.0    0  9.3 25 320   M    M   1        31 320
 6  75  45  60  -3   5   0 0.00  0.0    0  6.3 22 270   M    M   1        27 260
 7  78  53  66   4   0   1 0.00  0.0    0  9.8 30 250   M    M   0        36 250
 8  81  44  63   1   2   0 0.00  0.0    0  9.4 26 320   M    M   0        35 330
 9  62  42  52  -9  13   0 0.00  0.0    0  7.4 20  40   M    M   2        24  80
10  77  37  57  -4   8   0 0.00  0.0    0  7.1 18 300   M    M   0        22 300
11  86  47  67   7   0   2 0.00  0.0    0 12.2 30  80   M    M   0        39  90
12  54  37  46 -14  19   0 0.15  0.0    0 12.7 28  70   M    M   8 1      35  70
13  50  37  44 -16  21   0 0.02  0.0    0  4.3 14 360   M    M  10 1      18 360
14  69  43  56  -3   9   0 0.11  0.0    0  7.7 21 280   M    M   4 1      25 300
15  67  44  56  -3   9   0 0.00  0.0    0  7.8 15 130   M    M   6        21 170
16  68  40  54  -4  11   0 0.00  0.0    0  6.4 14 320   M    M   0        16 320
17  76  44  60   2   5   0 0.00  0.0    0 10.4 22 320   M    M   0        27 310
18  81  52  67  10   0   2 0.00  0.0    0 10.8 31 260   M    M   3        42 240
19  84  55  70  13   0   5 0.00  0.0    0  6.9 18  50   M    M   2        24  30
20  86  47  67  11   0   2 0.00  0.0    0  7.2 18 250   M    M   0        22 260
21  80  43  62   6   3   0 0.00  0.0    0 11.0 30  60   M    M   3        39  60
22  59  44  52  -3  13   0 0.38  0.0    0  5.6 21 170   M    M   7 1      25 190
23  58  44  51  -4  14   0 0.58  0.0    0  9.9 30 210   M    M   7 123    36 200
24  48  40  44 -10  21   0 0.67  0.0    0  7.0 16 360   M    M   9 1      21  20
25  61  35  48  -6  17   0 0.00  0.0    0  4.8 12 210   M    M   1        13 220
26  69  40  55   1  10   0 0.00  0.0    0  3.7 10 320   M    M   0        12 310
27  73  43  58   5   7   0 0.00  0.0    0  5.4 12 310   M    M   0        12 310
================================================================================
SM 1954 1220       196  35  1.98     0.0 213.3          M       72
================================================================================
AV 72.4 45.2                               7.9 FASTST   M    M   3    MAX(MPH)
                                 MISC ---->  # 31 360               # 42  240
================================================================================
NOTES:
# LAST OF SEVERAL OCCURRENCES

COLUMN 17 PEAK WIND IN M.P.H.

PRELIMINARY LOCAL CLIMATOLOGICAL DATA (WS FORM: F-6) , PAGE 2

                                          STATION:  RIVERTON WY
                                          MONTH:    SEPTEMBER
                                          YEAR:     2016
                                          LATITUDE:   43  2 N
                                          LONGITUDE: 108 27 W

[TEMPERATURE DATA]      [PRECIPITATION DATA]       SYMBOLS USED IN COLUMN 16

AVERAGE MONTHLY: 58.8   TOTAL FOR MONTH:   1.98    1 = FOG OR MIST
DPTR FM NORMAL:  -0.3   DPTR FM NORMAL:    1.21    2 = FOG REDUCING VISIBILITY
HIGHEST:    90 ON  1    GRTST 24HR  0.90 ON 22-23      TO 1/4 MILE OR LESS
LOWEST:     35 ON 25                               3 = THUNDER
                        SNOW, ICE PELLETS, HAIL    4 = ICE PELLETS
                        TOTAL MONTH:   0.0 INCH    5 = HAIL
                        GRTST 24HR     0.0         6 = FREEZING RAIN OR DRIZZLE
                        GRTST DEPTH:   0           7 = DUSTSTORM OR SANDSTORM:
                                                       VSBY 1/2 MILE OR LESS
                                                   8 = SMOKE OR HAZE
[NO. OF DAYS WITH]      [WEATHER - DAYS WITH]      9 = BLOWING SNOW
                                                   X = TORNADO
MAX 32 OR BELOW:   0    0.01 INCH OR MORE:   8
MAX 90 OR ABOVE:   1    0.10 INCH OR MORE:   5
MIN 32 OR BELOW:   0    0.50 INCH OR MORE:   2
MIN  0 OR BELOW:   0    1.00 INCH OR MORE:   0

[HDD (BASE 65) ]
TOTAL THIS MO.   196    CLEAR  (SCALE 0-3)  19
DPTR FM NORMAL     8    PTCLDY (SCALE 4-7)   6
TOTAL FM JUL 1   247    CLOUDY (SCALE 8-10)  2
DPTR FM NORMAL    21

[CDD (BASE 65) ]
TOTAL THIS MO.    35
DPTR FM NORMAL    11    [PRESSURE DATA]
TOTAL FM JAN 1   605    HIGHEST SLP M ON M
DPTR FM NORMAL   113    LOWEST  SLP 29.66 ON  4

[REMARKS]
