000
CXUS55 KRIW 240945
CF6RIW
PRELIMINARY LOCAL CLIMATOLOGICAL DATA (WS FORM: F-6)

                                          STATION:   RIVERTON WY
                                          MONTH:     MAY
                                          YEAR:      2017
                                          LATITUDE:   43  2 N
                                          LONGITUDE: 108 27 W

  TEMPERATURE IN F:       :PCPN:    SNOW:  WIND      :SUNSHINE: SKY     :PK WND
================================================================================
1   2   3   4   5  6A  6B    7    8   9   10  11  12  13   14  15   16   17  18
                                     12Z  AVG MX 2MIN
DY MAX MIN AVG DEP HDD CDD  WTR  SNW DPTH SPD SPD DIR MIN PSBL S-S WX    SPD DR
================================================================================

 1  54  38  46  -3  19   0    T  0.0    0  7.4 21  20   M    M   6        26  10
 2  59  33  46  -3  19   0 0.00  0.0    0  6.7 22  20   M    M   5        26  20
 3  60  39  50   0  15   0 0.00  0.0    0  5.9 14  30   M    M   4        17  30
 4  72  37  55   5  10   0 0.00  0.0    0  5.6 10  90   M    M   0        13  60
 5  80  43  62  12   3   0 0.00  0.0    0  6.8 14 170   M    M   0        17 160
 6  78  44  61  10   4   0 0.00  0.0    0  7.4 24 210   M    M   0        32 220
 7  73  47  60   9   5   0    T  0.0    0  8.0 25 230   M    M   0        31 230
 8  58  44  51   0  14   0    T  0.0    0  8.8 22  20   M    M   8        30  10
 9  68  39  54   2  11   0 0.28  0.0    0  7.1 30  20   M    M   5 13     38  20
10  65  39  52   0  13   0 0.00  0.0    0  4.3 12  80   M    M   1        15  60
11  75  40  58   6   7   0 0.00  0.0    0  4.8 10 240   M    M   0        13 150
12  80  42  61   8   4   0 0.00  0.0    0  9.0 26 170   M    M   0        34 170
13  75  41  58   5   7   0    T  0.0    0 15.4 39 280   M    M   1        47 280
14  66  35  51  -2  14   0 0.00  0.0    0  7.3 18 330   M    M   0        23 330
15  71  45  58   4   7   0 0.00  0.0    0 11.5 25  10   M    M   1        33  10
16  59  42  51  -3  14   0 0.17  0.0    0  8.5 26 290   M    M   5 13     33 290
17  56  40  48  -6  17   0 0.00  0.0    0 14.3 25 320   M    M   5        29 170
18  42  32  37 -18  28   0 0.74  4.2    2  8.9 21  40   M    M  10 1      27  40
19  49  33  41 -14  24   0    T    T    T  4.9  9 270   M    M  10         M  M
20  61  33  47  -8  18   0 0.05  0.0    0  7.0 22 350   M    M   6        28 340
21  59  43  51  -5  14   0 0.03  0.0    0  6.3 20 340   M    M   7        24 340
22  60  39  50  -6  15   0 0.03  0.0    0 13.0 33  40   M    M   3 1      44  30
23  66  37  52  -4  13   0 0.00  0.0    0  5.8 14 280   M    M   0        17 270
================================================================================
SM 1486  905       295   0  1.30     4.2 184.7          M       77
================================================================================
AV 64.6 39.4                               8.0 FASTST   M    M   3    MAX(MPH)
                                 MISC ---->  # 39 280               # 47  280
================================================================================
NOTES:
# LAST OF SEVERAL OCCURRENCES

COLUMN 17 PEAK WIND IN M.P.H.

PRELIMINARY LOCAL CLIMATOLOGICAL DATA (WS FORM: F-6) , PAGE 2

                                          STATION:  RIVERTON WY
                                          MONTH:    MAY
                                          YEAR:     2017
                                          LATITUDE:   43  2 N
                                          LONGITUDE: 108 27 W

[TEMPERATURE DATA]      [PRECIPITATION DATA]       SYMBOLS USED IN COLUMN 16

AVERAGE MONTHLY: 52.0   TOTAL FOR MONTH:   1.30    1 = FOG OR MIST
DPTR FM NORMAL:  -0.7   DPTR FM NORMAL:   -0.04    2 = FOG REDUCING VISIBILITY
HIGHEST:    80 ON 12, 5 GRTST 24HR  0.74 ON 18-18      TO 1/4 MILE OR LESS
LOWEST:     32 ON 18                               3 = THUNDER
                        SNOW, ICE PELLETS, HAIL    4 = ICE PELLETS
                        TOTAL MONTH:   4.2 INCHES  5 = HAIL
                        GRTST 24HR   4.2 ON 18-18  6 = FREEZING RAIN OR DRIZZLE
                        GRTST DEPTH:   2 ON 18     7 = DUSTSTORM OR SANDSTORM:
                                                       VSBY 1/2 MILE OR LESS
                                                   8 = SMOKE OR HAZE
[NO. OF DAYS WITH]      [WEATHER - DAYS WITH]      9 = BLOWING SNOW
                                                   X = TORNADO
MAX 32 OR BELOW:   0    0.01 INCH OR MORE:   6
MAX 90 OR ABOVE:   0    0.10 INCH OR MORE:   3
MIN 32 OR BELOW:   1    0.50 INCH OR MORE:   1
MIN  0 OR BELOW:   0    1.00 INCH OR MORE:   0

[HDD (BASE 65) ]
TOTAL THIS MO.   295    CLEAR  (SCALE 0-3)  12
DPTR FM NORMAL     8    PTCLDY (SCALE 4-7)   9
TOTAL FM JUL 1  7500    CLOUDY (SCALE 8-10)  2
DPTR FM NORMAL  -183

[CDD (BASE 65) ]
TOTAL THIS MO.     0
DPTR FM NORMAL     0    [PRESSURE DATA]
TOTAL FM JAN 1     0    HIGHEST SLP M ON M
DPTR FM NORMAL     0    LOWEST  SLP 29.46 ON 17

[REMARKS]
