000
CXUS54 KCRP 221300
CF6RKP
PRELIMINARY LOCAL CLIMATOLOGICAL DATA (WS FORM: F-6)

                                          STATION:   ROCKPORT
                                          MONTH:     FEBRUARY
                                          YEAR:      2017
                                          LATITUDE:   28  4 N
                                          LONGITUDE:  97  3 W

  TEMPERATURE IN F:       :PCPN:    SNOW:  WIND      :SUNSHINE: SKY     :PK WND
================================================================================
1   2   3   4   5  6A  6B    7    8   9   10  11  12  13   14  15   16   17  18
                                     12Z  AVG MX 2MIN
DY MAX MIN AVG DEP HDD CDD  WTR  SNW DPTH SPD SPD DIR MIN PSBL S-S WX    SPD DR
================================================================================

 1  78  62  70  12   0   5 0.00  0.0    0  9.1 16 150   M    M   0 1      24 150
 2  78  60  69  11   0   4 0.00  0.0    0  9.5 18  20   M    M   8 12     24  20
 3  61  55  58   0   7   0 0.00  0.0    0 11.6 18  20   M    M  10 8      23  20
 4  68  57  63   5   2   0 0.02  0.0    0  9.6 17  60   M    M  10 18     22  60
 5  79  64  72  14   0   7 0.00  0.0    0  7.6 16 150   M    M   6 12     22 140
 6  79  68  74  16   0   9 0.00  0.0    0  9.3 20 150   M    M   5 1      28 150
 7  81  68  75  16   0  10 0.00  0.0    0  7.9 15 140   M    M   6 18     22 200
 8  85  65  75  16   0  10 0.00  0.0    0  7.5 21  10   M    M   5 128    26  20
 9  72  53  63   4   2   0 0.00  0.0    0 14.4 25  10   M    M   1        32  10
10  78  64  71  12   0   6 0.00  0.0    0  9.2 17  80   M    M   7 18     21  80
11  79  69  74  15   0   9 0.00  0.0    0 10.8 21 160   M    M   7 18     31 150
12  81  70  76  17   0  11 0.00  0.0    0 10.6 17 120   M    M   7 18     22 140
13  79  70  75  15   0  10 0.00  0.0    0 12.8 20 130   M    M   9 128    26 130
14  72  55  64   4   1   0 0.51  0.0    0 15.0 41 320   M    M   7 13     49 330
15  69  50  60   0   5   0 0.00  0.0    0 15.1 28 340   M    M   2        33 330
16  68  43  56  -4   9   0 0.00  0.0    0  6.6 14 140   M    M   0        18 140
17  75  60  68   8   0   3 0.29  0.0    0  8.0 16 150   M    M   5 13     23 150
18  80  66  73  13   0   8 0.00  0.0    0 10.4 16 120   M    M   5 1      22 180
19  76  71  74  13   0   9 0.00  0.0    0 14.0 21 120   M    M  10 18     26 120
20  74  63  69   8   0   4 0.79  0.0    0  7.5 23 330   M    M   7 13     30 340
21  83  53  68   7   0   3 0.00  0.0    0  8.4 17 310   M    M   0        24 320
================================================================================
SM 1595 1286        26 108  1.61     0.0 214.9          M      117
================================================================================
AV 76.0 61.2                              10.2 FASTST   M    M   6    MAX(MPH)
                                 MISC ---->  # 41 320               # 49  330
================================================================================
NOTES:
# LAST OF SEVERAL OCCURRENCES

COLUMN 17 PEAK WIND IN M.P.H.

PRELIMINARY LOCAL CLIMATOLOGICAL DATA (WS FORM: F-6) , PAGE 2

                                          STATION:  ROCKPORT
                                          MONTH:    FEBRUARY
                                          YEAR:     2017
                                          LATITUDE:   28  4 N
                                          LONGITUDE:  97  3 W

[TEMPERATURE DATA]      [PRECIPITATION DATA]       SYMBOLS USED IN COLUMN 16

AVERAGE MONTHLY: 68.6   TOTAL FOR MONTH:   1.61    1 = FOG OR MIST
DPTR FM NORMAL:   9.3   DPTR FM NORMAL:    0.04    2 = FOG REDUCING VISIBILITY
HIGHEST:    85 ON  8    GRTST 24HR  0.79 ON 20-20      TO 1/4 MILE OR LESS
LOWEST:     43 ON 16                               3 = THUNDER
                        SNOW, ICE PELLETS, HAIL    4 = ICE PELLETS
                        TOTAL MONTH:   0.0 INCH    5 = HAIL
                        GRTST 24HR     0.0         6 = FREEZING RAIN OR DRIZZLE
                        GRTST DEPTH:   0           7 = DUSTSTORM OR SANDSTORM:
                                                       VSBY 1/2 MILE OR LESS
                                                   8 = SMOKE OR HAZE
[NO. OF DAYS WITH]      [WEATHER - DAYS WITH]      9 = BLOWING SNOW
                                                   X = TORNADO
MAX 32 OR BELOW:   0    0.01 INCH OR MORE:   4
MAX 90 OR ABOVE:   0    0.10 INCH OR MORE:   3
MIN 32 OR BELOW:   0    0.50 INCH OR MORE:   2
MIN  0 OR BELOW:   0    1.00 INCH OR MORE:   0

[HDD (BASE 65) ]
TOTAL THIS MO.    26    CLEAR  (SCALE 0-3)   5
DPTR FM NORMAL  -117    PTCLDY (SCALE 4-7)  12
TOTAL FM JUL 1   363    CLOUDY (SCALE 8-10)  4
DPTR FM NORMAL  -388

[CDD (BASE 65) ]
TOTAL THIS MO.   108
DPTR FM NORMAL    87    [PRESSURE DATA]
TOTAL FM JAN 1   180    HIGHEST SLP M ON M
DPTR FM NORMAL   141    LOWEST  SLP 29.62 ON 18

[REMARKS]
