000
CXUS55 KRIW 260901
CF6RKS
PRELIMINARY LOCAL CLIMATOLOGICAL DATA (WS FORM: F-6)

                                          STATION:   ROCK SPRINGS WY
                                          MONTH:     DECEMBER
                                          YEAR:      2014
                                          LATITUDE:   41 35 N
                                          LONGITUDE: 109  4 W

  TEMPERATURE IN F:       :PCPN:    SNOW:  WIND      :SUNSHINE: SKY     :PK WND
================================================================================
1   2   3   4   5  6A  6B    7    8   9   10  11  12  13   14  15   16   17  18
                                     12Z  AVG MX 2MIN
DY MAX MIN AVG DEP HDD CDD  WTR  SNW DPTH SPD SPD DIR MIN PSBL S-S WX    SPD DR
================================================================================

 1  37  15  26   2  39   0    T    M    M  7.3 18 250   M    M   8 12     21 250
 2  43  28  36  13  29   0 0.00  0.0    M 13.5 30 260   M    M   1        35 250
 3  36  26  31   8  34   0    T    M    M  7.6 16 220   M    M   6 1      20 220
 4  43  24  34  12  31   0 0.00  0.0    M  6.7 20 270   M    M   2 1      22 260
 5  45  31  38  16  27   0 0.00  0.0    M  9.1 17 260   M    M   4        20 250
 6  46  26  36  14  29   0 0.00  0.0    M  7.2 18 270   M    M   1        22 270
 7  46  29  38  16  27   0 0.00  0.0    M 15.7 26 250   M    M   2        30 250
 8  46  24  35  13  30   0 0.00  0.0    M  4.6 10 260   M    M   0        11 260
 9  46  20  33  12  32   0 0.00  0.0    M  4.1 12 270   M    M   0        14 270
10  45  21  33  12  32   0 0.00  0.0    M  3.6 12 270   M    M   0        12 270
11  44  20  32  11  33   0 0.00  0.0    M  5.8 23 160   M    M   0        29 160
12  49  35  42  21  23   0 0.00  0.0    M 16.4 33 180   M    M   3        40 180
13  44  29  37  16  28   0 0.01    M    M  9.6 22 180   M    M   8 12     31 210
14  29  21  25   4  40   0    T    M    M 15.3 21 260   M    M   9 1      23 260
15  27   8  18  -3  47   0    T    M    M  9.4 23 260   M    M   4 1      25 260
16  31   9  20   0  45   0 0.00  0.0    M  3.5  8 350   M    M   6 1       9 360
17  27   4  16  -4  49   0 0.00  0.0    M  2.6  8 240   M    M   1 12      9  40
18  33  13  23   3  42   0 0.00  0.0    M  9.2 16 280   M    M   2        21 280
19  34  18  26   6  39   0 0.00  0.0    M 12.4 26 280   M    M   6        31 270
20  34  25  30  10  35   0    T    M    M 14.7 26 250   M    M  10 1      30 250
21  39  29  34  14  31   0 0.02    M    M 26.6 45 260   M    M   8 1      59 280
22  33  15  24   4  41   0    T    M    M 15.5 35 330   M    M   4        44 320
23  27  10  19  -1  46   0 0.00  0.0    M 13.5 28 250   M    M   1        33 260
24  36  18  27   7  38   0 0.00  0.0    M 14.2 30 250   M    M   4        34 270
25  29  13  21   0  44   0 0.08    M    M 18.5 41  50   M    M  10 12     50  60
================================================================================
SM  949  511       891   0  0.11     0.0 266.6          M      100
================================================================================
AV 38.0 20.4                              10.7 FASTST   M    M   4    MAX(MPH)
                                 MISC ---->  # 45 260               # 59  280
================================================================================
NOTES:
# LAST OF SEVERAL OCCURRENCES

COLUMN 17 PEAK WIND IN M.P.H.

PRELIMINARY LOCAL CLIMATOLOGICAL DATA (WS FORM: F-6) , PAGE 2

                                          STATION:  ROCK SPRINGS WY
                                          MONTH:    DECEMBER
                                          YEAR:     2014
                                          LATITUDE:   41 35 N
                                          LONGITUDE: 109  4 W

[TEMPERATURE DATA]      [PRECIPITATION DATA]       SYMBOLS USED IN COLUMN 16

AVERAGE MONTHLY: 29.2   TOTAL FOR MONTH:   0.11    1 = FOG OR MIST
DPTR FM NORMAL:   8.1   DPTR FM NORMAL:   -0.30    2 = FOG REDUCING VISIBILITY
HIGHEST:    49 ON 12    GRTST 24HR  0.08 ON 25-25      TO 1/4 MILE OR LESS
LOWEST:      4 ON 17                               3 = THUNDER
                        SNOW, ICE PELLETS, HAIL    4 = ICE PELLETS
                        TOTAL MONTH:   0.0 INCH    5 = HAIL
                        GRTST 24HR     0.0         6 = FREEZING RAIN OR DRIZZLE
                        GRTST DEPTH:  M  ON   M    7 = DUSTSTORM OR SANDSTORM:
                                                       VSBY 1/2 MILE OR LESS
                                                   8 = SMOKE OR HAZE
[NO. OF DAYS WITH]      [WEATHER - DAYS WITH]      9 = BLOWING SNOW
                                                   X = TORNADO
MAX 32 OR BELOW:   6    0.01 INCH OR MORE:   3
MAX 90 OR ABOVE:   0    0.10 INCH OR MORE:   0
MIN 32 OR BELOW:  24    0.50 INCH OR MORE:   0
MIN  0 OR BELOW:   0    1.00 INCH OR MORE:   0

[HDD (BASE 65) ]
TOTAL THIS MO.   891    CLEAR  (SCALE 0-3)  12
DPTR FM NORMAL  -202    PTCLDY (SCALE 4-7)  10
TOTAL FM JUL 1  2707    CLOUDY (SCALE 8-10)  3
DPTR FM NORMAL  -379

[CDD (BASE 65) ]
TOTAL THIS MO.     0
DPTR FM NORMAL     0    [PRESSURE DATA]
TOTAL FM JAN 1   307    HIGHEST SLP M ON M
DPTR FM NORMAL    21    LOWEST  SLP 29.42 ON 25

[REMARKS]
