000
CXUS52 KFFC 181110
CF6RMG
PRELIMINARY LOCAL CLIMATOLOGICAL DATA (WS FORM: F-6)

                                          STATION:   ROME
                                          MONTH:     DECEMBER
                                          YEAR:      2014
                                          LATITUDE:   34 20 N
                                          LONGITUDE:  85 10 W

  TEMPERATURE IN F:       :PCPN:    SNOW:  WIND      :SUNSHINE: SKY     :PK WND
================================================================================
1   2   3   4   5  6A  6B    7    8   9   10  11  12  13   14  15   16   17  18
                                     12Z  AVG MX 2MIN
DY MAX MIN AVG DEP HDD CDD  WTR  SNW DPTH SPD SPD DIR MIN PSBL S-S WX    SPD DR
================================================================================

 1  71  43  57  11   8   0 0.00    M    M  1.7 10 260   M    M   5 12     14 270
 2  71  43  57  12   8   0 0.00  0.0    M  1.4 12 250   M    M   9 12     16 260
 3  69  48  59  14   6   0 0.00  0.0    M  2.3  8 250   M    M   5 1      11 290
 4  65  46  56  11   9   0 0.02    M    M  1.3  5 160   M    M   4 1       M  M
 5  61  50  56  11   9   0 0.17  0.0    M  5.4 13 120   M    M   8 1      17 150
 6  67  49  58  14   7   0 1.49  0.0    M  8.4 22 360   M    M  10 1      30 330
 7  56  39  48   4  17   0 0.00    M    M 11.4 25 360   M    M   3        34  20
 8  49  32  41  -3  24   0 0.00    M    M  3.5 12 100   M    M   4        15 150
 9  53  31  42  -2  23   0 0.00    M    M  7.6 22 330   M    M   8 1      29 320
10  49  30  40  -3  25   0 0.00    M    M  8.1 20 360   M    M   6        26  10
11  51  27  39  -4  26   0 0.00    M    M  4.6 14  10   M    M   0        18 360
12  57  25  41  -2  24   0 0.00    M    M  4.3 12 350   M    M   0        14 340
13  56  26  41  -2  24   0 0.00    M    M  6.3 15 330   M    M   0        20 360
14  49  33  41  -2  24   0 0.00  0.0    M  7.7 15 350   M    M   1        20 350
15  55  23  39  -3  26   0 0.22  0.0    M  1.6  9 320   M    M   4 18     12 320
16  58  40  49   7  16   0 0.23  0.0    M  6.7 18 260   M    M   7 1      23 290
17  48  31  40  -2  25   0 0.00  0.0    M  3.5 12 330   M    M   4        14 350
================================================================================
SM  985  616       301   0  2.13     0.0  85.8          M       78
================================================================================
AV 57.9 36.2                               5.0 FASTST   M    M   5    MAX(MPH)
                                 MISC ---->  # 25 360               # 34   20
================================================================================
NOTES:
# LAST OF SEVERAL OCCURRENCES

COLUMN 17 PEAK WIND IN M.P.H.

PRELIMINARY LOCAL CLIMATOLOGICAL DATA (WS FORM: F-6) , PAGE 2

                                          STATION:  ROME
                                          MONTH:    DECEMBER
                                          YEAR:     2014
                                          LATITUDE:   34 20 N
                                          LONGITUDE:  85 10 W

[TEMPERATURE DATA]      [PRECIPITATION DATA]       SYMBOLS USED IN COLUMN 16

AVERAGE MONTHLY: 47.1   TOTAL FOR MONTH:   2.13    1 = FOG OR MIST
DPTR FM NORMAL:   3.4   DPTR FM NORMAL:   -0.77    2 = FOG REDUCING VISIBILITY
HIGHEST:    71 ON  2, 1 GRTST 24HR  1.51 ON  5- 6      TO 1/4 MILE OR LESS
LOWEST:     23 ON 15                               3 = THUNDER
                        SNOW, ICE PELLETS, HAIL    4 = ICE PELLETS
                        TOTAL MONTH:   0.0 INCH    5 = HAIL
                        GRTST 24HR     0.0         6 = FREEZING RAIN OR DRIZZLE
                        GRTST DEPTH:  M  ON   M    7 = DUSTSTORM OR SANDSTORM:
                                                       VSBY 1/2 MILE OR LESS
                                                   8 = SMOKE OR HAZE
[NO. OF DAYS WITH]      [WEATHER - DAYS WITH]      9 = BLOWING SNOW
                                                   X = TORNADO
MAX 32 OR BELOW:   0    0.01 INCH OR MORE:   5
MAX 90 OR ABOVE:   0    0.10 INCH OR MORE:   4
MIN 32 OR BELOW:   8    0.50 INCH OR MORE:   1
MIN  0 OR BELOW:   0    1.00 INCH OR MORE:   1

[HDD (BASE 65) ]
TOTAL THIS MO.   301    CLEAR  (SCALE 0-3)   5
DPTR FM NORMAL   -61    PTCLDY (SCALE 4-7)  10
TOTAL FM JUL 1  1002    CLOUDY (SCALE 8-10)  2
DPTR FM NORMAL    33

[CDD (BASE 65) ]
TOTAL THIS MO.     0
DPTR FM NORMAL     0    [PRESSURE DATA]
TOTAL FM JAN 1  1754    HIGHEST SLP  0.00 ON  4
DPTR FM NORMAL   116    LOWEST  SLP 29.95 ON 16

[REMARKS]
