000
CXUS51 KRNK 300935
CF6RNK

PRELIMINARY LOCAL CLIMATOLOGICAL DATA (WS FORM: F-6)

                                          STATION:   BLACKSBURG VA
                                          MONTH:     SEPTEMBER
                                          YEAR:      2014
                                          LATITUDE:   37 13 N
                                          LONGITUDE:  80 25 W

  TEMPERATURE IN F:       :PCPN:    SNOW:  WIND      :SUNSHINE: SKY     :PK WND
================================================================================
1   2   3   4   5  6A  6B    7    8   9   10  11  12  13   14  15   16   17  18
                                     12Z  AVG MX 2MIN
DY MAX MIN AVG DEP HDD CDD  WTR  SNW DPTH SPD SPD DIR MIN PSBL S-S WX    SPD DR
================================================================================

 1  85  68  77   9   0  12 0.00  0.0    0  3.0 10 270   M    M   2        16 270
 2  86  65  76   8   0  11 0.74  0.0    0  2.7  9 300   M    M   3 13     24 270
 3  80  65  73   5   0   8 0.01  0.0    0  1.1  6 110   M    M   5 1       M  M
 4  79  63  71   4   0   6 0.96  0.0    0  1.1  8 120   M    M   5 123     M  M
 5  83  64  74   7   0   9 0.00  0.0    0  0.6  8 190   M    M   5 123     M  M
 6  82  64  73   6   0   8 0.35  0.0    0  1.6  8 290   M    M   6 123    21 290
 7  76  63  70   4   0   5 0.02  0.0    0  4.4  9  90   M    M   8 1       M  M
 8  67  57  62  -4   3   0 0.06  0.0    0  6.9 13  80   M    M   9 1      17  90
 9  75  59  67   1   0   2    T  0.0    0  2.7  8 140   M    M   8 1       M  M
10  75  61  68   3   0   3 0.00  0.0    0  3.5  9 160   M    M   8 1       M  M
11  83  60  72   7   0   7 0.19  0.0    0  2.6 13 250   M    M   5 123    21 290
12  72  61  67   2   0   2 0.42  0.0    0  3.0  9  90   M    M  10 12      M  M
13  70  51  61  -3   4   0 0.68  0.0    0  3.6 12 300   M    M   8 1      16 300
14  64  52  58  -6   7   0    T  0.0    0  1.9  7 120   M    M  10 1       M  M
15  74  57  66   2   0   1 0.00  0.0    0  0.9  8 140   M    M   7 1       M  M
16  73  58  66   3   0   1 0.00  0.0    0  4.7 10 320   M    M   5 1       M  M
17  71  53  62  -1   3   0 0.00  0.0    0  3.0  8  90   M    M   7         M  M
18  73  54  64   2   1   0 0.00  0.0    0  0.9  6 290   M    M   7 12      M  M
19  64  56  60  -2   5   0 0.12  0.0    0  4.4 10 110   M    M  10 1       M  M
20  77  55  66   4   0   1 0.00  0.0    0  1.3  8 120   M    M   4 1       M  M
21  78  52  65   4   0   0 0.20  0.0    0  3.9  9 290   M    M   7 12     28 300
22  67  46  57  -4   8   0 0.00  0.0    0  6.0 12 320   M    M   2        17 320
23  60  42  51  -9  14   0 0.00  0.0    0  1.6  7  90   M    M   0 1       M  M
24  67  46  57  -3   8   0 0.01  0.0    0  5.6 14  90   M    M   7 1      21  50
25  75  56  66   6   0   1 0.01  0.0    0  4.3 12  80   M    M   8 1       M  M
26  70  53  62   3   3   0    T  0.0    0  2.4  6  70   M    M   8 1       M  M
27  73  50  62   3   3   0 0.00  0.0    0  2.2  8 110   M    M   3 12      M  M
28  71  47  59   1   6   0 0.00  0.0    0  0.0  4 330   M    M   5 12      M  M
29  73  55  64   6   1   0 0.03  0.0    0  0.3  3 210   M    M   4 12      M  M
================================================================================
SM 2143 1633        66  77  3.80     0.0  80.2          M      176
================================================================================
AV 73.9 56.3                               2.8 FASTST   M    M   6    MAX(MPH)
                                 MISC ---->  # 14  90               # 28  300
================================================================================
NOTES:
# LAST OF SEVERAL OCCURRENCES

COLUMN 17 PEAK WIND IN M.P.H.

PRELIMINARY LOCAL CLIMATOLOGICAL DATA (WS FORM: F-6) , PAGE 2

                                          STATION:  BLACKSBURG VA
                                          MONTH:    SEPTEMBER
                                          YEAR:     2014
                                          LATITUDE:   37 13 N
                                          LONGITUDE:  80 25 W

[TEMPERATURE DATA]      [PRECIPITATION DATA]       SYMBOLS USED IN COLUMN 16

AVERAGE MONTHLY: 65.1   TOTAL FOR MONTH:   3.80    1 = FOG OR MIST
DPTR FM NORMAL:   1.7   DPTR FM NORMAL:    0.80    2 = FOG REDUCING VISIBILITY
HIGHEST:    86 ON  2    GRTST 24HR  0.96 ON  4- 4      TO 1/4 MILE OR LESS
LOWEST:     42 ON 23                               3 = THUNDER
                        SNOW, ICE PELLETS, HAIL    4 = ICE PELLETS
                        TOTAL MONTH:   0.0 INCH    5 = HAIL
                        GRTST 24HR     0.0         6 = FREEZING RAIN OR DRIZZLE
                        GRTST DEPTH:   0           7 = DUSTSTORM OR SANDSTORM:
                                                       VSBY 1/2 MILE OR LESS
                                                   8 = SMOKE OR HAZE
[NO. OF DAYS WITH]      [WEATHER - DAYS WITH]      9 = BLOWING SNOW
                                                   X = TORNADO
MAX 32 OR BELOW:   0    0.01 INCH OR MORE:  14
MAX 90 OR ABOVE:   0    0.10 INCH OR MORE:   8
MIN 32 OR BELOW:   0    0.50 INCH OR MORE:   3
MIN  0 OR BELOW:   0    1.00 INCH OR MORE:   0

[HDD (BASE 65) ]
TOTAL THIS MO.    66    CLEAR  (SCALE 0-3)   5
DPTR FM NORMAL   -38    PTCLDY (SCALE 4-7)  19
TOTAL FM JUL 1    77    CLOUDY (SCALE 8-10)  5
DPTR FM NORMAL   -45

[CDD (BASE 65) ]
TOTAL THIS MO.    77
DPTR FM NORMAL    19    [PRESSURE DATA]
TOTAL FM JAN 1   607    HIGHEST SLP M ON M
DPTR FM NORMAL    37    LOWEST  SLP M ON M

[REMARKS]
