000
CXUS51 KRNK 220930
CF6RNK

PRELIMINARY LOCAL CLIMATOLOGICAL DATA (WS FORM: F-6)

                                          STATION:   BLACKSBURG VA
                                          MONTH:     OCTOBER
                                          YEAR:      2014
                                          LATITUDE:   37 13 N
                                          LONGITUDE:  80 25 W

  TEMPERATURE IN F:       :PCPN:    SNOW:  WIND      :SUNSHINE: SKY     :PK WND
================================================================================
1   2   3   4   5  6A  6B    7    8   9   10  11  12  13   14  15   16   17  18
                                     12Z  AVG MX 2MIN
DY MAX MIN AVG DEP HDD CDD  WTR  SNW DPTH SPD SPD DIR MIN PSBL S-S WX    SPD DR
================================================================================

 1  77  49  63   6   2   0 0.00  0.0    0  1.8  8 290   M    M   3 12      M  M
 2  78  48  63   6   2   0 0.00  0.0    0  1.2  6 120   M    M   4 12      M  M
 3  72  58  65   9   0   0 0.22  0.0    0  5.2 13 180   M    M   7 12     25 210
 4  59  38  49  -7  16   0    T  0.0    0  8.4 18 310   M    M   4        28 310
 5  58  34  46 -10  19   0 0.00  0.0    0  3.5  8 270   M    M   1        16 230
 6  68  38  53  -2  12   0 0.24  0.0    0  2.9 15 200   M    M   5        25 190
 7  66  48  57   2   8   0 1.29  0.0    0  2.2 24 310   M    M   8 13     32 310
 8  70  48  59   4   6   0 0.19  0.0    0  5.4 17 300   M    M   3 12     25 300
 9  75  42  59   5   6   0 0.00  0.0    0  2.3 10 290   M    M   2         M  M
10  63  49  56   2   9   0 0.28  0.0    0  0.5  7 120   M    M   8 123     M  M
11  68  56  62   8   3   0 0.07  0.0    0  3.4  9 100   M    M   9 1       M  M
12  56  49  53   0  12   0 0.76  0.0    0  4.3 10 130   M    M  10 12      M  M
13  67  50  59   6   6   0 0.02  0.0    0  3.4 10 110   M    M  10 12      M  M
14  73  61  67  14   0   2 0.17  0.0    0  9.4 17 140   M    M   6 13     30 150
15  68  50  59   7   6   0 0.73  0.0    0  2.2  9 260   M    M   8 1      22 260
16  61  44  53   1  12   0 0.06  0.0    0  2.5  9 290   M    M   8 1       M  M
17  70  47  59   7   6   0 0.00  0.0    0  4.7 14 260   M    M   4        25 260
18  61  45  53   1  12   0 0.02  0.0    0  8.5 15 300   M    M  10        26 300
19  58  35  47  -4  18   0    T  0.0    0  7.2 14 310   M    M   4        22 310
20  65  34  50  -1  15   0    T  0.0    0  1.7  8 260   M    M   2 1       M  M
21  59  42  51   0  14   0    T  0.0    0  4.6 12 300   M    M   7 1      21 300
================================================================================
SM 1392  965       184   2  4.05     0.0  85.3          M      123
================================================================================
AV 66.3 46.0                               4.1 FASTST   M    M   6    MAX(MPH)
                                 MISC ---->  # 24 310               # 32  310
================================================================================
NOTES:
# LAST OF SEVERAL OCCURRENCES

COLUMN 17 PEAK WIND IN M.P.H.

PRELIMINARY LOCAL CLIMATOLOGICAL DATA (WS FORM: F-6) , PAGE 2

                                          STATION:  BLACKSBURG VA
                                          MONTH:    OCTOBER
                                          YEAR:     2014
                                          LATITUDE:   37 13 N
                                          LONGITUDE:  80 25 W

[TEMPERATURE DATA]      [PRECIPITATION DATA]       SYMBOLS USED IN COLUMN 16

AVERAGE MONTHLY: 56.1   TOTAL FOR MONTH:   4.05    1 = FOG OR MIST
DPTR FM NORMAL:   2.4   DPTR FM NORMAL:    2.18    2 = FOG REDUCING VISIBILITY
HIGHEST:    78 ON  2    GRTST 24HR  1.29 ON  7- 7      TO 1/4 MILE OR LESS
LOWEST:     34 ON 20, 5                            3 = THUNDER
                        SNOW, ICE PELLETS, HAIL    4 = ICE PELLETS
                        TOTAL MONTH:   0.0 INCH    5 = HAIL
                        GRTST 24HR     0.0         6 = FREEZING RAIN OR DRIZZLE
                        GRTST DEPTH:   0           7 = DUSTSTORM OR SANDSTORM:
                                                       VSBY 1/2 MILE OR LESS
                                                   8 = SMOKE OR HAZE
[NO. OF DAYS WITH]      [WEATHER - DAYS WITH]      9 = BLOWING SNOW
                                                   X = TORNADO
MAX 32 OR BELOW:   0    0.01 INCH OR MORE:  12
MAX 90 OR ABOVE:   0    0.10 INCH OR MORE:   8
MIN 32 OR BELOW:   0    0.50 INCH OR MORE:   3
MIN  0 OR BELOW:   0    1.00 INCH OR MORE:   1

[HDD (BASE 65) ]
TOTAL THIS MO.   184    CLEAR  (SCALE 0-3)   5
DPTR FM NORMAL   -56    PTCLDY (SCALE 4-7)  12
TOTAL FM JUL 1   261    CLOUDY (SCALE 8-10)  4
DPTR FM NORMAL  -110

[CDD (BASE 65) ]
TOTAL THIS MO.     2
DPTR FM NORMAL     1    [PRESSURE DATA]
TOTAL FM JAN 1   609    HIGHEST SLP M ON M
DPTR FM NORMAL    39    LOWEST  SLP M ON M

[REMARKS]
