000
CXUS55 KREV 010905
CF6RNO

PRELIMINARY LOCAL CLIMATOLOGICAL DATA (WS FORM: F-6)

                                          STATION:   RENO TAHOE AIRPORT NV
                                          MONTH:     AUGUST
                                          YEAR:      2014
                                          LATITUDE:   39 30 N
                                          LONGITUDE: 119 47 W

  TEMPERATURE IN F:       :PCPN:    SNOW:  WIND      :SUNSHINE: SKY     :PK WND
================================================================================
1   2   3   4   5  6A  6B    7    8   9   10  11  12  13   14  15   16   17  18
                                     12Z  AVG MX 2MIN
DY MAX MIN AVG DEP HDD CDD  WTR  SNW DPTH SPD SPD DIR MIN PSBL S-S WX    SPD DR
================================================================================

 1  95  66  81   5   0  16    T  0.0    0  5.3 22 300   M    M   M        29 300
 2  99  62  81   5   0  16 0.00  0.0    0  7.9 21 300   M    M   M        28 210
 3  91  69  80   4   0  15 0.00  0.0    0  4.6 20 300   M    M   M        25 300
 4  76  57  67  -8   0   2 0.55  0.0    0  4.1 14 190   M    M   M 1      16 350
 5  66  56  61 -14   4   0 0.48  0.0    0  2.4 10 310   M    M   M 18     16 250
 6  82  58  70  -5   0   5    T  0.0    0  3.7 15  20   M    M   M 13     22 310
 7  89  61  75   0   0  10 0.00  0.0    0  3.7 16 290   M    M   M        24 270
 8  94  62  78   3   0  13 0.00  0.0    0  6.7 24 300   M    M   M        30 300
 9  94  61  78   3   0  13 0.05  0.0    0  6.0 23 190   M    M   M 3      29  10
10  91  60  76   2   0  11 0.00  0.0    0  5.8 25 290   M    M   M 3      33 290
11  90  61  76   2   0  11    T  0.0    0  7.2 28 200   M    M   M 3      31 200
12  88  60  74   0   0   9 0.00  0.0    0 10.6 31 190   M    M   M        42 200
13  85  64  75   1   0  10 0.00  0.0    0 13.1 37 190   M    M   M        49 180
14  87  56  72  -2   0   7 0.00  0.0    0  6.6 24 180   M    M   M        31 180
15  92  56  74   0   0   9 0.00  0.0    0  5.6 17 310   M    M   M        23 300
16  94  60  77   4   0  12 0.00  0.0    0  5.9 18 320   M    M   M        24 290
17  94  58  76   3   0  11 0.00  0.0    0  5.9 20 300   M    M   M        26 310
18  93  57  75   2   0  10 0.00  0.0    0  5.8 20 330   M    M   M        29 170
19  92  60  76   3   0  11 0.00  0.0    0  8.2 24 290   M    M   M        31 280
20  92  63  78   6   0  13 0.00  0.0    0  9.1 25 300   M    M   M        34 290
21  90  57  74   2   0   9 0.00  0.0    0  9.0 26 290   M    M   M        32 290
22  86  56  71  -1   0   6 0.00  0.0    0  8.7 26 290   M    M   M        32 290
23  83  56  70  -2   0   5 0.00  0.0    0  4.2 17  20   M    M   M        24  50
24  87  53  70  -2   0   5 0.00  0.0    0  5.8 28 290   M    M   M        36 290
25  80  58  69  -2   0   4    T  0.0    0  6.3 24 330   M    M   M        33 330
26  83  54  69  -2   0   4 0.00  0.0    0  5.1 17  50   M    M   M        25  10
27  90  55  73   2   0   8 0.00  0.0    0  3.7 15 310   M    M   M        19 300
28  95  60  78   7   0  13 0.00  0.0    0  4.8 21 340   M    M   M        34 280
29  91  61  76   6   0  11 0.00  0.0    0  5.2 23 290   M    M   M        27 290
30  89  61  75   5   0  10 0.00  0.0    0  9.2 24 260   M    M   M        31 250
31  91  54  73   3   0   8 0.00  0.0    0  6.9 20 310   M    M   M        25 320
================================================================================
SM 2749 1832         4 287  1.08     0.0 197.1          M        M
================================================================================
AV 88.7 59.1                               6.4 FASTST   M    M   0    MAX(MPH)
                                 MISC ---->  # 37 190               # 49  180
================================================================================
NOTES:
# LAST OF SEVERAL OCCURRENCES

COLUMN 17 PEAK WIND IN M.P.H.

PRELIMINARY LOCAL CLIMATOLOGICAL DATA (WS FORM: F-6) , PAGE 2

                                          STATION:  RENO TAHOE AIRPORT NV
                                          MONTH:    AUGUST
                                          YEAR:     2014
                                          LATITUDE:   39 30 N
                                          LONGITUDE: 119 47 W

[TEMPERATURE DATA]      [PRECIPITATION DATA]       SYMBOLS USED IN COLUMN 16

AVERAGE MONTHLY: 73.9   TOTAL FOR MONTH:   1.08    1 = FOG OR MIST
DPTR FM NORMAL:   0.7   DPTR FM NORMAL:    0.85    2 = FOG REDUCING VISIBILITY
HIGHEST:    99 ON  2    GRTST 24HR  0.88 ON  4- 5      TO 1/4 MILE OR LESS
LOWEST:     53 ON 24                               3 = THUNDER
                        SNOW, ICE PELLETS, HAIL    4 = ICE PELLETS
                        TOTAL MONTH:   0.0 INCH    5 = HAIL
                        GRTST 24HR     0.0         6 = FREEZING RAIN OR DRIZZLE
                        GRTST DEPTH:   0           7 = DUSTSTORM OR SANDSTORM:
                                                       VSBY 1/2 MILE OR LESS
                                                   8 = SMOKE OR HAZE
[NO. OF DAYS WITH]      [WEATHER - DAYS WITH]      9 = BLOWING SNOW
                                                   X = TORNADO
MAX 32 OR BELOW:   0    0.01 INCH OR MORE:   3
MAX 90 OR ABOVE:  18    0.10 INCH OR MORE:   2
MIN 32 OR BELOW:   0    0.50 INCH OR MORE:   1
MIN  0 OR BELOW:   0    1.00 INCH OR MORE:   0

[HDD (BASE 65) ]
TOTAL THIS MO.     4    CLEAR  (SCALE 0-3)   0
DPTR FM NORMAL    -1    PTCLDY (SCALE 4-7)   0
TOTAL FM JUL 1     4    CLOUDY (SCALE 8-10)  0
DPTR FM NORMAL    -6

[CDD (BASE 65) ]
TOTAL THIS MO.   287
DPTR FM NORMAL    28    [PRESSURE DATA]
TOTAL FM JAN 1  1036    HIGHEST SLP M ON M
DPTR FM NORMAL   290    LOWEST  SLP 29.63 ON 19

[REMARKS]

THE AVERAGE TEMPERATURE FOR AUGUST 2014 AT THE RENO TAHOE AIRPORT
WAS 73.9 DEGREES WHICH IS 0.7 DEGREE ABOVE NORMAL.  THE HIGHEST
TEMPERATURE FOR AUGUST WAS 99 DEGREES WHICH OCCURRED ON THE 2ND.
THE LOWEST TEMPERATURE FOR THE MONTH WAS 53 DEGREES WHICH WAS
RECORDED ON THE 24TH.

FOR AUGUST 2014 A TOTAL OF 1.08 INCHES OF PRECIPITATION WAS RECORDED
AT THE RENO TAHOE INTERNATIONAL AIRPORT.  THIS IS 0.85 INCH ABOVE
NORMAL.

THE AVERAGE WIND SPEED FOR THE MONTH WAS 6.4 MPH.  THE PEAK WIND
GUST FOR THE MONTH WAS 49 MPH FROM THE SOUTH WHICH OCCURRED ON THE
13TH.


#FINAL-08-14#
