000
CXUS55 KREV 010853
CF6RNO

PRELIMINARY LOCAL CLIMATOLOGICAL DATA (WS FORM: F-6)

                                          STATION:   RENO TAHOE AIRPORT NV
                                          MONTH:     JANUARY
                                          YEAR:      2015
                                          LATITUDE:   39 30 N
                                          LONGITUDE: 119 47 W

  TEMPERATURE IN F:       :PCPN:    SNOW:  WIND      :SUNSHINE: SKY     :PK WND
================================================================================
1   2   3   4   5  6A  6B    7    8   9   10  11  12  13   14  15   16   17  18
                                     12Z  AVG MX 2MIN
DY MAX MIN AVG DEP HDD CDD  WTR  SNW DPTH SPD SPD DIR MIN PSBL S-S WX    SPD DR
================================================================================

 1  33   9  21 -13  44   0 0.00  0.0    T  2.3  8 190   M    M   M         9 160
 2  38  12  25  -9  40   0 0.00  0.0    0  1.4  8 190   M    M   M        10 240
 3  48  17  33  -1  32   0 0.00  0.0    0  1.6  6 300   M    M   M        10 280
 4  53  24  39   4  26   0 0.00  0.0    0  1.1  6  80   M    M   M        11 260
 5  56  25  41   6  24   0 0.00  0.0    0  1.2  6 320   M    M   M         9 290
 6  58  27  43   8  22   0 0.00  0.0    0  0.4  3  40   M    M   M         6 190
 7  57  26  42   7  23   0 0.00  0.0    0  0.0  5 310   M    M   M         9 300
 8  56  25  41   6  24   0 0.00  0.0    0  0.5  6 350   M    M   M        11 280
 9  49  26  38   3  27   0 0.00  0.0    0  0.6  6 200   M    M   M         6 130
10  55  35  45  10  20   0 0.00  0.0    0  1.2  7  10   M    M   M        10 280
11  61  39  50  15  15   0 0.00  0.0    0  3.4 13 290   M    M   M        22 280
12  53  33  43   8  22   0 0.00  0.0    0  4.3 16  20   M    M   M        19  10
13  47  27  37   2  28   0 0.00  0.0    0  4.6 15  90   M    M   M        18  90
14  49  22  36   1  29   0 0.00  0.0    0  1.6  9 110   M    M   M 8      11 100
15  49  24  37   2  28   0 0.00  0.0    0  2.6  8 360   M    M   M        10 320
16  57  34  46  11  19   0 0.00  0.0    0  5.4 17  10   M    M   M        22 320
17  57  35  46  10  19   0 0.00  0.0    0  1.8 10  90   M    M   M        11  90
18  66  33  50  14  15   0 0.00  0.0    0  6.3 23 300   M    M   M        29 290
19  61  37  49  13  16   0 0.00  0.0    0  3.2 13  20   M    M   M        18 310
20  50  29  40   4  25   0 0.00  0.0    0  1.8 10 100   M    M   M        12 110
21  50  24  37   1  28   0 0.00  0.0    0  4.0 17  90   M    M   M        20  90
22  44  24  34  -2  31   0 0.00  0.0    0  1.6  6 200   M    M   M        10 260
23  55  22  39   3  26   0 0.00  0.0    0  2.1 12  50   M    M   M        13  50
24  59  25  42   6  23   0 0.00  0.0    0  3.5 14  90   M    M   M        17 110
25  63  27  45   9  20   0 0.00  0.0    0  2.1 15 100   M    M   M        18  90
26  62  28  45   9  20   0 0.00  0.0    0  1.5  8 280   M    M   M        13 220
27  51  35  43   6  22   0 0.06  0.0    0  5.5 21 290   M    M   M 1      27 290
28  58  28  43   6  22   0 0.00  0.0    0  2.3 14  90   M    M   M        17  90
29  56  29  43   6  22   0 0.00  0.0    0  2.8 14 110   M    M   M        17 110
30  54  36  45   8  20   0 0.00  0.0    0  4.7 17  20   M    M   M        21  20
31  55  24  40   3  25   0 0.00  0.0    0  2.9 12  40   M    M   M        16  40
================================================================================
SM 1660  841       757   0  0.06     0.0  78.3          M        M
================================================================================
AV 53.5 27.1                               2.5 FASTST   M    M  -1    MAX(MPH)
                                 MISC ---->  # 23 300               # 29  290
================================================================================
NOTES:
# LAST OF SEVERAL OCCURRENCES

COLUMN 17 PEAK WIND IN M.P.H.

PRELIMINARY LOCAL CLIMATOLOGICAL DATA (WS FORM: F-6) , PAGE 2

                                          STATION:  RENO TAHOE AIRPORT NV
                                          MONTH:    JANUARY
                                          YEAR:     2015
                                          LATITUDE:   39 30 N
                                          LONGITUDE: 119 47 W

[TEMPERATURE DATA]      [PRECIPITATION DATA]       SYMBOLS USED IN COLUMN 16

AVERAGE MONTHLY: 40.3   TOTAL FOR MONTH:   0.06    1 = FOG OR MIST
DPTR FM NORMAL:   4.7   DPTR FM NORMAL:   -0.97    2 = FOG REDUCING VISIBILITY
HIGHEST:    66 ON 18    GRTST 24HR  0.06 ON 27-27      TO 1/4 MILE OR LESS
LOWEST:      9 ON  1                               3 = THUNDER
                        SNOW, ICE PELLETS, HAIL    4 = ICE PELLETS
                        TOTAL MONTH:   0.0 INCH    5 = HAIL
                        GRTST 24HR     0.0         6 = FREEZING RAIN OR DRIZZLE
                        GRTST DEPTH:   T           7 = DUSTSTORM OR SANDSTORM:
                                                       VSBY 1/2 MILE OR LESS
                                                   8 = SMOKE OR HAZE
[NO. OF DAYS WITH]      [WEATHER - DAYS WITH]      9 = BLOWING SNOW
                                                   X = TORNADO
MAX 32 OR BELOW:   0    0.01 INCH OR MORE:   1
MAX 90 OR ABOVE:   0    0.10 INCH OR MORE:   0
MIN 32 OR BELOW:  22    0.50 INCH OR MORE:   0
MIN  0 OR BELOW:   0    1.00 INCH OR MORE:   0

[HDD (BASE 65) ]
TOTAL THIS MO.   757    CLEAR  (SCALE 0-3)   0
DPTR FM NORMAL  -156    PTCLDY (SCALE 4-7)   0
TOTAL FM JUL 1  2348    CLOUDY (SCALE 8-10)  0
DPTR FM NORMAL  -589

[CDD (BASE 65) ]
TOTAL THIS MO.     0
DPTR FM NORMAL     0    [PRESSURE DATA]
TOTAL FM JAN 1     0    HIGHEST SLP M ON M
DPTR FM NORMAL     0    LOWEST  SLP 25.70 ON 31

[REMARKS]

THE AVERAGE TEMPERATURE FOR JANUARY 2015 AT THE RENO TAHOE AIRPORT
WAS 40.3 DEGREES WHICH IS 4.7 DEGREES ABOVE NORMAL.  THIS MAKES
JANUARY 2015 TIED FOR THE SECOND WARMEST JANUARY ON RECORD AT RENO.

THE HIGHEST TEMPERATURE FOR JANUARY WAS 66 DEGREES WHICH OCCURRED ON
THE 18TH.  THE LOWEST TEMPERATURE FOR THE MONTH WAS 9 DEGREES WHICH
WAS RECORDED ON THE 1ST.

FOR JANUARY 2015 A TOTAL OF 0.06 INCH OF PRECIPITATION WAS RECORDED
AT THE RENO TAHOE INTERNATIONAL AIRPORT.  THIS IS 0.97 INCH BELOW
NORMAL.  THIS MAKES JANUARY 2015 TIED FOR THE SEVENTH DRIEST JANUARY
ON RECORD AT RENO.  NO SNOWFALL WAS REPORTED FOR THE MONTH.  THE
AVERAGE SNOWFALL FOR JANUARY AT RENO IS 5.6 INCHES.

THE AVERAGE WIND SPEED FOR THE MONTH WAS 2.5 MPH.  THE PEAK WIND
GUST FOR THE MONTH WAS 29 MPH FROM THE WEST WHICH OCCURRED ON THE
18TH.


#FINAL-01-15#
