000
CXUS51 KBUF 311205
CF6ROC
PRELIMINARY LOCAL CLIMATOLOGICAL DATA (WS FORM: F-6)

                                          STATION:   ROCHESTER NY
                                          MONTH:     AUGUST
                                          YEAR:      2015
                                          LATITUDE:   43  7 N
                                          LONGITUDE:  77 40 W

  TEMPERATURE IN F:       :PCPN:    SNOW:  WIND      :SUNSHINE: SKY     :PK WND
================================================================================
1   2   3   4   5  6A  6B    7    8   9   10  11  12  13   14  15   16   17  18
                                     12Z  AVG MX 2MIN
DY MAX MIN AVG DEP HDD CDD  WTR  SNW DPTH SPD SPD DIR MIN PSBL S-S WX    SPD DR
================================================================================

 1  79  62  71   0   0   6 0.02  0.0    0 10.0 18 260   M    M   4 1      25 290
 2  84  60  72   1   0   7 0.00  0.0    0  9.7 20 350   M    M   6        24 340
 3  82  65  74   3   0   9 0.01  0.0    0 10.3 23 240   M    M   7        28 230
 4  78  60  69  -1   0   4 0.10  0.0    0  6.0 18 260   M    M   6 13     24 280
 5  75  61  68  -2   0   3    T  0.0    0  9.3 20 290   M    M   6        24 280
 6  76  53  65  -5   0   0 0.00  0.0    0  4.1 12 360   M    M   5        16 300
 7  77  54  66  -4   0   1 0.00  0.0    0  4.9 17  40   M    M   2        22  50
 8  74  53  64  -6   1   0 0.00  0.0    0  6.5 16  50   M    M   5        20  50
 9  79  53  66  -4   0   1 0.00  0.0    0  4.9 13  30   M    M   3        16  30
10  84  59  72   2   0   7 2.38  0.0    0  6.7 20 200   M    M   7 13     26 200
11  78  65  72   2   0   7    T  0.0    0  9.5 18 310   M    M   8 1      24 310
12  75  56  66  -4   0   1    T  0.0    0  9.0 18 320   M    M   5        26 340
13  79  52  66  -4   0   1 0.00  0.0    0  8.6 15 250   M    M   3        22 260
14  82  64  73   3   0   8 0.11  0.0    0  9.9 24 240   M    M   7 13     30 250
15  83  67  75   5   0  10 0.09  0.0    0  5.1 12  30   M    M   5 13     15 210
16  87  65  76   6   0  11 0.00  0.0    0  5.8 12 250   M    M   4 1      15 230
17  89  67  78   9   0  13 0.00  0.0    0  7.4 16 230   M    M   3        19 240
18  86  68  77   8   0  12    T  0.0    0  5.6 14 210   M    M   8 1      19 190
19  88  69  79  10   0  14 0.02  0.0    0  8.4 17 220   M    M   7        23 230
20  84  63  74   5   0   9 1.93  0.0    0 10.8 31 280   M    M   6 123    35 270
21  74  61  68  -1   0   3 0.00  0.0    0  7.3 18 250   M    M   6        25 240
22  75  57  66  -3   0   1 0.00  0.0    0  4.6 14  20   M    M   4        17  40
23  79  56  68  -1   0   3 0.00  0.0    0  5.2 12 120   M    M   4        17 150
24  77  62  70   2   0   5    T  0.0    0  8.5 22 250   M    M   5        28 260
25  71  58  65  -3   0   0    T  0.0    0  8.0 15 290   M    M   8        20 290
26  72  59  66  -2   0   1 0.00  0.0    0  8.3 16 270   M    M   9        20 260
27  69  53  61  -7   4   0 0.01  0.0    0  6.7 13 320   M    M   8 1      17 300
28  74  50  62  -6   3   0 0.00  0.0    0  4.6 12  30   M    M   4        14  30
29  77  56  67   0   0   2 0.00  0.0    0  4.5 13 230   M    M   5        15 240
30  82  65  74   7   0   9 0.00  0.0    0  3.8 12  10   M    M   7        15 340
================================================================================
SM 2369 1793         8 148  4.67     0.0 214.0          M      167
================================================================================
AV 79.0 59.8                               7.1 FASTST   M    M   6    MAX(MPH)
                                 MISC ---->  # 31 280               # 35  270
================================================================================
NOTES:
# LAST OF SEVERAL OCCURRENCES

COLUMN 17 PEAK WIND IN M.P.H.

PRELIMINARY LOCAL CLIMATOLOGICAL DATA (WS FORM: F-6) , PAGE 2

                                          STATION:  ROCHESTER NY
                                          MONTH:    AUGUST
                                          YEAR:     2015
                                          LATITUDE:   43  7 N
                                          LONGITUDE:  77 40 W

[TEMPERATURE DATA]      [PRECIPITATION DATA]       SYMBOLS USED IN COLUMN 16

AVERAGE MONTHLY: 69.4   TOTAL FOR MONTH:   4.67    1 = FOG OR MIST
DPTR FM NORMAL:   0.0   DPTR FM NORMAL:    1.31    2 = FOG REDUCING VISIBILITY
HIGHEST:    89 ON 17    GRTST 24HR  2.38 ON 10-10      TO 1/4 MILE OR LESS
LOWEST:     50 ON 28                               3 = THUNDER
                        SNOW, ICE PELLETS, HAIL    4 = ICE PELLETS
                        TOTAL MONTH:   0.0 INCH    5 = HAIL
                        GRTST 24HR     0.0         6 = FREEZING RAIN OR DRIZZLE
                        GRTST DEPTH:   0           7 = DUSTSTORM OR SANDSTORM:
                                                       VSBY 1/2 MILE OR LESS
                                                   8 = SMOKE OR HAZE
[NO. OF DAYS WITH]      [WEATHER - DAYS WITH]      9 = BLOWING SNOW
                                                   X = TORNADO
MAX 32 OR BELOW:   0    0.01 INCH OR MORE:   9
MAX 90 OR ABOVE:   0    0.10 INCH OR MORE:   4
MIN 32 OR BELOW:   0    0.50 INCH OR MORE:   2
MIN  0 OR BELOW:   0    1.00 INCH OR MORE:   2

[HDD (BASE 65) ]
TOTAL THIS MO.     8    CLEAR  (SCALE 0-3)   3
DPTR FM NORMAL   -12    PTCLDY (SCALE 4-7)  26
TOTAL FM JUL 1    19    CLOUDY (SCALE 8-10)  1
DPTR FM NORMAL   -13

[CDD (BASE 65) ]
TOTAL THIS MO.   148
DPTR FM NORMAL    -5    [PRESSURE DATA]
TOTAL FM JAN 1   545    HIGHEST SLP M ON M
DPTR FM NORMAL    63    LOWEST  SLP 29.63 ON  3

[REMARKS]
