000
CXUS54 KFWD 220730
CF6RPH
PRELIMINARY LOCAL CLIMATOLOGICAL DATA (WS FORM: F-6)

                                          STATION:   GRAHAM
                                          MONTH:     AUGUST
                                          YEAR:      2017
                                          LATITUDE:   33  6 N
                                          LONGITUDE:  98 30 W

  TEMPERATURE IN F:       :PCPN:    SNOW:  WIND      :SUNSHINE: SKY     :PK WND
================================================================================
1   2   3   4   5  6A  6B    7    8   9   10  11  12  13   14  15   16   17  18
                                     12Z  AVG MX 2MIN
DY MAX MIN AVG DEP HDD CDD  WTR  SNW DPTH SPD SPD DIR MIN PSBL S-S WX    SPD DR
================================================================================

 1  87  70  79  -5   0  14 0.04  0.0    0  2.4  7  10   M    M   7         M  M
 2  83  68  76  -8   0  11 0.25  0.0    0  2.5  7  70   M    M   7 18      M  M
 3  94  65  80  -4   0  15 0.00  0.0    0  0.5  5  20   M    M   3 128     M  M
 4  97  67  82  -2   0  17 0.00  0.0    0  2.7  6 140   M    M   1         M  M
 5 101  72  87   3   0  22 0.00  0.0    0  7.1 13 150   M    M   1        21 150
 6 104  71  88   4   0  23 0.03  0.0    0  8.0 18  40   M    M   3        30  40
 7  89  70  80  -4   0  15 0.00  0.0    0  2.5 12  30   M    M   4 8      18  30
 8  90  69  80  -4   0  15 0.00  0.0    0  4.4  9  20   M    M   5         M  M
 9  92  65  79  -5   0  14 0.00  0.0    0  1.8  5 110   M    M   1 8       M  M
10 100  72  86   2   0  21 0.00  0.0    0  4.4 12 140   M    M   2 8      17 140
11 101  75  88   4   0  23 0.00  0.0    0  5.0 12  50   M    M   2        16 360
12  97  74  86   2   0  21 0.04  0.0    0  4.4 12 250   M    M   3        16 250
13  92  72  82  -2   0  17 0.16  0.0    0  2.6 10 280   M    M   5         M  M
14  95  70  83  -1   0  18 0.04  0.0    0  4.8 20 310   M    M   3        47 310
15  88  74  81  -3   0  16 0.00  0.0    0  4.4 10 150   M    M   2         M  M
16  96  77  87   3   0  22 0.00  0.0    0  6.7 12 150   M    M   3        18 200
17  99  72  86   2   0  21 0.00  0.0    0  3.2 13 150   M    M   0        25 150
18  92  68  80  -4   0  15 0.00  0.0    0  3.1  9 150   M    M   1         M  M
19 100  72  86   3   0  21 0.01  0.0    0  2.9 14 320   M    M   1        17 320
20  98  74  86   3   0  21 0.00  0.0    0  5.1 13 140   M    M   1        18 150
21  96  75  86   3   0  21 0.00  0.0    0  5.3  9 180   M    M   0         M  M
================================================================================
SM 1991 1492         0 383  0.57     0.0  83.8          M       55
================================================================================
AV 94.8 71.1                               4.0 FASTST   M    M   3    MAX(MPH)
                                 MISC ---->    20   M                 47    M
================================================================================
NOTES:
# LAST OF SEVERAL OCCURRENCES

COLUMN 17 PEAK WIND IN M.P.H.

PRELIMINARY LOCAL CLIMATOLOGICAL DATA (WS FORM: F-6) , PAGE 2

                                          STATION:  GRAHAM
                                          MONTH:    AUGUST
                                          YEAR:     2017
                                          LATITUDE:   33  6 N
                                          LONGITUDE:  98 30 W

[TEMPERATURE DATA]      [PRECIPITATION DATA]       SYMBOLS USED IN COLUMN 16

AVERAGE MONTHLY: 82.9   TOTAL FOR MONTH:   0.57    1 = FOG OR MIST
DPTR FM NORMAL:  -0.9   DPTR FM NORMAL:   -0.55    2 = FOG REDUCING VISIBILITY
HIGHEST:   104 ON  6    GRTST 24HR  0.25 ON  2- 2      TO 1/4 MILE OR LESS
LOWEST:     65 ON  9, 3                            3 = THUNDER
                        SNOW, ICE PELLETS, HAIL    4 = ICE PELLETS
                        TOTAL MONTH:   0.0 INCH    5 = HAIL
                        GRTST 24HR     0.0         6 = FREEZING RAIN OR DRIZZLE
                        GRTST DEPTH:   0           7 = DUSTSTORM OR SANDSTORM:
                                                       VSBY 1/2 MILE OR LESS
                                                   8 = SMOKE OR HAZE
[NO. OF DAYS WITH]      [WEATHER - DAYS WITH]      9 = BLOWING SNOW
                                                   X = TORNADO
MAX 32 OR BELOW:   0    0.01 INCH OR MORE:   7
MAX 90 OR ABOVE:  17    0.10 INCH OR MORE:   2
MIN 32 OR BELOW:   0    0.50 INCH OR MORE:   0
MIN  0 OR BELOW:   0    1.00 INCH OR MORE:   0

[HDD (BASE 65) ]
TOTAL THIS MO.     0    CLEAR  (SCALE 0-3)  15
DPTR FM NORMAL     0    PTCLDY (SCALE 4-7)   6
TOTAL FM JUL 1     0    CLOUDY (SCALE 8-10)  0
DPTR FM NORMAL     0

[CDD (BASE 65) ]
TOTAL THIS MO.   383
DPTR FM NORMAL   -13    [PRESSURE DATA]
TOTAL FM JAN 1  1947    HIGHEST SLP M ON M
DPTR FM NORMAL   247    LOWEST  SLP M ON M

[REMARKS]
