000
CXUS56 KFGZ 280900
CF6RQE
PRELIMINARY LOCAL CLIMATOLOGICAL DATA (WS FORM: F-6)

                                          STATION:   WINDOW ROCK AZ AIRPORT
                                          MONTH:     MARCH
                                          YEAR:      2015
                                          LATITUDE:   35 39 N
                                          LONGITUDE: 109  4 W

  TEMPERATURE IN F:       :PCPN:    SNOW:  WIND      :SUNSHINE: SKY     :PK WND
================================================================================
1   2   3   4   5  6A  6B    7    8   9   10  11  12  13   14  15   16   17  18
                                     12Z  AVG MX 2MIN
DY MAX MIN AVG DEP HDD CDD  WTR  SNW DPTH SPD SPD DIR MIN PSBL S-S WX    SPD DR
================================================================================

 1  51  35  43   7  22   0 0.06    M    M  6.0 23 230   M    M   9 1      32 230
 2  54  31  43   7  22   0 0.05    M    M 12.0 33 200   M    M   5 18     48 200
 3  43  28  36   0  29   0    T    M    M  8.3 23 230   M    M   7 1      29 230
 4  43  23  33  -4  32   0 0.00    M    M  6.3 17  10   M    M   1        24 350
 5  53  14  34  -3  31   0 0.00    M    M  2.8 15 360   M    M   0        20 360
 6  57  16  37   0  28   0 0.00    M    M  2.9 13  80   M    M   0        17  90
 7  61  19  40   3  25   0 0.00    M    M  2.8 13  70   M    M   0        17 230
 8  61  22  42   4  23   0 0.00    M    M   M   M   M   M    M   0         M  M
 9  59  19  39   1  26   0 0.00    M    M  5.3 17 330   M    M   1        23 320
10  64  20  42   4  23   0 0.00    M    M  2.7 12  80   M    M   0        17  80
11  65  20  43   5  22   0 0.00    M    M  2.4 14 230   M    M   0        17 240
12  57  36  47   9  18   0 0.00    M    M  5.5 18 330   M    M   7        23 320
13  63  28  46   7  19   0 0.00    M    M  5.9 21 180   M    M   5        28 180
14  63  30  47   8  18   0 0.00    M    M  0.8  7 220   M    M   3         7 230
15  68  23  46   7  19   0 0.00    M    M   M   M   M   M    M   0         M  M
16  71  22  47   8  18   0 0.00    M    M   M   M   M   M    M   0         M  M
17  70  26  48   8  17   0 0.00    M    M   M   M   M   M    M   5         M  M
18  60   M   M   M   M   M 0.00    M    M   M   M   M   M    M   8         M  M
19  58  40  49   9  16   0 0.00    M    M   M   M   M   M    M   7         M  M
20  58  30  44   4  21   0 0.00    M    M   M   M   M   M    M   2 1       M  M
21  66  24  45   5  20   0 0.00    M    M   M   M   M   M    M   2         M  M
22  68  24  46   5  19   0 0.00    M    M   M   M   M   M    M   0         M  M
23  68  32  50   9  15   0 0.00    M    M   M   M   M   M    M   0         M  M
24  67  28  48   7  17   0 0.00    M    M  6.3 20 250   M    M   0        25 230
25  62  28  45   4  20   0 0.00    M    M  9.3 24 350   M    M   0        32 330
26  69  20  45   4  20   0 0.00    M    M  4.1 18 280   M    M   0        25 360
27  74  24  49   7  16   0 0.00    M    M  4.5 18 290   M    M   0        23 270
================================================================================
SM 1653  662       556   0  0.11    M     87.9          M       62
================================================================================
AV 61.2 25.5                               5.2 FASTST   M    M   2    MAX(MPH)
                                 MISC ---->  # 33 200               # 48  200
================================================================================
NOTES:
# LAST OF SEVERAL OCCURRENCES

COLUMN 17 PEAK WIND IN M.P.H.

PRELIMINARY LOCAL CLIMATOLOGICAL DATA (WS FORM: F-6) , PAGE 2

                                          STATION:  WINDOW ROCK AZ AIRPORT
                                          MONTH:    MARCH
                                          YEAR:     2015
                                          LATITUDE:   35 39 N
                                          LONGITUDE: 109  4 W

[TEMPERATURE DATA]      [PRECIPITATION DATA]       SYMBOLS USED IN COLUMN 16

AVERAGE MONTHLY: 43.3   TOTAL FOR MONTH:   0.11    1 = FOG OR MIST
DPTR FM NORMAL:   4.5   DPTR FM NORMAL:   -0.67    2 = FOG REDUCING VISIBILITY
HIGHEST:    74 ON 27    GRTST 24HR  0.06 ON  1- 1      TO 1/4 MILE OR LESS
LOWEST:     14 ON  5                               3 = THUNDER
                        SNOW, ICE PELLETS, HAIL    4 = ICE PELLETS
                        TOTAL MONTH:    M          5 = HAIL
                        GRTST 24HR    M  ON   M    6 = FREEZING RAIN OR DRIZZLE
                        GRTST DEPTH:  M  ON   M    7 = DUSTSTORM OR SANDSTORM:
                                                       VSBY 1/2 MILE OR LESS
                                                   8 = SMOKE OR HAZE
[NO. OF DAYS WITH]      [WEATHER - DAYS WITH]      9 = BLOWING SNOW
                                                   X = TORNADO
MAX 32 OR BELOW:   0    0.01 INCH OR MORE:   2
MAX 90 OR ABOVE:   0    0.10 INCH OR MORE:   0
MIN 32 OR BELOW:  23    0.50 INCH OR MORE:   0
MIN  0 OR BELOW:   0    1.00 INCH OR MORE:   0

[HDD (BASE 65) ]
TOTAL THIS MO.   556    CLEAR  (SCALE 0-3)  19
DPTR FM NORMAL  -153    PTCLDY (SCALE 4-7)   7
TOTAL FM JUL 1  4390    CLOUDY (SCALE 8-10)  1
DPTR FM NORMAL  -951

[CDD (BASE 65) ]
TOTAL THIS MO.     0
DPTR FM NORMAL     0    [PRESSURE DATA]
TOTAL FM JAN 1     0    HIGHEST SLP M ON M
DPTR FM NORMAL     0    LOWEST  SLP 29.71 ON  2

[REMARKS]
