000
CXUS54 KLZK 231130
CF6RUE
PRELIMINARY LOCAL CLIMATOLOGICAL DATA (WS FORM: F-6)

                                          STATION:   Russellville
                                          MONTH:     AUGUST
                                          YEAR:      2017
                                          LATITUDE:   35 15 N
                                          LONGITUDE:  93  6 W

  TEMPERATURE IN F:       :PCPN:    SNOW:  WIND      :SUNSHINE: SKY     :PK WND
================================================================================
1   2   3   4   5  6A  6B    7    8   9   10  11  12  13   14  15   16   17  18
                                     12Z  AVG MX 2MIN
DY MAX MIN AVG DEP HDD CDD  WTR  SNW DPTH SPD SPD DIR MIN PSBL S-S WX    SPD DR
================================================================================

 1  78  69  74  -8   0   9 0.02    M    M  1.9  8 350   M    M   6 1      12 340
 2  83  68  76  -6   0  11    T    M    M  0.9  7 190   M    M   6 1      10 180
 3  89  67  78  -4   0  13 0.00    M    M  2.1 12 340   M    M   3 12     16 320
 4  85  69  77  -5   0  12    T    M    M  4.4 13  30   M    M   4        17  30
 5  87  70  79  -3   0  14 0.00    M    M  4.8 10  90   M    M   5        17 100
 6  81  71  76  -6   0  11 1.50    M    M  4.3 12 190   M    M   6 13     15 200
 7  82  69  76  -6   0  11 0.00    M    M  1.6  8  60   M    M   4 1      11 110
 8  86  68  77  -5   0  12 0.00    M    M  4.4 13  70   M    M   3 1      17  70
 9  88  66  77  -5   0  12 0.00    M    M  2.4  8  80   M    M   1 1      12 100
10  91  69  80  -2   0  15 0.00    M    M  0.4  7 210   M    M   3 1       9 220
11  86  72  79  -3   0  14 1.23    M    M  2.4 15  20   M    M   2 13     22 320
12  88  69  79  -3   0  14    T  0.0    0  2.7  9  70   M    M   3 12     14  50
13  76  67  72 -10   0   7 0.20  0.0    0  4.5 10  90   M    M  10 1      17  70
14  79  72  76  -6   0  11 0.22  0.0    0  1.7 13 230   M    M   8 13     18 220
15  90  72  81  -1   0  16 2.78  0.0    0  4.4 18 270   M    M   5 13     24 250
16  91  75  83   1   0  18 0.00  0.0    0  3.1 13 260   M    M   2        16 250
17  86  70  78  -4   0  13 0.78  0.0    0  5.3 21  30   M    M   4 13     28  30
18  92  69  81  -1   0  16 0.27  0.0    0  1.9 20 360   M    M   3 123    26 340
19  93  69  81  -1   0  16 0.00  0.0    0  1.7  9 270   M    M   0 1      12 270
20  96  74  85   3   0  20 0.00  0.0    0  1.3  7  80   M    M   0 1      11  80
21   M   M   M   M   M   M    M    M    M   M   M   M   M    M   M 1       M  M
22  90  73  82   1   0  17    T  0.0    0  2.9 17  10   M    M   2 13     22 350
================================================================================
SM 1817 1468         0 282  7.00     0.0  59.1          M       80
================================================================================
AV 86.5 69.9                               2.8 FASTST   M    M   4    MAX(MPH)
                                 MISC ---->  # 21  30               # 28   30
================================================================================
NOTES:
# LAST OF SEVERAL OCCURRENCES

COLUMN 17 PEAK WIND IN M.P.H.

PRELIMINARY LOCAL CLIMATOLOGICAL DATA (WS FORM: F-6) , PAGE 2

                                          STATION:  Russellville
                                          MONTH:    AUGUST
                                          YEAR:     2017
                                          LATITUDE:   35 15 N
                                          LONGITUDE:  93  6 W

[TEMPERATURE DATA]      [PRECIPITATION DATA]       SYMBOLS USED IN COLUMN 16

AVERAGE MONTHLY: 78.2   TOTAL FOR MONTH:   7.00    1 = FOG OR MIST
DPTR FM NORMAL:  -3.7   DPTR FM NORMAL:    4.94    2 = FOG REDUCING VISIBILITY
HIGHEST:    96 ON 20    GRTST 24HR  2.78 ON 15-15      TO 1/4 MILE OR LESS
LOWEST:     66 ON  9                               3 = THUNDER
                        SNOW, ICE PELLETS, HAIL    4 = ICE PELLETS
                        TOTAL MONTH:   0.0 INCH    5 = HAIL
                        GRTST 24HR     0.0         6 = FREEZING RAIN OR DRIZZLE
                        GRTST DEPTH:   0           7 = DUSTSTORM OR SANDSTORM:
                                                       VSBY 1/2 MILE OR LESS
                                                   8 = SMOKE OR HAZE
[NO. OF DAYS WITH]      [WEATHER - DAYS WITH]      9 = BLOWING SNOW
                                                   X = TORNADO
MAX 32 OR BELOW:   0    0.01 INCH OR MORE:   8
MAX 90 OR ABOVE:   7    0.10 INCH OR MORE:   7
MIN 32 OR BELOW:   0    0.50 INCH OR MORE:   4
MIN  0 OR BELOW:   0    1.00 INCH OR MORE:   3

[HDD (BASE 65) ]
TOTAL THIS MO.     0    CLEAR  (SCALE 0-3)  10
DPTR FM NORMAL     0    PTCLDY (SCALE 4-7)  10
TOTAL FM JUL 1     0    CLOUDY (SCALE 8-10)  1
DPTR FM NORMAL     0

[CDD (BASE 65) ]
TOTAL THIS MO.   282
DPTR FM NORMAL   -89    [PRESSURE DATA]
TOTAL FM JAN 1  1364    HIGHEST SLP M ON M
DPTR FM NORMAL  -121    LOWEST  SLP 29.78 ON 15

[REMARKS]
