000
CXUS54 KEWX 010910
CF6RYW
PRELIMINARY LOCAL CLIMATOLOGICAL DATA (WS FORM: F-6)

                                          STATION:   LAGO VISTA
                                          MONTH:     SEPTEMBER
                                          YEAR:      2016
                                          LATITUDE:   30 30 N
                                          LONGITUDE:  97 58 W

  TEMPERATURE IN F:       :PCPN:    SNOW:  WIND      :SUNSHINE: SKY     :PK WND
================================================================================
1   2   3   4   5  6A  6B    7    8   9   10  11  12  13   14  15   16   17  18
                                     12Z  AVG MX 2MIN
DY MAX MIN AVG DEP HDD CDD  WTR  SNW DPTH SPD SPD DIR MIN PSBL S-S WX    SPD DR
================================================================================

 1  93  75  84   M   0  19 0.00    M    0  5.1  9  20   M    M   2        17  10
 2  88  73  81   M   0  16    T    M    0  5.7 10  40   M    M   5 3       M  M
 3  90  73  82   M   0  17 0.00  0.0    0  4.2 10  80   M    M   3 1       M  M
 4  92  74  83   M   0  18 0.00  0.0    0  4.7 10 120   M    M   4 1      18 140
 5  91  73  82   M   0  17 0.00  0.0    0  7.7 12 180   M    M   6 3      21 170
 6  92  77  85   M   0  20 0.00  0.0    0  8.1 14 140   M    M   8 3      21 140
 7  93  77  85   M   0  20 0.00  0.0    0  7.7 12 180   M    M   6        20 200
 8  93  75  84   M   0  19 0.00  0.0    0  7.4 12 210   M    M   4        18 210
 9  92  75  84   M   0  19 0.00  0.0    0  7.2 12 170   M    M   2        18 170
10  91  69  80   M   0  15 0.00  0.0    0  7.3 14  30   M    M   2        23  30
11  90  68  79   M   0  14 0.00  0.0    0  4.2  9  30   M    M   2         M  M
12  92  73  83   M   0  18 0.00  0.0    0  3.5 10 140   M    M   1         M  M
13  91  74  83   M   0  18 0.12  0.0    0  3.9  7 100   M    M   6 1       M  M
14  91  73  82   M   0  17 0.06  0.0    0  2.8  8  70   M    M   4         M  M
15  93  74  84   M   0  19 0.00  0.0    0  2.6  8 100   M    M   2         M  M
16  93  75  84   M   0  19 0.00  0.0    0  3.1  6 150   M    M   2         M  M
17  94  74  84   M   0  19 0.00    M    0  3.2  9 140   M    M   2         M  M
18  96  76  86   M   0  21 0.00    M    0  4.1  9 210   M    M   0         M  M
19  96  77  87   M   0  22 0.00    M    0  5.2 10 240   M    M   1         M  M
20  96  77  87   M   0  22 0.00    M    0  4.1  9 260   M    M   1         M  M
21  93  75  84   M   0  19 0.00    M    0  3.7  7  90   M    M   3         M  M
22  94  73  84   M   0  19 0.00  0.0    0  4.5 10 100   M    M   3         M  M
23  91  76  84   M   0  19 0.00  0.0    0  7.2 10 130   M    M   6        20 110
24  91  76  84   M   0  19 0.03  0.0    0  7.8 13 180   M    M   7 3      17 180
25  85  70  78   M   0  13 1.65  0.0    0  5.4 13 320   M    M   9 13     20 320
26  72  65  69   M   0   4 0.13  0.0    0  8.1 14  20   M    M  10 1      21  30
27  76  65  71   M   0   6 0.00  0.0    0  5.8  9  20   M    M   8         M  M
28  87  65  76   M   0  11 0.00  0.0    0  4.2  8 270   M    M   0         M  M
29  82  62  72   M   0   7 0.00  0.0    0  7.7 16  30   M    M   0        21  30
30  80  58  69   M   0   4 0.00  0.0    0  4.8  8  10   M    M   0         M  M
================================================================================
SM 2698 2167         0 490  1.99     0.0 161.0          M      109
================================================================================
AV 89.9 72.2                               5.4 FASTST   M    M   4    MAX(MPH)
                                 MISC ---->    16   M               # 23   30
================================================================================
NOTES:
# LAST OF SEVERAL OCCURRENCES

COLUMN 17 PEAK WIND IN M.P.H.

PRELIMINARY LOCAL CLIMATOLOGICAL DATA (WS FORM: F-6) , PAGE 2

                                          STATION:  LAGO VISTA
                                          MONTH:    SEPTEMBER
                                          YEAR:     2016
                                          LATITUDE:   30 30 N
                                          LONGITUDE:  97 58 W

[TEMPERATURE DATA]      [PRECIPITATION DATA]       SYMBOLS USED IN COLUMN 16

AVERAGE MONTHLY: 81.1   TOTAL FOR MONTH:   1.99    1 = FOG OR MIST
DPTR FM NORMAL:     M   DPTR FM NORMAL:       M    2 = FOG REDUCING VISIBILITY
HIGHEST:    96 ON 20,19 GRTST 24HR  1.65 ON 25-25      TO 1/4 MILE OR LESS
LOWEST:     58 ON 30                               3 = THUNDER
                        SNOW, ICE PELLETS, HAIL    4 = ICE PELLETS
                        TOTAL MONTH:   0.0 INCH    5 = HAIL
                        GRTST 24HR     0.0         6 = FREEZING RAIN OR DRIZZLE
                        GRTST DEPTH:   0           7 = DUSTSTORM OR SANDSTORM:
                                                       VSBY 1/2 MILE OR LESS
                                                   8 = SMOKE OR HAZE
[NO. OF DAYS WITH]      [WEATHER - DAYS WITH]      9 = BLOWING SNOW
                                                   X = TORNADO
MAX 32 OR BELOW:   0    0.01 INCH OR MORE:   5
MAX 90 OR ABOVE:  23    0.10 INCH OR MORE:   3
MIN 32 OR BELOW:   0    0.50 INCH OR MORE:   1
MIN  0 OR BELOW:   0    1.00 INCH OR MORE:   1

[HDD (BASE 65) ]
TOTAL THIS MO.     0    CLEAR  (SCALE 0-3)  15
DPTR FM NORMAL     M    PTCLDY (SCALE 4-7)  13
TOTAL FM JUL 1     0    CLOUDY (SCALE 8-10)  2
DPTR FM NORMAL     M

[CDD (BASE 65) ]
TOTAL THIS MO.   490
DPTR FM NORMAL     M    [PRESSURE DATA]
TOTAL FM JAN 1  2840    HIGHEST SLP M ON M
DPTR FM NORMAL     M    LOWEST  SLP M ON M

[REMARKS]
#FINAL-09-16#
