000
CXUS55 KTWC 280855
CF6SAD
PRELIMINARY LOCAL CLIMATOLOGICAL DATA (WS FORM: F-6)

                                          STATION:   SAFFORD AZ AIRPORT
                                          MONTH:     MARCH
                                          YEAR:      2015
                                          LATITUDE:   32 50 N
                                          LONGITUDE: 109 38 W

  TEMPERATURE IN F:       :PCPN:    SNOW:  WIND      :SUNSHINE: SKY     :PK WND
================================================================================
1   2   3   4   5  6A  6B    7    8   9   10  11  12  13   14  15   16   17  18
                                     12Z  AVG MX 2MIN
DY MAX MIN AVG DEP HDD CDD  WTR  SNW DPTH SPD SPD DIR MIN PSBL S-S WX    SPD DR
================================================================================

 1  76  46  61   7   4   0 0.00  0.0    0  8.6 23 180   M    M   1        30 180
 2  71  46  59   5   6   0 0.04    M    0 15.5 30 320   M    M   4        38 330
 3  63  40  52  -2  13   0 0.00  0.0    0  6.2 20 320   M    M   2        23 320
 4  64  36  50  -4  15   0 0.00  0.0    0  9.0 24 290   M    M   1        34 300
 5  64  33  49  -6  16   0 0.00  0.0    0  9.2 17 140   M    M   0        21 160
 6  71  38  55   0  10   0 0.00  0.0    0 12.1 26 150   M    M   0        32 140
 7  72  46  59   4   6   0 0.00  0.0    0  8.0 18 130   M    M   0        21 130
 8  77  41  59   4   6   0 0.00  0.0    0  7.5 29 350   M    M   0        35 350
 9  78  45  62   7   3   0    T    M    0  5.7 26  10   M    M   2        45  10
10  77  37  57   1   8   0 0.00  0.0    0  2.9 14 260   M    M   0        18 250
11  78  45  62   6   3   0 0.00  0.0    0  8.3 17 140   M    M   0        21 130
12  75  55  65   9   0   0 0.00  0.0    0  8.6 17 170   M    M   2        23 140
13  77  46  62   6   3   0 0.02    M    0  5.8 26  60   M    M   1        36  60
14  77  48  63   7   2   0 0.00  0.0    0  9.8 23 130   M    M   2        32 140
15  77  46  62   6   3   0 0.00  0.0    0 12.6 28 140   M    M   0        41 160
16  79  51  65   8   0   0 0.00  0.0    0 10.8 21 130   M    M   0        27 130
17  80  55  68  11   0   3 0.07  0.0    0  7.3 16 110   M    M   6        20 240
18  69  54  62   5   3   0 0.11  0.0    0  6.8 16 270   M    M   M 1      22 270
19  70  51  61   4   4   0 0.02  0.0    0  6.2 21 270   M    M   M 1      25 270
20  74  44  59   1   6   0 0.00  0.0    0  4.8 17 270   M    M   M        21 280
21  78  45  62   4   3   0 0.00  0.0    0  7.5 23 310   M    M   M        28 310
22  82  47  65   7   0   0 0.00  0.0    0  7.8 20 300   M    M   M        34 290
23  83  45  64   6   1   0 0.00  0.0    0  7.3 23 310   M    M   0        30 300
24  81  40  61   3   4   0 0.00  0.0    0  6.3 15 310   M    M   0        20 310
25  81  44  63   5   2   0 0.00  0.0    0 10.0 25 290   M    M   0        35 280
26  78  47  63   4   2   0 0.00  0.0    0  7.0 18  80   M    M   0        23  90
27  87  40  64   5   1   0 0.00  0.0    0  5.0 14 110   M    M   0        17 100
================================================================================
SM 2039 1211       124   3  0.26     0.0 216.6          M       21
================================================================================
AV 75.5 44.9                               8.0 FASTST   M    M   1    MAX(MPH)
                                 MISC ---->  # 30 320               # 45   10
================================================================================
NOTES:
# LAST OF SEVERAL OCCURRENCES

COLUMN 17 PEAK WIND IN M.P.H.

PRELIMINARY LOCAL CLIMATOLOGICAL DATA (WS FORM: F-6) , PAGE 2

                                          STATION:  SAFFORD AZ AIRPORT
                                          MONTH:    MARCH
                                          YEAR:     2015
                                          LATITUDE:   32 50 N
                                          LONGITUDE: 109 38 W

[TEMPERATURE DATA]      [PRECIPITATION DATA]       SYMBOLS USED IN COLUMN 16

AVERAGE MONTHLY: 60.2   TOTAL FOR MONTH:   0.26    1 = FOG OR MIST
DPTR FM NORMAL:   3.9   DPTR FM NORMAL:   -0.37    2 = FOG REDUCING VISIBILITY
HIGHEST:    87 ON 27    GRTST 24HR  0.11 ON 18-18      TO 1/4 MILE OR LESS
LOWEST:     33 ON  5                               3 = THUNDER
                        SNOW, ICE PELLETS, HAIL    4 = ICE PELLETS
                        TOTAL MONTH:   0.0 INCH    5 = HAIL
                        GRTST 24HR     0.0         6 = FREEZING RAIN OR DRIZZLE
                        GRTST DEPTH:   0           7 = DUSTSTORM OR SANDSTORM:
                                                       VSBY 1/2 MILE OR LESS
                                                   8 = SMOKE OR HAZE
[NO. OF DAYS WITH]      [WEATHER - DAYS WITH]      9 = BLOWING SNOW
                                                   X = TORNADO
MAX 32 OR BELOW:   0    0.01 INCH OR MORE:   5
MAX 90 OR ABOVE:   0    0.10 INCH OR MORE:   1
MIN 32 OR BELOW:   0    0.50 INCH OR MORE:   0
MIN  0 OR BELOW:   0    1.00 INCH OR MORE:   0

[HDD (BASE 65) ]
TOTAL THIS MO.   124    CLEAR  (SCALE 0-3)  20
DPTR FM NORMAL  -115    PTCLDY (SCALE 4-7)   2
TOTAL FM JUL 1  1658    CLOUDY (SCALE 8-10)  0
DPTR FM NORMAL  -482

[CDD (BASE 65) ]
TOTAL THIS MO.     3
DPTR FM NORMAL     3    [PRESSURE DATA]
TOTAL FM JAN 1     3    HIGHEST SLP M ON M
DPTR FM NORMAL     3    LOWEST  SLP 29.77 ON  3

[REMARKS]
